--
-- Host: 127.0.0.1    Database: ninico
-- ------------------------------------------------------


--
-- Table structure for table `activations`
--

CREATE TABLE `activations` (
  `id` bigint unsigned NOT NULL AUTO_INCREMENT,
  `user_id` bigint unsigned NOT NULL,
  `code` varchar(120) COLLATE utf8mb4_unicode_ci NOT NULL,
  `completed` tinyint(1) NOT NULL DEFAULT '0',
  `completed_at` timestamp NULL DEFAULT NULL,
  `created_at` timestamp NULL DEFAULT NULL,
  `updated_at` timestamp NULL DEFAULT NULL,
  PRIMARY KEY (`id`),
  KEY `activations_user_id_index` (`user_id`)
) ENGINE=InnoDB AUTO_INCREMENT=2 DEFAULT CHARSET=utf8mb4 COLLATE=utf8mb4_unicode_ci;

--
-- Dumping data for table `activations`
--

INSERT INTO `activations` VALUES (1,1,'H5IV1hEPoQQS4weLJ1UQye5SSkZDqdXJ',1,'2025-11-18 21:22:33','2025-11-18 21:22:33','2025-11-18 21:22:33');

--
-- Table structure for table `admin_notifications`
--

CREATE TABLE `admin_notifications` (
  `id` bigint unsigned NOT NULL AUTO_INCREMENT,
  `title` varchar(191) COLLATE utf8mb4_unicode_ci NOT NULL,
  `action_label` varchar(191) COLLATE utf8mb4_unicode_ci DEFAULT NULL,
  `action_url` varchar(191) COLLATE utf8mb4_unicode_ci DEFAULT NULL,
  `description` varchar(400) COLLATE utf8mb4_unicode_ci DEFAULT NULL,
  `read_at` timestamp NULL DEFAULT NULL,
  `created_at` timestamp NULL DEFAULT NULL,
  `updated_at` timestamp NULL DEFAULT NULL,
  `permission` varchar(191) COLLATE utf8mb4_unicode_ci DEFAULT NULL,
  PRIMARY KEY (`id`)
) ENGINE=InnoDB DEFAULT CHARSET=utf8mb4 COLLATE=utf8mb4_unicode_ci;

--
-- Dumping data for table `admin_notifications`
--


--
-- Table structure for table `ads_translations`
--

CREATE TABLE `ads_translations` (
  `lang_code` varchar(191) COLLATE utf8mb4_unicode_ci NOT NULL,
  `ads_id` bigint unsigned NOT NULL,
  `name` varchar(191) COLLATE utf8mb4_unicode_ci DEFAULT NULL,
  `image` varchar(191) COLLATE utf8mb4_unicode_ci DEFAULT NULL,
  `url` varchar(191) COLLATE utf8mb4_unicode_ci DEFAULT NULL,
  `tablet_image` varchar(191) COLLATE utf8mb4_unicode_ci DEFAULT NULL,
  `mobile_image` varchar(191) COLLATE utf8mb4_unicode_ci DEFAULT NULL,
  PRIMARY KEY (`lang_code`,`ads_id`)
) ENGINE=InnoDB DEFAULT CHARSET=utf8mb4 COLLATE=utf8mb4_unicode_ci;

--
-- Dumping data for table `ads_translations`
--


--
-- Table structure for table `announcements`
--

CREATE TABLE `announcements` (
  `id` bigint unsigned NOT NULL AUTO_INCREMENT,
  `name` varchar(191) COLLATE utf8mb4_unicode_ci NOT NULL,
  `content` text COLLATE utf8mb4_unicode_ci NOT NULL,
  `has_action` tinyint(1) NOT NULL DEFAULT '0',
  `action_label` varchar(60) COLLATE utf8mb4_unicode_ci DEFAULT NULL,
  `action_url` varchar(400) COLLATE utf8mb4_unicode_ci DEFAULT NULL,
  `action_open_new_tab` tinyint(1) NOT NULL DEFAULT '0',
  `dismissible` tinyint(1) NOT NULL DEFAULT '0',
  `start_date` datetime DEFAULT NULL,
  `end_date` datetime DEFAULT NULL,
  `is_active` tinyint(1) NOT NULL DEFAULT '1',
  `created_at` timestamp NULL DEFAULT NULL,
  `updated_at` timestamp NULL DEFAULT NULL,
  PRIMARY KEY (`id`)
) ENGINE=InnoDB AUTO_INCREMENT=4 DEFAULT CHARSET=utf8mb4 COLLATE=utf8mb4_unicode_ci;

--
-- Dumping data for table `announcements`
--

INSERT INTO `announcements` VALUES (1,'Announcement 1','<strong>Welcome to our international shop! Enjoy free shipping on orders $100 & up</strong>',1,'Shop now','/',0,1,'2025-11-19 04:23:06',NULL,1,'2025-11-18 21:23:06','2025-11-18 21:23:06'),(2,'Announcement 2','<strong>Trendy 25 silver jewelry, save up 35% off today</strong>',1,'Shop now','/',0,1,'2025-11-19 04:23:06',NULL,1,'2025-11-18 21:23:06','2025-11-18 21:23:06'),(3,'Announcement 3','<strong>Black Friday and Cyber Monday 2023 Deals for Motion Designers, grab it now!</strong>',1,'Shop now','/',0,1,'2025-11-19 04:23:06',NULL,1,'2025-11-18 21:23:06','2025-11-18 21:23:06');

--
-- Table structure for table `announcements_translations`
--

CREATE TABLE `announcements_translations` (
  `lang_code` varchar(191) COLLATE utf8mb4_unicode_ci NOT NULL,
  `announcements_id` bigint unsigned NOT NULL,
  `content` text COLLATE utf8mb4_unicode_ci,
  `action_label` varchar(60) COLLATE utf8mb4_unicode_ci DEFAULT NULL,
  PRIMARY KEY (`lang_code`,`announcements_id`)
) ENGINE=InnoDB DEFAULT CHARSET=utf8mb4 COLLATE=utf8mb4_unicode_ci;

--
-- Dumping data for table `announcements_translations`
--


--
-- Table structure for table `audit_histories`
--

CREATE TABLE `audit_histories` (
  `id` bigint unsigned NOT NULL AUTO_INCREMENT,
  `user_id` bigint unsigned NOT NULL,
  `user_type` varchar(191) COLLATE utf8mb4_unicode_ci DEFAULT 'Botble\\ACL\\Models\\User',
  `module` varchar(60) COLLATE utf8mb4_unicode_ci NOT NULL,
  `request` longtext COLLATE utf8mb4_unicode_ci,
  `action` varchar(120) COLLATE utf8mb4_unicode_ci NOT NULL,
  `user_agent` text COLLATE utf8mb4_unicode_ci,
  `ip_address` varchar(45) COLLATE utf8mb4_unicode_ci DEFAULT NULL,
  `actor_id` bigint unsigned NOT NULL,
  `actor_type` varchar(191) COLLATE utf8mb4_unicode_ci DEFAULT 'Botble\\ACL\\Models\\User',
  `reference_id` bigint unsigned NOT NULL,
  `reference_name` varchar(191) COLLATE utf8mb4_unicode_ci NOT NULL,
  `type` varchar(20) COLLATE utf8mb4_unicode_ci NOT NULL,
  `created_at` timestamp NULL DEFAULT NULL,
  `updated_at` timestamp NULL DEFAULT NULL,
  PRIMARY KEY (`id`),
  KEY `audit_histories_user_id_index` (`user_id`),
  KEY `audit_histories_module_index` (`module`)
) ENGINE=InnoDB DEFAULT CHARSET=utf8mb4 COLLATE=utf8mb4_unicode_ci;

--
-- Dumping data for table `audit_histories`
--


--
-- Table structure for table `categories`
--

CREATE TABLE `categories` (
  `id` bigint unsigned NOT NULL AUTO_INCREMENT,
  `name` varchar(120) COLLATE utf8mb4_unicode_ci NOT NULL,
  `parent_id` bigint unsigned NOT NULL DEFAULT '0',
  `description` varchar(400) COLLATE utf8mb4_unicode_ci DEFAULT NULL,
  `status` varchar(60) COLLATE utf8mb4_unicode_ci NOT NULL DEFAULT 'published',
  `author_id` bigint unsigned DEFAULT NULL,
  `author_type` varchar(191) COLLATE utf8mb4_unicode_ci NOT NULL DEFAULT 'Botble\\ACL\\Models\\User',
  `icon` varchar(60) COLLATE utf8mb4_unicode_ci DEFAULT NULL,
  `order` int unsigned NOT NULL DEFAULT '0',
  `is_featured` tinyint NOT NULL DEFAULT '0',
  `is_default` tinyint unsigned NOT NULL DEFAULT '0',
  `created_at` timestamp NULL DEFAULT NULL,
  `updated_at` timestamp NULL DEFAULT NULL,
  PRIMARY KEY (`id`),
  KEY `categories_parent_id_index` (`parent_id`),
  KEY `categories_status_index` (`status`),
  KEY `categories_created_at_index` (`created_at`)
) ENGINE=InnoDB AUTO_INCREMENT=5 DEFAULT CHARSET=utf8mb4 COLLATE=utf8mb4_unicode_ci;

--
-- Dumping data for table `categories`
--

INSERT INTO `categories` VALUES (1,'Ecommerce',0,'Saepe consectetur occaecati neque aut in repudiandae. Ipsa neque aut qui quod veritatis voluptatem eum.','published',1,'Botble\\ACL\\Models\\User',NULL,0,0,0,'2025-11-18 21:22:36','2025-11-18 21:22:36'),(2,'Fashion',0,'Reiciendis veniam qui sunt commodi. Ea laudantium totam non esse nesciunt fugit quasi. Vel rerum dolor debitis quam debitis quod laudantium. Placeat qui odit velit in.','published',1,'Botble\\ACL\\Models\\User',NULL,0,1,0,'2025-11-18 21:22:36','2025-11-18 21:22:36'),(3,'Electronic',0,'Officia aspernatur officiis omnis fugiat eum. Illum rem amet fugiat. Qui est est quibusdam molestiae quam. Quam laudantium minus possimus delectus.','published',1,'Botble\\ACL\\Models\\User',NULL,0,1,0,'2025-11-18 21:22:36','2025-11-18 21:22:36'),(4,'Commercial',0,'Qui aperiam voluptas tempore excepturi sunt architecto. Qui vel ut eaque error ducimus commodi ea. Recusandae amet dicta laborum tempora illo. Ex aspernatur voluptatibus ea ex.','published',1,'Botble\\ACL\\Models\\User',NULL,0,1,0,'2025-11-18 21:22:36','2025-11-18 21:22:36');

--
-- Table structure for table `categories_translations`
--

CREATE TABLE `categories_translations` (
  `lang_code` varchar(20) COLLATE utf8mb4_unicode_ci NOT NULL,
  `categories_id` bigint unsigned NOT NULL,
  `name` varchar(191) COLLATE utf8mb4_unicode_ci DEFAULT NULL,
  `description` varchar(400) COLLATE utf8mb4_unicode_ci DEFAULT NULL,
  PRIMARY KEY (`lang_code`,`categories_id`)
) ENGINE=InnoDB DEFAULT CHARSET=utf8mb4 COLLATE=utf8mb4_unicode_ci;

--
-- Dumping data for table `categories_translations`
--


--
-- Table structure for table `cities`
--

CREATE TABLE `cities` (
  `id` bigint unsigned NOT NULL AUTO_INCREMENT,
  `name` varchar(120) COLLATE utf8mb4_unicode_ci NOT NULL,
  `slug` varchar(120) COLLATE utf8mb4_unicode_ci DEFAULT NULL,
  `state_id` bigint unsigned DEFAULT NULL,
  `country_id` bigint unsigned DEFAULT NULL,
  `record_id` varchar(40) COLLATE utf8mb4_unicode_ci DEFAULT NULL,
  `order` tinyint NOT NULL DEFAULT '0',
  `image` varchar(191) COLLATE utf8mb4_unicode_ci DEFAULT NULL,
  `is_default` tinyint unsigned NOT NULL DEFAULT '0',
  `status` varchar(60) COLLATE utf8mb4_unicode_ci NOT NULL DEFAULT 'published',
  `created_at` timestamp NULL DEFAULT NULL,
  `updated_at` timestamp NULL DEFAULT NULL,
  `zip_code` varchar(20) COLLATE utf8mb4_unicode_ci DEFAULT NULL,
  PRIMARY KEY (`id`),
  UNIQUE KEY `cities_slug_unique` (`slug`),
  KEY `idx_cities_name` (`name`),
  KEY `idx_cities_state_status` (`state_id`,`status`),
  KEY `idx_cities_status` (`status`),
  KEY `idx_cities_state_id` (`state_id`)
) ENGINE=InnoDB DEFAULT CHARSET=utf8mb4 COLLATE=utf8mb4_unicode_ci;

--
-- Dumping data for table `cities`
--


--
-- Table structure for table `cities_translations`
--

CREATE TABLE `cities_translations` (
  `lang_code` varchar(20) COLLATE utf8mb4_unicode_ci NOT NULL,
  `cities_id` bigint unsigned NOT NULL,
  `name` varchar(120) COLLATE utf8mb4_unicode_ci DEFAULT NULL,
  `slug` varchar(120) COLLATE utf8mb4_unicode_ci DEFAULT NULL,
  PRIMARY KEY (`lang_code`,`cities_id`),
  KEY `idx_cities_trans_city_lang` (`cities_id`,`lang_code`),
  KEY `idx_cities_trans_name` (`name`),
  KEY `idx_cities_trans_cities_id` (`cities_id`)
) ENGINE=InnoDB DEFAULT CHARSET=utf8mb4 COLLATE=utf8mb4_unicode_ci;

--
-- Dumping data for table `cities_translations`
--


--
-- Table structure for table `contact_custom_field_options`
--

CREATE TABLE `contact_custom_field_options` (
  `id` bigint unsigned NOT NULL AUTO_INCREMENT,
  `custom_field_id` bigint unsigned NOT NULL,
  `label` varchar(191) COLLATE utf8mb4_unicode_ci DEFAULT NULL,
  `value` varchar(191) COLLATE utf8mb4_unicode_ci NOT NULL,
  `order` int NOT NULL DEFAULT '999',
  `created_at` timestamp NULL DEFAULT NULL,
  `updated_at` timestamp NULL DEFAULT NULL,
  PRIMARY KEY (`id`)
) ENGINE=InnoDB DEFAULT CHARSET=utf8mb4 COLLATE=utf8mb4_unicode_ci;

--
-- Dumping data for table `contact_custom_field_options`
--


--
-- Table structure for table `contact_custom_field_options_translations`
--

CREATE TABLE `contact_custom_field_options_translations` (
  `contact_custom_field_options_id` bigint unsigned NOT NULL,
  `lang_code` varchar(191) COLLATE utf8mb4_unicode_ci NOT NULL,
  `label` varchar(191) COLLATE utf8mb4_unicode_ci DEFAULT NULL,
  `value` varchar(191) COLLATE utf8mb4_unicode_ci DEFAULT NULL,
  PRIMARY KEY (`lang_code`,`contact_custom_field_options_id`)
) ENGINE=InnoDB DEFAULT CHARSET=utf8mb4 COLLATE=utf8mb4_unicode_ci;

--
-- Dumping data for table `contact_custom_field_options_translations`
--


--
-- Table structure for table `contact_custom_fields`
--

CREATE TABLE `contact_custom_fields` (
  `id` bigint unsigned NOT NULL AUTO_INCREMENT,
  `type` varchar(191) COLLATE utf8mb4_unicode_ci NOT NULL,
  `required` tinyint(1) NOT NULL DEFAULT '0',
  `name` varchar(191) COLLATE utf8mb4_unicode_ci NOT NULL,
  `placeholder` varchar(191) COLLATE utf8mb4_unicode_ci DEFAULT NULL,
  `order` int NOT NULL DEFAULT '999',
  `status` varchar(191) COLLATE utf8mb4_unicode_ci NOT NULL DEFAULT 'published',
  `created_at` timestamp NULL DEFAULT NULL,
  `updated_at` timestamp NULL DEFAULT NULL,
  PRIMARY KEY (`id`)
) ENGINE=InnoDB DEFAULT CHARSET=utf8mb4 COLLATE=utf8mb4_unicode_ci;

--
-- Dumping data for table `contact_custom_fields`
--


--
-- Table structure for table `contact_custom_fields_translations`
--

CREATE TABLE `contact_custom_fields_translations` (
  `contact_custom_fields_id` bigint unsigned NOT NULL,
  `lang_code` varchar(191) COLLATE utf8mb4_unicode_ci NOT NULL,
  `name` varchar(191) COLLATE utf8mb4_unicode_ci DEFAULT NULL,
  `placeholder` varchar(191) COLLATE utf8mb4_unicode_ci DEFAULT NULL,
  PRIMARY KEY (`lang_code`,`contact_custom_fields_id`)
) ENGINE=InnoDB DEFAULT CHARSET=utf8mb4 COLLATE=utf8mb4_unicode_ci;

--
-- Dumping data for table `contact_custom_fields_translations`
--


--
-- Table structure for table `contact_replies`
--

CREATE TABLE `contact_replies` (
  `id` bigint unsigned NOT NULL AUTO_INCREMENT,
  `message` longtext COLLATE utf8mb4_unicode_ci NOT NULL,
  `contact_id` bigint unsigned NOT NULL,
  `created_at` timestamp NULL DEFAULT NULL,
  `updated_at` timestamp NULL DEFAULT NULL,
  PRIMARY KEY (`id`)
) ENGINE=InnoDB DEFAULT CHARSET=utf8mb4 COLLATE=utf8mb4_unicode_ci;

--
-- Dumping data for table `contact_replies`
--


--
-- Table structure for table `contacts`
--

CREATE TABLE `contacts` (
  `id` bigint unsigned NOT NULL AUTO_INCREMENT,
  `name` varchar(60) COLLATE utf8mb4_unicode_ci NOT NULL,
  `email` varchar(60) COLLATE utf8mb4_unicode_ci DEFAULT NULL,
  `phone` varchar(60) COLLATE utf8mb4_unicode_ci DEFAULT NULL,
  `address` varchar(120) COLLATE utf8mb4_unicode_ci DEFAULT NULL,
  `subject` varchar(120) COLLATE utf8mb4_unicode_ci DEFAULT NULL,
  `content` longtext COLLATE utf8mb4_unicode_ci NOT NULL,
  `custom_fields` text COLLATE utf8mb4_unicode_ci,
  `status` varchar(60) COLLATE utf8mb4_unicode_ci NOT NULL DEFAULT 'unread',
  `created_at` timestamp NULL DEFAULT NULL,
  `updated_at` timestamp NULL DEFAULT NULL,
  PRIMARY KEY (`id`)
) ENGINE=InnoDB DEFAULT CHARSET=utf8mb4 COLLATE=utf8mb4_unicode_ci;

--
-- Dumping data for table `contacts`
--


--
-- Table structure for table `countries`
--

CREATE TABLE `countries` (
  `id` bigint unsigned NOT NULL AUTO_INCREMENT,
  `name` varchar(120) COLLATE utf8mb4_unicode_ci NOT NULL,
  `nationality` varchar(120) COLLATE utf8mb4_unicode_ci DEFAULT NULL,
  `order` tinyint NOT NULL DEFAULT '0',
  `image` varchar(191) COLLATE utf8mb4_unicode_ci DEFAULT NULL,
  `is_default` tinyint unsigned NOT NULL DEFAULT '0',
  `status` varchar(60) COLLATE utf8mb4_unicode_ci NOT NULL DEFAULT 'published',
  `created_at` timestamp NULL DEFAULT NULL,
  `updated_at` timestamp NULL DEFAULT NULL,
  `code` varchar(10) COLLATE utf8mb4_unicode_ci DEFAULT NULL,
  PRIMARY KEY (`id`),
  KEY `idx_countries_name` (`name`),
  KEY `idx_countries_status` (`status`)
) ENGINE=InnoDB DEFAULT CHARSET=utf8mb4 COLLATE=utf8mb4_unicode_ci;

--
-- Dumping data for table `countries`
--


--
-- Table structure for table `countries_translations`
--

CREATE TABLE `countries_translations` (
  `lang_code` varchar(20) COLLATE utf8mb4_unicode_ci NOT NULL,
  `countries_id` bigint unsigned NOT NULL,
  `name` varchar(120) COLLATE utf8mb4_unicode_ci DEFAULT NULL,
  `nationality` varchar(120) COLLATE utf8mb4_unicode_ci DEFAULT NULL,
  PRIMARY KEY (`lang_code`,`countries_id`),
  KEY `idx_countries_trans_country_lang` (`countries_id`,`lang_code`),
  KEY `idx_countries_trans_name` (`name`),
  KEY `idx_countries_trans_countries_id` (`countries_id`)
) ENGINE=InnoDB DEFAULT CHARSET=utf8mb4 COLLATE=utf8mb4_unicode_ci;

--
-- Dumping data for table `countries_translations`
--


--
-- Table structure for table `dashboard_widget_settings`
--

CREATE TABLE `dashboard_widget_settings` (
  `id` bigint unsigned NOT NULL AUTO_INCREMENT,
  `settings` text COLLATE utf8mb4_unicode_ci,
  `user_id` bigint unsigned NOT NULL,
  `widget_id` bigint unsigned NOT NULL,
  `order` tinyint unsigned NOT NULL DEFAULT '0',
  `status` tinyint unsigned NOT NULL DEFAULT '1',
  `created_at` timestamp NULL DEFAULT NULL,
  `updated_at` timestamp NULL DEFAULT NULL,
  PRIMARY KEY (`id`),
  KEY `dashboard_widget_settings_user_id_index` (`user_id`),
  KEY `dashboard_widget_settings_widget_id_index` (`widget_id`)
) ENGINE=InnoDB DEFAULT CHARSET=utf8mb4 COLLATE=utf8mb4_unicode_ci;

--
-- Dumping data for table `dashboard_widget_settings`
--


--
-- Table structure for table `dashboard_widgets`
--

CREATE TABLE `dashboard_widgets` (
  `id` bigint unsigned NOT NULL AUTO_INCREMENT,
  `name` varchar(120) COLLATE utf8mb4_unicode_ci NOT NULL,
  `created_at` timestamp NULL DEFAULT NULL,
  `updated_at` timestamp NULL DEFAULT NULL,
  PRIMARY KEY (`id`)
) ENGINE=InnoDB DEFAULT CHARSET=utf8mb4 COLLATE=utf8mb4_unicode_ci;

--
-- Dumping data for table `dashboard_widgets`
--


--
-- Table structure for table `ec_brands`
--

CREATE TABLE `ec_brands` (
  `id` bigint unsigned NOT NULL AUTO_INCREMENT,
  `name` varchar(191) COLLATE utf8mb4_unicode_ci NOT NULL,
  `description` mediumtext COLLATE utf8mb4_unicode_ci,
  `website` varchar(191) COLLATE utf8mb4_unicode_ci DEFAULT NULL,
  `logo` varchar(191) COLLATE utf8mb4_unicode_ci DEFAULT NULL,
  `status` varchar(60) COLLATE utf8mb4_unicode_ci NOT NULL DEFAULT 'published',
  `order` tinyint unsigned NOT NULL DEFAULT '0',
  `is_featured` tinyint unsigned NOT NULL DEFAULT '0',
  `created_at` timestamp NULL DEFAULT NULL,
  `updated_at` timestamp NULL DEFAULT NULL,
  PRIMARY KEY (`id`)
) ENGINE=InnoDB AUTO_INCREMENT=7 DEFAULT CHARSET=utf8mb4 COLLATE=utf8mb4_unicode_ci;

--
-- Dumping data for table `ec_brands`
--

INSERT INTO `ec_brands` VALUES (1,'Fashion live',NULL,NULL,'brands/brand-01.png','published',0,0,'2025-11-18 21:22:42','2025-11-18 21:22:42'),(2,'Hand crafted',NULL,NULL,'brands/brand-02.png','published',1,1,'2025-11-18 21:22:42','2025-11-18 21:22:42'),(3,'Mestonix',NULL,NULL,'brands/brand-03.png','published',2,1,'2025-11-18 21:22:42','2025-11-18 21:22:42'),(4,'Sunshine',NULL,NULL,'brands/brand-04.png','published',3,0,'2025-11-18 21:22:42','2025-11-18 21:22:42'),(5,'Pure',NULL,NULL,'brands/brand-05.png','published',4,1,'2025-11-18 21:22:42','2025-11-18 21:22:42'),(6,'Anfold',NULL,NULL,'brands/brand-06.png','published',5,0,'2025-11-18 21:22:42','2025-11-18 21:22:42');

--
-- Table structure for table `ec_brands_translations`
--

CREATE TABLE `ec_brands_translations` (
  `lang_code` varchar(191) COLLATE utf8mb4_unicode_ci NOT NULL,
  `ec_brands_id` bigint unsigned NOT NULL,
  `name` varchar(191) COLLATE utf8mb4_unicode_ci DEFAULT NULL,
  `description` mediumtext COLLATE utf8mb4_unicode_ci,
  PRIMARY KEY (`lang_code`,`ec_brands_id`)
) ENGINE=InnoDB DEFAULT CHARSET=utf8mb4 COLLATE=utf8mb4_unicode_ci;

--
-- Dumping data for table `ec_brands_translations`
--


--
-- Table structure for table `ec_cart`
--

CREATE TABLE `ec_cart` (
  `identifier` varchar(60) COLLATE utf8mb4_unicode_ci NOT NULL,
  `instance` varchar(60) COLLATE utf8mb4_unicode_ci NOT NULL,
  `content` longtext COLLATE utf8mb4_unicode_ci NOT NULL,
  `created_at` timestamp NULL DEFAULT NULL,
  `updated_at` timestamp NULL DEFAULT NULL,
  PRIMARY KEY (`identifier`,`instance`)
) ENGINE=InnoDB DEFAULT CHARSET=utf8mb4 COLLATE=utf8mb4_unicode_ci;

--
-- Dumping data for table `ec_cart`
--


--
-- Table structure for table `ec_currencies`
--

CREATE TABLE `ec_currencies` (
  `id` bigint unsigned NOT NULL AUTO_INCREMENT,
  `title` varchar(191) COLLATE utf8mb4_unicode_ci NOT NULL,
  `symbol` varchar(10) COLLATE utf8mb4_unicode_ci NOT NULL,
  `is_prefix_symbol` tinyint unsigned NOT NULL DEFAULT '0',
  `decimals` tinyint unsigned DEFAULT '0',
  `number_format_style` varchar(50) COLLATE utf8mb4_unicode_ci NOT NULL DEFAULT 'western',
  `space_between_price_and_currency` tinyint(1) NOT NULL DEFAULT '0',
  `order` int unsigned DEFAULT '0',
  `is_default` tinyint NOT NULL DEFAULT '0',
  `exchange_rate` double NOT NULL DEFAULT '1',
  `created_at` timestamp NULL DEFAULT NULL,
  `updated_at` timestamp NULL DEFAULT NULL,
  PRIMARY KEY (`id`)
) ENGINE=InnoDB AUTO_INCREMENT=5 DEFAULT CHARSET=utf8mb4 COLLATE=utf8mb4_unicode_ci;

--
-- Dumping data for table `ec_currencies`
--

INSERT INTO `ec_currencies` VALUES (1,'USD','$',1,2,'western',0,0,1,1,'2025-11-18 21:22:33','2025-11-18 21:22:33'),(2,'EUR','€',0,2,'western',0,1,0,0.84,'2025-11-18 21:22:33','2025-11-18 21:22:33'),(3,'VND','₫',0,0,'western',0,2,0,23203,'2025-11-18 21:22:33','2025-11-18 21:22:33'),(4,'NGN','₦',1,2,'western',0,2,0,895.52,'2025-11-18 21:22:33','2025-11-18 21:22:33');

--
-- Table structure for table `ec_customer_addresses`
--

CREATE TABLE `ec_customer_addresses` (
  `id` bigint unsigned NOT NULL AUTO_INCREMENT,
  `name` varchar(191) COLLATE utf8mb4_unicode_ci NOT NULL,
  `email` varchar(60) COLLATE utf8mb4_unicode_ci DEFAULT NULL,
  `phone` varchar(20) COLLATE utf8mb4_unicode_ci DEFAULT NULL,
  `country` varchar(120) COLLATE utf8mb4_unicode_ci DEFAULT NULL,
  `state` varchar(120) COLLATE utf8mb4_unicode_ci DEFAULT NULL,
  `city` varchar(120) COLLATE utf8mb4_unicode_ci DEFAULT NULL,
  `address` varchar(191) COLLATE utf8mb4_unicode_ci DEFAULT NULL,
  `customer_id` bigint unsigned NOT NULL,
  `is_default` tinyint unsigned NOT NULL DEFAULT '0',
  `created_at` timestamp NULL DEFAULT NULL,
  `updated_at` timestamp NULL DEFAULT NULL,
  `zip_code` varchar(20) COLLATE utf8mb4_unicode_ci DEFAULT NULL,
  PRIMARY KEY (`id`)
) ENGINE=InnoDB AUTO_INCREMENT=13 DEFAULT CHARSET=utf8mb4 COLLATE=utf8mb4_unicode_ci;

--
-- Dumping data for table `ec_customer_addresses`
--

INSERT INTO `ec_customer_addresses` VALUES (1,'Blake Glover','customer@botble.com','+12105720444','BT','Massachusetts','Gonzalofurt','376 Lemke Loaf Suite 242',1,1,'2025-11-18 21:23:00','2025-11-18 21:23:00','91165-1909'),(2,'Blake Glover','customer@botble.com','+14639198265','AO','South Dakota','Margaretemouth','93242 Ward Bridge',1,0,'2025-11-18 21:23:00','2025-11-18 21:23:00','80535-6124'),(3,'Tina Bahringer MD','john.smith@botble.com','+19862664289','VC','Utah','North Antonetta','686 Torp Walk',2,1,'2025-11-18 21:23:01','2025-11-18 21:23:01','06885-6038'),(4,'Tina Bahringer MD','john.smith@botble.com','+19545975057','GA','Rhode Island','Wisozkside','528 Carleton Walk',2,0,'2025-11-18 21:23:01','2025-11-18 21:23:01','76463-6780'),(5,'Prof. Maurice Zieme DDS','marcos45@example.org','+15077649454','ZA','West Virginia','Hermistonton','6444 Whitney Mountain',3,1,'2025-11-18 21:23:01','2025-11-18 21:23:01','43425-0713'),(6,'Miss Ashley Little V','croberts@example.org','+14808182704','GL','Connecticut','West Santosshire','7954 Jackeline Rapid',4,1,'2025-11-18 21:23:01','2025-11-18 21:23:01','22126-6301'),(7,'Forest Jacobson','shemar04@example.org','+18146283963','GE','New Hampshire','Reynoldsberg','8722 Ankunding Cliffs',5,1,'2025-11-18 21:23:01','2025-11-18 21:23:01','90007-1810'),(8,'Davin Mayert','harber.audie@example.net','+17407652586','MM','Oregon','Trompton','93313 Bayer Island',6,1,'2025-11-18 21:23:02','2025-11-18 21:23:02','70081-1626'),(9,'Jorge Murphy PhD','grady.kody@example.com','+13418970781','TL','Arkansas','Dewayneland','2261 Barton Highway',7,1,'2025-11-18 21:23:02','2025-11-18 21:23:02','83475-9096'),(10,'Prof. Heath Abbott II','hilton36@example.com','+13132464608','FI','Illinois','West Winfield','21530 Darrick Cliff',8,1,'2025-11-18 21:23:02','2025-11-18 21:23:02','44231'),(11,'Prof. Giovanna Langosh','pkovacek@example.com','+14589180088','GL','Arizona','South Bell','580 Schaden Manor Apt. 654',9,1,'2025-11-18 21:23:02','2025-11-18 21:23:02','78286'),(12,'Cynthia Gleichner','wendy35@example.net','+12163752193','EH','Colorado','Zulaufmouth','91234 Gerald Cliff Suite 009',10,1,'2025-11-18 21:23:02','2025-11-18 21:23:02','39498');

--
-- Table structure for table `ec_customer_recently_viewed_products`
--

CREATE TABLE `ec_customer_recently_viewed_products` (
  `customer_id` bigint unsigned NOT NULL,
  `product_id` bigint unsigned NOT NULL,
  PRIMARY KEY (`customer_id`,`product_id`)
) ENGINE=InnoDB DEFAULT CHARSET=utf8mb4 COLLATE=utf8mb4_unicode_ci;

--
-- Dumping data for table `ec_customer_recently_viewed_products`
--


--
-- Table structure for table `ec_customer_used_coupons`
--

CREATE TABLE `ec_customer_used_coupons` (
  `discount_id` bigint unsigned NOT NULL,
  `customer_id` bigint unsigned NOT NULL,
  PRIMARY KEY (`discount_id`,`customer_id`)
) ENGINE=InnoDB DEFAULT CHARSET=utf8mb4 COLLATE=utf8mb4_unicode_ci;

--
-- Dumping data for table `ec_customer_used_coupons`
--


--
-- Table structure for table `ec_discount_customers`
--

CREATE TABLE `ec_discount_customers` (
  `discount_id` bigint unsigned NOT NULL,
  `customer_id` bigint unsigned NOT NULL,
  PRIMARY KEY (`discount_id`,`customer_id`)
) ENGINE=InnoDB DEFAULT CHARSET=utf8mb4 COLLATE=utf8mb4_unicode_ci;

--
-- Dumping data for table `ec_discount_customers`
--


--
-- Table structure for table `ec_discount_product_categories`
--

CREATE TABLE `ec_discount_product_categories` (
  `discount_id` bigint unsigned NOT NULL,
  `product_category_id` bigint unsigned NOT NULL,
  PRIMARY KEY (`discount_id`,`product_category_id`)
) ENGINE=InnoDB DEFAULT CHARSET=utf8mb4 COLLATE=utf8mb4_unicode_ci;

--
-- Dumping data for table `ec_discount_product_categories`
--


--
-- Table structure for table `ec_discount_product_collections`
--

CREATE TABLE `ec_discount_product_collections` (
  `discount_id` bigint unsigned NOT NULL,
  `product_collection_id` bigint unsigned NOT NULL,
  PRIMARY KEY (`discount_id`,`product_collection_id`)
) ENGINE=InnoDB DEFAULT CHARSET=utf8mb4 COLLATE=utf8mb4_unicode_ci;

--
-- Dumping data for table `ec_discount_product_collections`
--


--
-- Table structure for table `ec_discount_products`
--

CREATE TABLE `ec_discount_products` (
  `discount_id` bigint unsigned NOT NULL,
  `product_id` bigint unsigned NOT NULL,
  PRIMARY KEY (`discount_id`,`product_id`)
) ENGINE=InnoDB DEFAULT CHARSET=utf8mb4 COLLATE=utf8mb4_unicode_ci;

--
-- Dumping data for table `ec_discount_products`
--


--
-- Table structure for table `ec_discounts`
--

CREATE TABLE `ec_discounts` (
  `id` bigint unsigned NOT NULL AUTO_INCREMENT,
  `title` varchar(120) COLLATE utf8mb4_unicode_ci DEFAULT NULL,
  `code` varchar(20) COLLATE utf8mb4_unicode_ci DEFAULT NULL,
  `start_date` datetime DEFAULT NULL,
  `end_date` datetime DEFAULT NULL,
  `quantity` int DEFAULT NULL,
  `total_used` int unsigned NOT NULL DEFAULT '0',
  `value` double DEFAULT NULL,
  `type` varchar(60) COLLATE utf8mb4_unicode_ci DEFAULT 'coupon',
  `can_use_with_promotion` tinyint(1) NOT NULL DEFAULT '0',
  `can_use_with_flash_sale` tinyint(1) NOT NULL DEFAULT '0',
  `discount_on` varchar(20) COLLATE utf8mb4_unicode_ci DEFAULT NULL,
  `product_quantity` int unsigned DEFAULT NULL,
  `type_option` varchar(100) COLLATE utf8mb4_unicode_ci NOT NULL DEFAULT 'amount',
  `target` varchar(100) COLLATE utf8mb4_unicode_ci NOT NULL DEFAULT 'all-orders',
  `min_order_price` decimal(15,2) DEFAULT NULL,
  `apply_via_url` tinyint(1) NOT NULL DEFAULT '0',
  `display_at_checkout` tinyint(1) NOT NULL DEFAULT '0',
  `created_at` timestamp NULL DEFAULT NULL,
  `updated_at` timestamp NULL DEFAULT NULL,
  `description` varchar(400) COLLATE utf8mb4_unicode_ci DEFAULT NULL,
  PRIMARY KEY (`id`),
  UNIQUE KEY `ec_discounts_code_unique` (`code`)
) ENGINE=InnoDB AUTO_INCREMENT=11 DEFAULT CHARSET=utf8mb4 COLLATE=utf8mb4_unicode_ci;

--
-- Dumping data for table `ec_discounts`
--

INSERT INTO `ec_discounts` VALUES (1,'Discount 1','XHUJKFADN0RW','2025-11-18 04:23:05','2025-12-05 04:23:05',NULL,0,771,'coupon',0,0,NULL,NULL,'same-price','all-orders',NULL,0,1,'2025-11-18 21:23:05','2025-11-18 21:23:05',NULL),(2,'Discount 2','XZCZZXAAXWSL','2025-11-18 04:23:05','2025-11-26 04:23:05',NULL,0,679,'coupon',0,0,NULL,NULL,'shipping','all-orders',NULL,0,1,'2025-11-18 21:23:05','2025-11-18 21:23:05',NULL),(3,'Discount 3','NZBT6QTIFN3G','2025-11-18 04:23:05',NULL,NULL,0,50,'coupon',0,0,NULL,NULL,'percentage','all-orders',NULL,0,1,'2025-11-18 21:23:05','2025-11-18 21:23:05',NULL),(4,'Discount 4','ZONJJ7BDUZVQ','2025-11-18 04:23:05','2025-12-19 04:23:05',NULL,0,47,'coupon',0,0,NULL,NULL,'amount','all-orders',NULL,0,1,'2025-11-18 21:23:05','2025-11-18 21:23:05',NULL),(5,'Discount 5','4PALMDTAHZYD','2025-11-18 04:23:05',NULL,NULL,0,621,'coupon',0,0,NULL,NULL,'same-price','all-orders',NULL,0,1,'2025-11-18 21:23:05','2025-11-18 21:23:05',NULL),(6,'Discount 6','YAIPW50C3EFX','2025-11-18 04:23:05','2025-12-16 04:23:05',NULL,0,9,'coupon',0,0,NULL,NULL,'percentage','all-orders',NULL,0,1,'2025-11-18 21:23:05','2025-11-18 21:23:05',NULL),(7,'Discount 7','J8UDRNWJONK4','2025-11-18 04:23:05','2025-12-04 04:23:05',NULL,0,915,'coupon',0,0,NULL,NULL,'amount','all-orders',NULL,0,1,'2025-11-18 21:23:05','2025-11-18 21:23:05',NULL),(8,'Discount 8','MQXLSQVJC1VP','2025-11-18 04:23:05',NULL,NULL,0,62,'coupon',0,0,NULL,NULL,'shipping','all-orders',NULL,0,1,'2025-11-18 21:23:05','2025-11-18 21:23:05',NULL),(9,'Discount 9','GDXKDFDLA0A0','2025-11-18 04:23:05','2025-12-06 04:23:05',NULL,0,849,'coupon',0,0,NULL,NULL,'same-price','all-orders',NULL,0,1,'2025-11-18 21:23:05','2025-11-18 21:23:05',NULL),(10,'Discount 10','EB1AVSPBJTKQ','2025-11-18 04:23:05','2025-12-15 04:23:05',NULL,0,624,'coupon',0,0,NULL,NULL,'amount','all-orders',NULL,0,1,'2025-11-18 21:23:05','2025-11-18 21:23:05',NULL);

--
-- Table structure for table `ec_flash_sale_products`
--

CREATE TABLE `ec_flash_sale_products` (
  `flash_sale_id` bigint unsigned NOT NULL,
  `product_id` bigint unsigned NOT NULL,
  `price` double unsigned DEFAULT NULL,
  `quantity` int unsigned DEFAULT NULL,
  `sold` int unsigned NOT NULL DEFAULT '0',
  KEY `ec_flash_sale_products_product_id_flash_sale_id_index` (`product_id`,`flash_sale_id`)
) ENGINE=InnoDB DEFAULT CHARSET=utf8mb4 COLLATE=utf8mb4_unicode_ci;

--
-- Dumping data for table `ec_flash_sale_products`
--

INSERT INTO `ec_flash_sale_products` VALUES (1,1,131.01,13,5),(1,2,127.28,11,5),(1,3,387.2,18,2),(1,4,120.7552,16,2),(1,5,142.2,15,4),(1,6,218.29,11,3),(1,7,242.56,13,2),(1,8,342.1338,13,2),(1,9,194.02,19,4),(1,10,233.22,7,3),(2,1,100,10,5);

--
-- Table structure for table `ec_flash_sales`
--

CREATE TABLE `ec_flash_sales` (
  `id` bigint unsigned NOT NULL AUTO_INCREMENT,
  `name` varchar(191) COLLATE utf8mb4_unicode_ci NOT NULL,
  `end_date` datetime NOT NULL,
  `status` varchar(60) COLLATE utf8mb4_unicode_ci NOT NULL DEFAULT 'published',
  `created_at` timestamp NULL DEFAULT NULL,
  `updated_at` timestamp NULL DEFAULT NULL,
  PRIMARY KEY (`id`)
) ENGINE=InnoDB AUTO_INCREMENT=3 DEFAULT CHARSET=utf8mb4 COLLATE=utf8mb4_unicode_ci;

--
-- Dumping data for table `ec_flash_sales`
--

INSERT INTO `ec_flash_sales` VALUES (1,'Winter Sale','2026-03-15 00:00:00','published','2025-11-18 21:23:05','2025-11-18 21:23:05'),(2,'Cosmetics Sale','2026-07-12 00:00:00','published','2025-11-18 21:23:05','2025-11-18 21:23:05');

--
-- Table structure for table `ec_flash_sales_translations`
--

CREATE TABLE `ec_flash_sales_translations` (
  `lang_code` varchar(191) COLLATE utf8mb4_unicode_ci NOT NULL,
  `ec_flash_sales_id` bigint unsigned NOT NULL,
  `name` varchar(191) COLLATE utf8mb4_unicode_ci DEFAULT NULL,
  PRIMARY KEY (`lang_code`,`ec_flash_sales_id`)
) ENGINE=InnoDB DEFAULT CHARSET=utf8mb4 COLLATE=utf8mb4_unicode_ci;

--
-- Dumping data for table `ec_flash_sales_translations`
--


--
-- Table structure for table `ec_global_option_value`
--

CREATE TABLE `ec_global_option_value` (
  `id` bigint unsigned NOT NULL AUTO_INCREMENT,
  `option_id` bigint unsigned NOT NULL COMMENT 'option id',
  `option_value` tinytext COLLATE utf8mb4_unicode_ci COMMENT 'option value',
  `affect_price` double DEFAULT NULL COMMENT 'value of price of this option affect',
  `order` int NOT NULL DEFAULT '9999',
  `affect_type` tinyint NOT NULL DEFAULT '0' COMMENT '0. fixed 1. percent',
  `created_at` timestamp NULL DEFAULT NULL,
  `updated_at` timestamp NULL DEFAULT NULL,
  PRIMARY KEY (`id`)
) ENGINE=InnoDB AUTO_INCREMENT=13 DEFAULT CHARSET=utf8mb4 COLLATE=utf8mb4_unicode_ci;

--
-- Dumping data for table `ec_global_option_value`
--

INSERT INTO `ec_global_option_value` VALUES (1,1,'1 Year',0,9999,0,'2025-11-18 21:22:42','2025-11-18 21:22:42'),(2,1,'2 Year',10,9999,0,'2025-11-18 21:22:42','2025-11-18 21:22:42'),(3,1,'3 Year',20,9999,0,'2025-11-18 21:22:42','2025-11-18 21:22:42'),(4,2,'4GB',0,9999,0,'2025-11-18 21:22:42','2025-11-18 21:22:42'),(5,2,'8GB',10,9999,0,'2025-11-18 21:22:42','2025-11-18 21:22:42'),(6,2,'16GB',20,9999,0,'2025-11-18 21:22:42','2025-11-18 21:22:42'),(7,3,'Core i5',0,9999,0,'2025-11-18 21:22:43','2025-11-18 21:22:43'),(8,3,'Core i7',10,9999,0,'2025-11-18 21:22:43','2025-11-18 21:22:43'),(9,3,'Core i9',20,9999,0,'2025-11-18 21:22:43','2025-11-18 21:22:43'),(10,4,'128GB',0,9999,0,'2025-11-18 21:22:43','2025-11-18 21:22:43'),(11,4,'256GB',10,9999,0,'2025-11-18 21:22:43','2025-11-18 21:22:43'),(12,4,'512GB',20,9999,0,'2025-11-18 21:22:43','2025-11-18 21:22:43');

--
-- Table structure for table `ec_global_option_value_translations`
--

CREATE TABLE `ec_global_option_value_translations` (
  `lang_code` varchar(191) COLLATE utf8mb4_unicode_ci NOT NULL,
  `ec_global_option_value_id` bigint unsigned NOT NULL,
  `option_value` varchar(191) COLLATE utf8mb4_unicode_ci DEFAULT NULL,
  PRIMARY KEY (`lang_code`,`ec_global_option_value_id`)
) ENGINE=InnoDB DEFAULT CHARSET=utf8mb4 COLLATE=utf8mb4_unicode_ci;

--
-- Dumping data for table `ec_global_option_value_translations`
--


--
-- Table structure for table `ec_global_options`
--

CREATE TABLE `ec_global_options` (
  `id` bigint unsigned NOT NULL AUTO_INCREMENT,
  `name` varchar(191) COLLATE utf8mb4_unicode_ci NOT NULL COMMENT 'Name of options',
  `option_type` varchar(191) COLLATE utf8mb4_unicode_ci NOT NULL COMMENT 'option type',
  `required` tinyint(1) NOT NULL DEFAULT '0' COMMENT 'Checked if this option is required',
  `created_at` timestamp NULL DEFAULT NULL,
  `updated_at` timestamp NULL DEFAULT NULL,
  PRIMARY KEY (`id`)
) ENGINE=InnoDB AUTO_INCREMENT=5 DEFAULT CHARSET=utf8mb4 COLLATE=utf8mb4_unicode_ci;

--
-- Dumping data for table `ec_global_options`
--

INSERT INTO `ec_global_options` VALUES (1,'Warranty','Botble\\Ecommerce\\Option\\OptionType\\RadioButton',1,'2025-11-18 21:22:42','2025-11-18 21:22:42'),(2,'RAM','Botble\\Ecommerce\\Option\\OptionType\\RadioButton',1,'2025-11-18 21:22:42','2025-11-18 21:22:42'),(3,'CPU','Botble\\Ecommerce\\Option\\OptionType\\RadioButton',1,'2025-11-18 21:22:43','2025-11-18 21:22:43'),(4,'HDD','Botble\\Ecommerce\\Option\\OptionType\\Dropdown',0,'2025-11-18 21:22:43','2025-11-18 21:22:43');

--
-- Table structure for table `ec_global_options_translations`
--

CREATE TABLE `ec_global_options_translations` (
  `lang_code` varchar(191) COLLATE utf8mb4_unicode_ci NOT NULL,
  `ec_global_options_id` bigint unsigned NOT NULL,
  `name` varchar(191) COLLATE utf8mb4_unicode_ci DEFAULT NULL,
  PRIMARY KEY (`lang_code`,`ec_global_options_id`)
) ENGINE=InnoDB DEFAULT CHARSET=utf8mb4 COLLATE=utf8mb4_unicode_ci;

--
-- Dumping data for table `ec_global_options_translations`
--


--
-- Table structure for table `ec_grouped_products`
--

CREATE TABLE `ec_grouped_products` (
  `id` bigint unsigned NOT NULL AUTO_INCREMENT,
  `parent_product_id` bigint unsigned NOT NULL,
  `product_id` bigint unsigned NOT NULL,
  `fixed_qty` int NOT NULL DEFAULT '1',
  PRIMARY KEY (`id`)
) ENGINE=InnoDB DEFAULT CHARSET=utf8mb4 COLLATE=utf8mb4_unicode_ci;

--
-- Dumping data for table `ec_grouped_products`
--


--
-- Table structure for table `ec_invoice_items`
--

CREATE TABLE `ec_invoice_items` (
  `id` bigint unsigned NOT NULL AUTO_INCREMENT,
  `invoice_id` bigint unsigned NOT NULL,
  `reference_type` varchar(191) COLLATE utf8mb4_unicode_ci NOT NULL,
  `reference_id` bigint unsigned NOT NULL,
  `name` varchar(191) COLLATE utf8mb4_unicode_ci NOT NULL,
  `description` varchar(400) COLLATE utf8mb4_unicode_ci DEFAULT NULL,
  `image` varchar(191) COLLATE utf8mb4_unicode_ci DEFAULT NULL,
  `qty` int unsigned NOT NULL,
  `price` decimal(15,2) NOT NULL DEFAULT '0.00',
  `sub_total` decimal(15,2) unsigned NOT NULL,
  `tax_amount` decimal(15,2) unsigned NOT NULL DEFAULT '0.00',
  `discount_amount` decimal(15,2) unsigned NOT NULL DEFAULT '0.00',
  `amount` decimal(15,2) unsigned NOT NULL,
  `options` text COLLATE utf8mb4_unicode_ci,
  `created_at` timestamp NULL DEFAULT NULL,
  `updated_at` timestamp NULL DEFAULT NULL,
  PRIMARY KEY (`id`),
  KEY `ec_invoice_items_reference_type_reference_id_index` (`reference_type`,`reference_id`)
) ENGINE=InnoDB DEFAULT CHARSET=utf8mb4 COLLATE=utf8mb4_unicode_ci;

--
-- Dumping data for table `ec_invoice_items`
--


--
-- Table structure for table `ec_invoices`
--

CREATE TABLE `ec_invoices` (
  `id` bigint unsigned NOT NULL AUTO_INCREMENT,
  `reference_type` varchar(191) COLLATE utf8mb4_unicode_ci NOT NULL,
  `reference_id` bigint unsigned NOT NULL,
  `code` varchar(191) COLLATE utf8mb4_unicode_ci NOT NULL,
  `customer_name` varchar(191) COLLATE utf8mb4_unicode_ci DEFAULT NULL,
  `company_name` varchar(191) COLLATE utf8mb4_unicode_ci DEFAULT NULL,
  `company_logo` varchar(191) COLLATE utf8mb4_unicode_ci DEFAULT NULL,
  `customer_email` varchar(191) COLLATE utf8mb4_unicode_ci DEFAULT NULL,
  `customer_phone` varchar(191) COLLATE utf8mb4_unicode_ci DEFAULT NULL,
  `customer_address` varchar(191) COLLATE utf8mb4_unicode_ci DEFAULT NULL,
  `customer_country` varchar(191) COLLATE utf8mb4_unicode_ci DEFAULT NULL,
  `customer_state` varchar(191) COLLATE utf8mb4_unicode_ci DEFAULT NULL,
  `customer_city` varchar(191) COLLATE utf8mb4_unicode_ci DEFAULT NULL,
  `customer_zip_code` varchar(191) COLLATE utf8mb4_unicode_ci DEFAULT NULL,
  `customer_address_line` varchar(191) COLLATE utf8mb4_unicode_ci DEFAULT NULL,
  `customer_tax_id` varchar(191) COLLATE utf8mb4_unicode_ci DEFAULT NULL,
  `sub_total` decimal(15,2) unsigned NOT NULL,
  `tax_amount` decimal(15,2) DEFAULT '0.00',
  `shipping_amount` decimal(15,2) unsigned NOT NULL DEFAULT '0.00',
  `payment_fee` decimal(15,2) DEFAULT '0.00',
  `discount_amount` decimal(15,2) unsigned NOT NULL DEFAULT '0.00',
  `shipping_option` varchar(60) COLLATE utf8mb4_unicode_ci DEFAULT NULL,
  `shipping_method` varchar(60) COLLATE utf8mb4_unicode_ci NOT NULL DEFAULT 'default',
  `coupon_code` varchar(120) COLLATE utf8mb4_unicode_ci DEFAULT NULL,
  `discount_description` varchar(191) COLLATE utf8mb4_unicode_ci DEFAULT NULL,
  `amount` decimal(15,2) unsigned NOT NULL,
  `description` text COLLATE utf8mb4_unicode_ci,
  `payment_id` bigint unsigned DEFAULT NULL,
  `status` varchar(191) COLLATE utf8mb4_unicode_ci NOT NULL DEFAULT 'pending',
  `paid_at` timestamp NULL DEFAULT NULL,
  `created_at` timestamp NULL DEFAULT NULL,
  `updated_at` timestamp NULL DEFAULT NULL,
  PRIMARY KEY (`id`),
  UNIQUE KEY `ec_invoices_code_unique` (`code`),
  KEY `ec_invoices_reference_type_reference_id_index` (`reference_type`,`reference_id`),
  KEY `ec_invoices_payment_id_index` (`payment_id`),
  KEY `ec_invoices_status_index` (`status`),
  KEY `ec_invoices_reference_id_reference_type_index` (`reference_id`,`reference_type`)
) ENGINE=InnoDB DEFAULT CHARSET=utf8mb4 COLLATE=utf8mb4_unicode_ci;

--
-- Dumping data for table `ec_invoices`
--


--
-- Table structure for table `ec_option_value`
--

CREATE TABLE `ec_option_value` (
  `id` bigint unsigned NOT NULL AUTO_INCREMENT,
  `option_id` bigint unsigned NOT NULL COMMENT 'option id',
  `option_value` tinytext COLLATE utf8mb4_unicode_ci COMMENT 'option value',
  `affect_price` double DEFAULT NULL COMMENT 'value of price of this option affect',
  `order` int NOT NULL DEFAULT '9999',
  `affect_type` tinyint NOT NULL DEFAULT '0' COMMENT '0. fixed 1. percent',
  `created_at` timestamp NULL DEFAULT NULL,
  `updated_at` timestamp NULL DEFAULT NULL,
  PRIMARY KEY (`id`)
) ENGINE=InnoDB DEFAULT CHARSET=utf8mb4 COLLATE=utf8mb4_unicode_ci;

--
-- Dumping data for table `ec_option_value`
--


--
-- Table structure for table `ec_option_value_translations`
--

CREATE TABLE `ec_option_value_translations` (
  `lang_code` varchar(191) COLLATE utf8mb4_unicode_ci NOT NULL,
  `ec_option_value_id` bigint unsigned NOT NULL,
  `option_value` varchar(191) COLLATE utf8mb4_unicode_ci DEFAULT NULL,
  PRIMARY KEY (`lang_code`,`ec_option_value_id`)
) ENGINE=InnoDB DEFAULT CHARSET=utf8mb4 COLLATE=utf8mb4_unicode_ci;

--
-- Dumping data for table `ec_option_value_translations`
--


--
-- Table structure for table `ec_options`
--

CREATE TABLE `ec_options` (
  `id` bigint unsigned NOT NULL AUTO_INCREMENT,
  `name` varchar(191) COLLATE utf8mb4_unicode_ci NOT NULL COMMENT 'Name of options',
  `option_type` varchar(191) COLLATE utf8mb4_unicode_ci DEFAULT NULL COMMENT 'option type',
  `product_id` bigint unsigned NOT NULL DEFAULT '0',
  `order` int NOT NULL DEFAULT '9999',
  `required` tinyint(1) NOT NULL DEFAULT '0' COMMENT 'Checked if this option is required',
  `created_at` timestamp NULL DEFAULT NULL,
  `updated_at` timestamp NULL DEFAULT NULL,
  PRIMARY KEY (`id`)
) ENGINE=InnoDB DEFAULT CHARSET=utf8mb4 COLLATE=utf8mb4_unicode_ci;

--
-- Dumping data for table `ec_options`
--


--
-- Table structure for table `ec_options_translations`
--

CREATE TABLE `ec_options_translations` (
  `lang_code` varchar(191) COLLATE utf8mb4_unicode_ci NOT NULL,
  `ec_options_id` bigint unsigned NOT NULL,
  `name` varchar(191) COLLATE utf8mb4_unicode_ci DEFAULT NULL,
  PRIMARY KEY (`lang_code`,`ec_options_id`)
) ENGINE=InnoDB DEFAULT CHARSET=utf8mb4 COLLATE=utf8mb4_unicode_ci;

--
-- Dumping data for table `ec_options_translations`
--


--
-- Table structure for table `ec_order_addresses`
--

CREATE TABLE `ec_order_addresses` (
  `id` bigint unsigned NOT NULL AUTO_INCREMENT,
  `name` varchar(191) COLLATE utf8mb4_unicode_ci NOT NULL,
  `phone` varchar(20) COLLATE utf8mb4_unicode_ci DEFAULT NULL,
  `email` varchar(191) COLLATE utf8mb4_unicode_ci DEFAULT NULL,
  `country` varchar(120) COLLATE utf8mb4_unicode_ci DEFAULT NULL,
  `state` varchar(120) COLLATE utf8mb4_unicode_ci DEFAULT NULL,
  `city` varchar(120) COLLATE utf8mb4_unicode_ci DEFAULT NULL,
  `address` varchar(191) COLLATE utf8mb4_unicode_ci DEFAULT NULL,
  `order_id` bigint unsigned NOT NULL,
  `zip_code` varchar(20) COLLATE utf8mb4_unicode_ci DEFAULT NULL,
  `type` varchar(60) COLLATE utf8mb4_unicode_ci NOT NULL DEFAULT 'shipping_address',
  PRIMARY KEY (`id`),
  UNIQUE KEY `ec_order_addresses_order_id_type_unique` (`order_id`,`type`)
) ENGINE=InnoDB DEFAULT CHARSET=utf8mb4 COLLATE=utf8mb4_unicode_ci;

--
-- Dumping data for table `ec_order_addresses`
--


--
-- Table structure for table `ec_order_histories`
--

CREATE TABLE `ec_order_histories` (
  `id` bigint unsigned NOT NULL AUTO_INCREMENT,
  `action` varchar(120) COLLATE utf8mb4_unicode_ci NOT NULL,
  `description` varchar(400) COLLATE utf8mb4_unicode_ci DEFAULT NULL,
  `user_id` bigint unsigned DEFAULT NULL,
  `order_id` bigint unsigned NOT NULL,
  `extras` text COLLATE utf8mb4_unicode_ci,
  `created_at` timestamp NULL DEFAULT NULL,
  `updated_at` timestamp NULL DEFAULT NULL,
  PRIMARY KEY (`id`)
) ENGINE=InnoDB DEFAULT CHARSET=utf8mb4 COLLATE=utf8mb4_unicode_ci;

--
-- Dumping data for table `ec_order_histories`
--


--
-- Table structure for table `ec_order_metadata`
--

CREATE TABLE `ec_order_metadata` (
  `id` bigint unsigned NOT NULL AUTO_INCREMENT,
  `order_id` bigint unsigned NOT NULL,
  `meta_key` varchar(191) COLLATE utf8mb4_unicode_ci NOT NULL,
  `meta_value` text COLLATE utf8mb4_unicode_ci,
  `created_at` timestamp NULL DEFAULT NULL,
  `updated_at` timestamp NULL DEFAULT NULL,
  PRIMARY KEY (`id`),
  KEY `ec_order_metadata_order_id_meta_key_index` (`order_id`,`meta_key`),
  KEY `ec_order_metadata_order_id_index` (`order_id`)
) ENGINE=InnoDB DEFAULT CHARSET=utf8mb4 COLLATE=utf8mb4_unicode_ci;

--
-- Dumping data for table `ec_order_metadata`
--


--
-- Table structure for table `ec_order_product`
--

CREATE TABLE `ec_order_product` (
  `id` bigint unsigned NOT NULL AUTO_INCREMENT,
  `order_id` bigint unsigned NOT NULL,
  `qty` int NOT NULL,
  `price` decimal(15,2) NOT NULL,
  `tax_amount` decimal(15,2) DEFAULT '0.00',
  `options` text COLLATE utf8mb4_unicode_ci,
  `product_options` text COLLATE utf8mb4_unicode_ci COMMENT 'product option data',
  `product_id` bigint unsigned DEFAULT NULL,
  `product_name` varchar(191) COLLATE utf8mb4_unicode_ci NOT NULL,
  `product_image` varchar(191) COLLATE utf8mb4_unicode_ci DEFAULT NULL,
  `weight` double DEFAULT '0',
  `restock_quantity` int unsigned DEFAULT '0',
  `created_at` timestamp NULL DEFAULT NULL,
  `updated_at` timestamp NULL DEFAULT NULL,
  `product_type` varchar(60) COLLATE utf8mb4_unicode_ci NOT NULL DEFAULT 'physical',
  `times_downloaded` int NOT NULL DEFAULT '0',
  `license_code` text COLLATE utf8mb4_unicode_ci,
  `downloaded_at` timestamp NULL DEFAULT NULL,
  PRIMARY KEY (`id`),
  KEY `ec_order_product_order_id_product_id_index` (`order_id`,`product_id`)
) ENGINE=InnoDB DEFAULT CHARSET=utf8mb4 COLLATE=utf8mb4_unicode_ci;

--
-- Dumping data for table `ec_order_product`
--


--
-- Table structure for table `ec_order_referrals`
--

CREATE TABLE `ec_order_referrals` (
  `id` bigint unsigned NOT NULL AUTO_INCREMENT,
  `ip` varchar(39) COLLATE utf8mb4_unicode_ci DEFAULT NULL,
  `landing_domain` varchar(191) COLLATE utf8mb4_unicode_ci DEFAULT NULL,
  `landing_page` varchar(191) COLLATE utf8mb4_unicode_ci DEFAULT NULL,
  `landing_params` varchar(191) COLLATE utf8mb4_unicode_ci DEFAULT NULL,
  `referral` varchar(191) COLLATE utf8mb4_unicode_ci DEFAULT NULL,
  `gclid` varchar(191) COLLATE utf8mb4_unicode_ci DEFAULT NULL,
  `fclid` varchar(191) COLLATE utf8mb4_unicode_ci DEFAULT NULL,
  `utm_source` varchar(191) COLLATE utf8mb4_unicode_ci DEFAULT NULL,
  `utm_campaign` varchar(191) COLLATE utf8mb4_unicode_ci DEFAULT NULL,
  `utm_medium` varchar(191) COLLATE utf8mb4_unicode_ci DEFAULT NULL,
  `utm_term` varchar(191) COLLATE utf8mb4_unicode_ci DEFAULT NULL,
  `utm_content` varchar(191) COLLATE utf8mb4_unicode_ci DEFAULT NULL,
  `referrer_url` text COLLATE utf8mb4_unicode_ci,
  `referrer_domain` varchar(191) COLLATE utf8mb4_unicode_ci DEFAULT NULL,
  `order_id` bigint unsigned DEFAULT NULL,
  `created_at` timestamp NULL DEFAULT NULL,
  `updated_at` timestamp NULL DEFAULT NULL,
  PRIMARY KEY (`id`),
  KEY `ec_order_referrals_order_id_index` (`order_id`)
) ENGINE=InnoDB DEFAULT CHARSET=utf8mb4 COLLATE=utf8mb4_unicode_ci;

--
-- Dumping data for table `ec_order_referrals`
--


--
-- Table structure for table `ec_order_return_histories`
--

CREATE TABLE `ec_order_return_histories` (
  `id` bigint unsigned NOT NULL AUTO_INCREMENT,
  `user_id` bigint unsigned DEFAULT NULL,
  `order_return_id` bigint unsigned NOT NULL,
  `action` varchar(191) COLLATE utf8mb4_unicode_ci NOT NULL,
  `description` varchar(400) COLLATE utf8mb4_unicode_ci DEFAULT NULL,
  `reason` varchar(191) COLLATE utf8mb4_unicode_ci DEFAULT NULL,
  `created_at` timestamp NULL DEFAULT NULL,
  `updated_at` timestamp NULL DEFAULT NULL,
  PRIMARY KEY (`id`)
) ENGINE=InnoDB DEFAULT CHARSET=utf8mb4 COLLATE=utf8mb4_unicode_ci;

--
-- Dumping data for table `ec_order_return_histories`
--


--
-- Table structure for table `ec_order_return_items`
--

CREATE TABLE `ec_order_return_items` (
  `id` bigint unsigned NOT NULL AUTO_INCREMENT,
  `order_return_id` bigint unsigned NOT NULL COMMENT 'Order return id',
  `order_product_id` bigint unsigned NOT NULL COMMENT 'Order product id',
  `product_id` bigint unsigned NOT NULL COMMENT 'Product id',
  `product_name` varchar(191) COLLATE utf8mb4_unicode_ci NOT NULL,
  `product_image` varchar(191) COLLATE utf8mb4_unicode_ci DEFAULT NULL,
  `qty` int NOT NULL COMMENT 'Quantity return',
  `price` decimal(15,2) NOT NULL COMMENT 'Price Product',
  `reason` text COLLATE utf8mb4_unicode_ci,
  `created_at` timestamp NULL DEFAULT NULL,
  `updated_at` timestamp NULL DEFAULT NULL,
  `refund_amount` decimal(12,2) DEFAULT '0.00',
  PRIMARY KEY (`id`)
) ENGINE=InnoDB DEFAULT CHARSET=utf8mb4 COLLATE=utf8mb4_unicode_ci;

--
-- Dumping data for table `ec_order_return_items`
--


--
-- Table structure for table `ec_order_returns`
--

CREATE TABLE `ec_order_returns` (
  `id` bigint unsigned NOT NULL AUTO_INCREMENT,
  `code` varchar(191) COLLATE utf8mb4_unicode_ci DEFAULT NULL,
  `order_id` bigint unsigned NOT NULL COMMENT 'Order ID',
  `store_id` bigint unsigned DEFAULT NULL COMMENT 'Store ID',
  `user_id` bigint unsigned NOT NULL COMMENT 'Customer ID',
  `reason` text COLLATE utf8mb4_unicode_ci COMMENT 'Reason return order',
  `order_status` varchar(191) COLLATE utf8mb4_unicode_ci DEFAULT NULL COMMENT 'Order current status',
  `return_status` varchar(191) COLLATE utf8mb4_unicode_ci NOT NULL COMMENT 'Return status',
  `created_at` timestamp NULL DEFAULT NULL,
  `updated_at` timestamp NULL DEFAULT NULL,
  PRIMARY KEY (`id`),
  UNIQUE KEY `ec_order_returns_code_unique` (`code`)
) ENGINE=InnoDB DEFAULT CHARSET=utf8mb4 COLLATE=utf8mb4_unicode_ci;

--
-- Dumping data for table `ec_order_returns`
--


--
-- Table structure for table `ec_order_tax_information`
--

CREATE TABLE `ec_order_tax_information` (
  `id` bigint unsigned NOT NULL AUTO_INCREMENT,
  `order_id` bigint unsigned NOT NULL,
  `company_name` varchar(120) COLLATE utf8mb4_unicode_ci NOT NULL,
  `company_address` varchar(191) COLLATE utf8mb4_unicode_ci NOT NULL,
  `company_tax_code` varchar(20) COLLATE utf8mb4_unicode_ci NOT NULL,
  `company_email` varchar(60) COLLATE utf8mb4_unicode_ci NOT NULL,
  `created_at` timestamp NULL DEFAULT NULL,
  `updated_at` timestamp NULL DEFAULT NULL,
  PRIMARY KEY (`id`),
  KEY `ec_order_tax_information_order_id_index` (`order_id`)
) ENGINE=InnoDB DEFAULT CHARSET=utf8mb4 COLLATE=utf8mb4_unicode_ci;

--
-- Dumping data for table `ec_order_tax_information`
--


--
-- Table structure for table `ec_product_attribute_sets`
--

CREATE TABLE `ec_product_attribute_sets` (
  `id` bigint unsigned NOT NULL AUTO_INCREMENT,
  `title` varchar(120) COLLATE utf8mb4_unicode_ci NOT NULL,
  `slug` varchar(120) COLLATE utf8mb4_unicode_ci DEFAULT NULL,
  `display_layout` varchar(191) COLLATE utf8mb4_unicode_ci NOT NULL DEFAULT 'dropdown',
  `is_searchable` tinyint unsigned NOT NULL DEFAULT '1',
  `is_comparable` tinyint unsigned NOT NULL DEFAULT '1',
  `is_use_in_product_listing` tinyint unsigned NOT NULL DEFAULT '0',
  `status` varchar(60) COLLATE utf8mb4_unicode_ci NOT NULL DEFAULT 'published',
  `order` tinyint unsigned NOT NULL DEFAULT '0',
  `created_at` timestamp NULL DEFAULT NULL,
  `updated_at` timestamp NULL DEFAULT NULL,
  `use_image_from_product_variation` tinyint unsigned NOT NULL DEFAULT '0',
  PRIMARY KEY (`id`),
  KEY `idx_order_id` (`order`,`id`)
) ENGINE=InnoDB AUTO_INCREMENT=3 DEFAULT CHARSET=utf8mb4 COLLATE=utf8mb4_unicode_ci;

--
-- Dumping data for table `ec_product_attribute_sets`
--

INSERT INTO `ec_product_attribute_sets` VALUES (1,'Color','color','visual',1,1,1,'published',0,'2025-11-18 21:22:42','2025-11-18 21:22:42',1),(2,'Size','size','text',1,1,1,'published',1,'2025-11-18 21:22:42','2025-11-18 21:22:42',0);

--
-- Table structure for table `ec_product_attribute_sets_translations`
--

CREATE TABLE `ec_product_attribute_sets_translations` (
  `lang_code` varchar(191) COLLATE utf8mb4_unicode_ci NOT NULL,
  `ec_product_attribute_sets_id` bigint unsigned NOT NULL,
  `title` varchar(191) COLLATE utf8mb4_unicode_ci DEFAULT NULL,
  PRIMARY KEY (`lang_code`,`ec_product_attribute_sets_id`)
) ENGINE=InnoDB DEFAULT CHARSET=utf8mb4 COLLATE=utf8mb4_unicode_ci;

--
-- Dumping data for table `ec_product_attribute_sets_translations`
--


--
-- Table structure for table `ec_product_attributes`
--

CREATE TABLE `ec_product_attributes` (
  `id` bigint unsigned NOT NULL AUTO_INCREMENT,
  `attribute_set_id` bigint unsigned NOT NULL,
  `title` varchar(120) COLLATE utf8mb4_unicode_ci NOT NULL,
  `slug` varchar(120) COLLATE utf8mb4_unicode_ci DEFAULT NULL,
  `color` varchar(120) COLLATE utf8mb4_unicode_ci DEFAULT NULL,
  `image` varchar(191) COLLATE utf8mb4_unicode_ci DEFAULT NULL,
  `is_default` tinyint unsigned NOT NULL DEFAULT '0',
  `order` tinyint unsigned NOT NULL DEFAULT '0',
  `created_at` timestamp NULL DEFAULT NULL,
  `updated_at` timestamp NULL DEFAULT NULL,
  PRIMARY KEY (`id`),
  KEY `attribute_set_status_index` (`attribute_set_id`),
  KEY `idx_attribute_set_id` (`attribute_set_id`),
  KEY `idx_attribute_set_order_id` (`attribute_set_id`,`order`,`id`)
) ENGINE=InnoDB AUTO_INCREMENT=11 DEFAULT CHARSET=utf8mb4 COLLATE=utf8mb4_unicode_ci;

--
-- Dumping data for table `ec_product_attributes`
--

INSERT INTO `ec_product_attributes` VALUES (1,1,'Green','green','#5FB7D4',NULL,1,1,'2025-11-18 21:22:42','2025-11-18 21:22:42'),(2,1,'Blue','blue','#333333',NULL,0,2,'2025-11-18 21:22:42','2025-11-18 21:22:42'),(3,1,'Red','red','#DA323F',NULL,0,3,'2025-11-18 21:22:42','2025-11-18 21:22:42'),(4,1,'Black','black','#2F366C',NULL,0,4,'2025-11-18 21:22:42','2025-11-18 21:22:42'),(5,1,'Brown','brown','#87554B',NULL,0,5,'2025-11-18 21:22:42','2025-11-18 21:22:42'),(6,2,'S','s',NULL,NULL,1,1,'2025-11-18 21:22:42','2025-11-18 21:22:42'),(7,2,'M','m',NULL,NULL,0,2,'2025-11-18 21:22:42','2025-11-18 21:22:42'),(8,2,'L','l',NULL,NULL,0,3,'2025-11-18 21:22:42','2025-11-18 21:22:42'),(9,2,'XL','xl',NULL,NULL,0,4,'2025-11-18 21:22:42','2025-11-18 21:22:42'),(10,2,'XXL','xxl',NULL,NULL,0,5,'2025-11-18 21:22:42','2025-11-18 21:22:42');

--
-- Table structure for table `ec_product_attributes_translations`
--

CREATE TABLE `ec_product_attributes_translations` (
  `lang_code` varchar(191) COLLATE utf8mb4_unicode_ci NOT NULL,
  `ec_product_attributes_id` bigint unsigned NOT NULL,
  `title` varchar(191) COLLATE utf8mb4_unicode_ci DEFAULT NULL,
  PRIMARY KEY (`lang_code`,`ec_product_attributes_id`)
) ENGINE=InnoDB DEFAULT CHARSET=utf8mb4 COLLATE=utf8mb4_unicode_ci;

--
-- Dumping data for table `ec_product_attributes_translations`
--


--
-- Table structure for table `ec_product_categories`
--

CREATE TABLE `ec_product_categories` (
  `id` bigint unsigned NOT NULL AUTO_INCREMENT,
  `name` varchar(191) COLLATE utf8mb4_unicode_ci NOT NULL,
  `slug` varchar(191) COLLATE utf8mb4_unicode_ci DEFAULT NULL,
  `parent_id` bigint unsigned NOT NULL DEFAULT '0',
  `description` mediumtext COLLATE utf8mb4_unicode_ci,
  `status` varchar(60) COLLATE utf8mb4_unicode_ci NOT NULL DEFAULT 'published',
  `order` int unsigned NOT NULL DEFAULT '0',
  `image` varchar(191) COLLATE utf8mb4_unicode_ci DEFAULT NULL,
  `is_featured` tinyint unsigned NOT NULL DEFAULT '0',
  `created_at` timestamp NULL DEFAULT NULL,
  `updated_at` timestamp NULL DEFAULT NULL,
  `icon` varchar(191) COLLATE utf8mb4_unicode_ci DEFAULT NULL,
  `icon_image` varchar(191) COLLATE utf8mb4_unicode_ci DEFAULT NULL,
  PRIMARY KEY (`id`),
  KEY `ec_product_categories_parent_id_status_created_at_index` (`parent_id`,`status`,`created_at`),
  KEY `ec_product_categories_parent_id_status_index` (`parent_id`,`status`),
  KEY `idx_categories_status_order` (`status`,`order`),
  KEY `idx_categories_order` (`order`),
  KEY `ec_product_categories_slug_index` (`slug`),
  KEY `idx_ec_product_categories_status` (`status`),
  KEY `idx_ec_product_categories_parent_id` (`parent_id`),
  KEY `idx_ec_product_categories_status_parent_order` (`status`,`parent_id`,`order`),
  KEY `idx_ec_product_categories_is_featured` (`is_featured`),
  KEY `idx_ec_product_categories_name` (`name`),
  KEY `idx_ec_product_categories_slug` (`slug`)
) ENGINE=InnoDB AUTO_INCREMENT=18 DEFAULT CHARSET=utf8mb4 COLLATE=utf8mb4_unicode_ci;

--
-- Dumping data for table `ec_product_categories`
--

INSERT INTO `ec_product_categories` VALUES (1,'Pro Glasses',NULL,0,NULL,'published',0,'banners/banner-2-01.jpg',1,'2025-11-18 21:22:42','2025-11-18 21:22:42',NULL,NULL),(2,'Casual Shoes',NULL,0,NULL,'published',0,'banners/banner-2-02.jpg',1,'2025-11-18 21:22:42','2025-11-18 21:22:42',NULL,NULL),(3,'Winter Jacket',NULL,2,NULL,'published',0,'banners/banner-2-03.jpg',1,'2025-11-18 21:22:42','2025-11-18 21:22:42',NULL,NULL),(4,'New Added',NULL,2,NULL,'published',0,'banners/banner-2-04.jpg',1,'2025-11-18 21:22:42','2025-11-18 21:22:42',NULL,NULL),(5,'Wooden',NULL,2,NULL,'published',0,NULL,1,'2025-11-18 21:22:42','2025-11-18 21:22:42',NULL,NULL),(6,'Furniture',NULL,2,NULL,'published',0,NULL,1,'2025-11-18 21:22:42','2025-11-18 21:22:42',NULL,NULL),(7,'Clock',NULL,2,NULL,'published',0,NULL,1,'2025-11-18 21:22:42','2025-11-18 21:22:42',NULL,NULL),(8,'Gifts',NULL,2,NULL,'published',0,NULL,1,'2025-11-18 21:22:42','2025-11-18 21:22:42',NULL,NULL),(9,'Crafts',NULL,2,NULL,'published',0,NULL,1,'2025-11-18 21:22:42','2025-11-18 21:22:42',NULL,NULL),(10,'Gift Sets',NULL,0,NULL,'published',0,'features/feature-icon-01.png',1,'2025-11-18 21:22:42','2025-11-18 21:22:42',NULL,NULL),(11,'Plastic Gifts',NULL,0,NULL,'published',0,'features/feature-icon-02.png',1,'2025-11-18 21:22:42','2025-11-18 21:22:42',NULL,NULL),(12,'Handy Cream',NULL,0,NULL,'published',0,'features/feature-icon-03.png',1,'2025-11-18 21:22:42','2025-11-18 21:22:42',NULL,NULL),(13,'Cosmetics',NULL,0,NULL,'published',0,'features/feature-icon-04.png',1,'2025-11-18 21:22:42','2025-11-18 21:22:42',NULL,NULL),(14,'Silk Accessories',NULL,0,NULL,'published',0,'features/feature-icon-05.png',1,'2025-11-18 21:22:42','2025-11-18 21:22:42',NULL,NULL),(15,'Finest Skincare Lotions',NULL,0,NULL,'published',0,'features/feature-icon-06.png',1,'2025-11-18 21:22:42','2025-11-18 21:22:42',NULL,NULL),(16,'Bags & Purses',NULL,0,NULL,'published',0,NULL,1,'2025-11-18 21:22:42','2025-11-18 21:22:42',NULL,NULL),(17,'Sunglasses',NULL,0,NULL,'published',0,NULL,1,'2025-11-18 21:22:42','2025-11-18 21:22:42',NULL,NULL);

--
-- Table structure for table `ec_product_categories_translations`
--

CREATE TABLE `ec_product_categories_translations` (
  `lang_code` varchar(191) COLLATE utf8mb4_unicode_ci NOT NULL,
  `ec_product_categories_id` bigint unsigned NOT NULL,
  `name` varchar(191) COLLATE utf8mb4_unicode_ci DEFAULT NULL,
  `slug` varchar(191) COLLATE utf8mb4_unicode_ci DEFAULT NULL,
  `description` mediumtext COLLATE utf8mb4_unicode_ci,
  PRIMARY KEY (`lang_code`,`ec_product_categories_id`)
) ENGINE=InnoDB DEFAULT CHARSET=utf8mb4 COLLATE=utf8mb4_unicode_ci;

--
-- Dumping data for table `ec_product_categories_translations`
--


--
-- Table structure for table `ec_product_categorizables`
--

CREATE TABLE `ec_product_categorizables` (
  `category_id` bigint unsigned NOT NULL,
  `reference_id` bigint unsigned NOT NULL,
  `reference_type` varchar(120) COLLATE utf8mb4_unicode_ci NOT NULL,
  PRIMARY KEY (`category_id`,`reference_id`,`reference_type`),
  KEY `ec_product_categorizables_category_id_index` (`category_id`),
  KEY `ec_product_categorizables_reference_id_index` (`reference_id`),
  KEY `ec_product_categorizables_reference_type_index` (`reference_type`)
) ENGINE=InnoDB DEFAULT CHARSET=utf8mb4 COLLATE=utf8mb4_unicode_ci;

--
-- Dumping data for table `ec_product_categorizables`
--


--
-- Table structure for table `ec_product_category_product`
--

CREATE TABLE `ec_product_category_product` (
  `category_id` bigint unsigned NOT NULL,
  `product_id` bigint unsigned NOT NULL,
  PRIMARY KEY (`product_id`,`category_id`),
  KEY `ec_product_category_product_category_id_index` (`category_id`),
  KEY `ec_product_category_product_product_id_index` (`product_id`),
  KEY `idx_product_category` (`product_id`,`category_id`),
  KEY `idx_product_id_category_id` (`product_id`,`category_id`)
) ENGINE=InnoDB DEFAULT CHARSET=utf8mb4 COLLATE=utf8mb4_unicode_ci;

--
-- Dumping data for table `ec_product_category_product`
--

INSERT INTO `ec_product_category_product` VALUES (1,3),(1,12),(1,13),(1,15),(1,25),(1,26),(1,50),(1,51),(1,75),(2,64),(2,71),(2,74),(3,7),(3,9),(3,20),(3,38),(3,65),(4,4),(4,18),(4,22),(4,32),(4,39),(4,40),(4,56),(5,19),(5,43),(5,58),(5,70),(6,5),(6,53),(6,62),(6,72),(7,14),(7,23),(7,31),(7,37),(7,55),(7,67),(7,69),(8,2),(9,6),(9,11),(9,29),(9,33),(9,44),(9,52),(9,60),(9,61),(9,66),(10,1),(10,27),(10,28),(10,35),(10,36),(10,41),(10,54),(10,57),(11,8),(11,10),(11,42),(11,45),(11,73),(12,21),(12,24),(12,47),(12,48),(12,68),(13,16),(13,17),(13,30),(13,34),(14,46),(14,49),(14,59),(14,63);

--
-- Table structure for table `ec_product_collection_products`
--

CREATE TABLE `ec_product_collection_products` (
  `product_collection_id` bigint unsigned NOT NULL,
  `product_id` bigint unsigned NOT NULL,
  PRIMARY KEY (`product_id`,`product_collection_id`),
  KEY `ec_product_collection_products_product_collection_id_index` (`product_collection_id`),
  KEY `ec_product_collection_products_product_id_index` (`product_id`),
  KEY `idx_product_id_collection_id` (`product_id`,`product_collection_id`)
) ENGINE=InnoDB DEFAULT CHARSET=utf8mb4 COLLATE=utf8mb4_unicode_ci;

--
-- Dumping data for table `ec_product_collection_products`
--

INSERT INTO `ec_product_collection_products` VALUES (1,1),(1,4),(1,8),(1,9),(1,10),(1,11),(1,13),(1,14),(1,15),(1,21),(1,26),(1,28),(1,29),(1,30),(1,32),(1,33),(1,39),(1,44),(1,51),(1,55),(1,60),(1,63),(1,64),(1,67),(1,68),(1,72),(1,73),(2,3),(2,5),(2,18),(2,19),(2,20),(2,23),(2,24),(2,25),(2,27),(2,31),(2,40),(2,42),(2,47),(2,48),(2,50),(2,52),(2,54),(2,56),(2,57),(2,58),(2,59),(2,66),(2,69),(2,70),(2,71),(2,75),(3,2),(3,6),(3,7),(3,12),(3,16),(3,17),(3,22),(3,34),(3,35),(3,36),(3,37),(3,38),(3,41),(3,43),(3,45),(3,46),(3,49),(3,53),(3,61),(3,62),(3,65),(3,74);

--
-- Table structure for table `ec_product_collections`
--

CREATE TABLE `ec_product_collections` (
  `id` bigint unsigned NOT NULL AUTO_INCREMENT,
  `name` varchar(191) COLLATE utf8mb4_unicode_ci NOT NULL,
  `slug` varchar(191) COLLATE utf8mb4_unicode_ci NOT NULL,
  `description` varchar(400) COLLATE utf8mb4_unicode_ci DEFAULT NULL,
  `image` varchar(191) COLLATE utf8mb4_unicode_ci DEFAULT NULL,
  `status` varchar(60) COLLATE utf8mb4_unicode_ci NOT NULL DEFAULT 'published',
  `created_at` timestamp NULL DEFAULT NULL,
  `updated_at` timestamp NULL DEFAULT NULL,
  `is_featured` tinyint unsigned NOT NULL DEFAULT '0',
  PRIMARY KEY (`id`)
) ENGINE=InnoDB AUTO_INCREMENT=8 DEFAULT CHARSET=utf8mb4 COLLATE=utf8mb4_unicode_ci;

--
-- Dumping data for table `ec_product_collections`
--

INSERT INTO `ec_product_collections` VALUES (1,'New Arrival','new-arrival',NULL,NULL,'published','2025-11-18 21:22:42','2025-11-18 21:22:42',0),(2,'Best Sellers','best-sellers',NULL,NULL,'published','2025-11-18 21:22:42','2025-11-18 21:22:42',0),(3,'Special Offer','special-offer',NULL,NULL,'published','2025-11-18 21:22:42','2025-11-18 21:22:42',0),(4,'Reactive Providence Hair Color','reactive-providence-hair-color',NULL,'banners/thumb-01.jpg','published','2025-11-18 21:22:42','2025-11-18 21:22:42',0),(5,'New Modern &amp; Stylist Makeup','new-modern-stylist-makeup',NULL,'banners/thumb-02.jpg','published','2025-11-18 21:22:42','2025-11-18 21:22:42',0),(6,'Intensive Glow C+ Serum','intensive-glow-c-serum',NULL,'banners/thumb-03.jpg','published','2025-11-18 21:22:42','2025-11-18 21:22:42',0),(7,'Vogue','vogue',NULL,'banners/thumb-04.jpg','published','2025-11-18 21:22:42','2025-11-18 21:22:42',0);

--
-- Table structure for table `ec_product_collections_translations`
--

CREATE TABLE `ec_product_collections_translations` (
  `lang_code` varchar(191) COLLATE utf8mb4_unicode_ci NOT NULL,
  `ec_product_collections_id` bigint unsigned NOT NULL,
  `name` varchar(191) COLLATE utf8mb4_unicode_ci DEFAULT NULL,
  `description` varchar(400) COLLATE utf8mb4_unicode_ci DEFAULT NULL,
  PRIMARY KEY (`lang_code`,`ec_product_collections_id`)
) ENGINE=InnoDB DEFAULT CHARSET=utf8mb4 COLLATE=utf8mb4_unicode_ci;

--
-- Dumping data for table `ec_product_collections_translations`
--


--
-- Table structure for table `ec_product_cross_sale_relations`
--

CREATE TABLE `ec_product_cross_sale_relations` (
  `from_product_id` bigint unsigned NOT NULL,
  `to_product_id` bigint unsigned NOT NULL,
  `is_variant` tinyint(1) NOT NULL DEFAULT '0',
  `price` decimal(15,2) DEFAULT '0.00',
  `price_type` varchar(191) COLLATE utf8mb4_unicode_ci NOT NULL DEFAULT 'fixed',
  `apply_to_all_variations` tinyint(1) NOT NULL DEFAULT '1',
  PRIMARY KEY (`from_product_id`,`to_product_id`),
  KEY `ec_product_cross_sale_relations_from_product_id_index` (`from_product_id`),
  KEY `ec_product_cross_sale_relations_to_product_id_index` (`to_product_id`),
  KEY `idx_product_cross_sale` (`from_product_id`,`to_product_id`)
) ENGINE=InnoDB DEFAULT CHARSET=utf8mb4 COLLATE=utf8mb4_unicode_ci;

--
-- Dumping data for table `ec_product_cross_sale_relations`
--

INSERT INTO `ec_product_cross_sale_relations` VALUES (1,7,0,0.00,'fixed',1),(1,12,0,0.00,'fixed',1),(1,24,0,0.00,'fixed',1),(1,55,0,0.00,'fixed',1),(2,9,0,0.00,'fixed',1),(2,42,0,0.00,'fixed',1),(2,44,0,0.00,'fixed',1),(2,57,0,0.00,'fixed',1),(3,27,0,0.00,'fixed',1),(3,46,0,0.00,'fixed',1),(3,57,0,0.00,'fixed',1),(3,72,0,0.00,'fixed',1),(4,25,0,0.00,'fixed',1),(4,36,0,0.00,'fixed',1),(4,41,0,0.00,'fixed',1),(4,47,0,0.00,'fixed',1),(5,22,0,0.00,'fixed',1),(5,32,0,0.00,'fixed',1),(5,44,0,0.00,'fixed',1),(5,68,0,0.00,'fixed',1),(6,14,0,0.00,'fixed',1),(6,16,0,0.00,'fixed',1),(6,17,0,0.00,'fixed',1),(6,74,0,0.00,'fixed',1),(7,44,0,0.00,'fixed',1),(7,46,0,0.00,'fixed',1),(7,47,0,0.00,'fixed',1),(7,66,0,0.00,'fixed',1),(8,27,0,0.00,'fixed',1),(8,29,0,0.00,'fixed',1),(8,35,0,0.00,'fixed',1),(8,53,0,0.00,'fixed',1),(9,1,0,0.00,'fixed',1),(9,22,0,0.00,'fixed',1),(9,36,0,0.00,'fixed',1),(9,56,0,0.00,'fixed',1),(10,2,0,0.00,'fixed',1),(10,5,0,0.00,'fixed',1),(10,52,0,0.00,'fixed',1),(10,56,0,0.00,'fixed',1),(11,12,0,0.00,'fixed',1),(11,30,0,0.00,'fixed',1),(11,31,0,0.00,'fixed',1),(11,42,0,0.00,'fixed',1),(12,9,0,0.00,'fixed',1),(12,22,0,0.00,'fixed',1),(12,58,0,0.00,'fixed',1),(12,68,0,0.00,'fixed',1),(13,12,0,0.00,'fixed',1),(13,20,0,0.00,'fixed',1),(13,37,0,0.00,'fixed',1),(13,44,0,0.00,'fixed',1),(14,33,0,0.00,'fixed',1),(14,40,0,0.00,'fixed',1),(14,63,0,0.00,'fixed',1),(14,68,0,0.00,'fixed',1),(15,29,0,0.00,'fixed',1),(15,58,0,0.00,'fixed',1),(15,67,0,0.00,'fixed',1),(15,69,0,0.00,'fixed',1),(16,21,0,0.00,'fixed',1),(16,28,0,0.00,'fixed',1),(16,29,0,0.00,'fixed',1),(16,43,0,0.00,'fixed',1),(17,8,0,0.00,'fixed',1),(17,24,0,0.00,'fixed',1),(17,30,0,0.00,'fixed',1),(17,53,0,0.00,'fixed',1),(18,34,0,0.00,'fixed',1),(18,42,0,0.00,'fixed',1),(18,53,0,0.00,'fixed',1),(18,60,0,0.00,'fixed',1),(19,10,0,0.00,'fixed',1),(19,11,0,0.00,'fixed',1),(19,31,0,0.00,'fixed',1),(19,38,0,0.00,'fixed',1),(20,24,0,0.00,'fixed',1),(20,26,0,0.00,'fixed',1),(20,38,0,0.00,'fixed',1),(20,46,0,0.00,'fixed',1),(21,6,0,0.00,'fixed',1),(21,28,0,0.00,'fixed',1),(21,30,0,0.00,'fixed',1),(21,49,0,0.00,'fixed',1),(22,14,0,0.00,'fixed',1),(22,39,0,0.00,'fixed',1),(22,54,0,0.00,'fixed',1),(22,69,0,0.00,'fixed',1),(23,72,0,0.00,'fixed',1),(23,74,0,0.00,'fixed',1),(23,75,0,0.00,'fixed',1),(24,7,0,0.00,'fixed',1),(24,34,0,0.00,'fixed',1),(24,37,0,0.00,'fixed',1),(24,54,0,0.00,'fixed',1),(25,20,0,0.00,'fixed',1),(25,36,0,0.00,'fixed',1),(25,58,0,0.00,'fixed',1),(25,65,0,0.00,'fixed',1),(26,32,0,0.00,'fixed',1),(26,45,0,0.00,'fixed',1),(26,58,0,0.00,'fixed',1),(26,69,0,0.00,'fixed',1),(27,23,0,0.00,'fixed',1),(27,46,0,0.00,'fixed',1),(27,60,0,0.00,'fixed',1),(27,73,0,0.00,'fixed',1),(28,12,0,0.00,'fixed',1),(28,14,0,0.00,'fixed',1),(28,30,0,0.00,'fixed',1),(28,34,0,0.00,'fixed',1),(29,2,0,0.00,'fixed',1),(29,30,0,0.00,'fixed',1),(29,38,0,0.00,'fixed',1),(29,58,0,0.00,'fixed',1),(30,21,0,0.00,'fixed',1),(30,57,0,0.00,'fixed',1),(30,65,0,0.00,'fixed',1),(30,70,0,0.00,'fixed',1),(31,7,0,0.00,'fixed',1),(31,14,0,0.00,'fixed',1),(31,37,0,0.00,'fixed',1),(31,44,0,0.00,'fixed',1),(32,10,0,0.00,'fixed',1),(32,17,0,0.00,'fixed',1),(32,22,0,0.00,'fixed',1),(32,45,0,0.00,'fixed',1),(33,12,0,0.00,'fixed',1),(33,15,0,0.00,'fixed',1),(33,42,0,0.00,'fixed',1),(33,54,0,0.00,'fixed',1),(34,2,0,0.00,'fixed',1),(34,5,0,0.00,'fixed',1),(34,31,0,0.00,'fixed',1),(34,50,0,0.00,'fixed',1),(35,2,0,0.00,'fixed',1),(35,8,0,0.00,'fixed',1),(35,12,0,0.00,'fixed',1),(35,22,0,0.00,'fixed',1),(36,4,0,0.00,'fixed',1),(36,26,0,0.00,'fixed',1),(36,44,0,0.00,'fixed',1),(36,63,0,0.00,'fixed',1),(37,9,0,0.00,'fixed',1),(37,29,0,0.00,'fixed',1),(37,53,0,0.00,'fixed',1),(38,39,0,0.00,'fixed',1),(38,44,0,0.00,'fixed',1),(38,53,0,0.00,'fixed',1),(38,63,0,0.00,'fixed',1),(39,14,0,0.00,'fixed',1),(39,20,0,0.00,'fixed',1),(39,51,0,0.00,'fixed',1),(39,75,0,0.00,'fixed',1),(40,15,0,0.00,'fixed',1),(40,30,0,0.00,'fixed',1),(40,44,0,0.00,'fixed',1),(40,51,0,0.00,'fixed',1),(41,2,0,0.00,'fixed',1),(41,7,0,0.00,'fixed',1),(41,42,0,0.00,'fixed',1),(41,67,0,0.00,'fixed',1),(42,45,0,0.00,'fixed',1),(42,51,0,0.00,'fixed',1),(42,70,0,0.00,'fixed',1),(42,73,0,0.00,'fixed',1),(43,4,0,0.00,'fixed',1),(43,24,0,0.00,'fixed',1),(43,39,0,0.00,'fixed',1),(43,49,0,0.00,'fixed',1),(44,24,0,0.00,'fixed',1),(44,57,0,0.00,'fixed',1),(44,59,0,0.00,'fixed',1),(44,75,0,0.00,'fixed',1),(45,15,0,0.00,'fixed',1),(45,41,0,0.00,'fixed',1),(45,51,0,0.00,'fixed',1),(45,66,0,0.00,'fixed',1),(46,21,0,0.00,'fixed',1),(46,47,0,0.00,'fixed',1),(46,62,0,0.00,'fixed',1),(46,71,0,0.00,'fixed',1),(47,16,0,0.00,'fixed',1),(47,60,0,0.00,'fixed',1),(47,68,0,0.00,'fixed',1),(47,74,0,0.00,'fixed',1),(48,1,0,0.00,'fixed',1),(48,5,0,0.00,'fixed',1),(48,52,0,0.00,'fixed',1),(48,74,0,0.00,'fixed',1),(49,10,0,0.00,'fixed',1),(49,23,0,0.00,'fixed',1),(49,42,0,0.00,'fixed',1),(49,67,0,0.00,'fixed',1),(50,11,0,0.00,'fixed',1),(50,23,0,0.00,'fixed',1),(50,38,0,0.00,'fixed',1),(50,66,0,0.00,'fixed',1),(51,9,0,0.00,'fixed',1),(51,19,0,0.00,'fixed',1),(51,47,0,0.00,'fixed',1),(52,22,0,0.00,'fixed',1),(52,45,0,0.00,'fixed',1),(52,68,0,0.00,'fixed',1),(52,75,0,0.00,'fixed',1),(53,44,0,0.00,'fixed',1),(53,60,0,0.00,'fixed',1),(53,61,0,0.00,'fixed',1),(53,71,0,0.00,'fixed',1),(54,9,0,0.00,'fixed',1),(54,24,0,0.00,'fixed',1),(54,44,0,0.00,'fixed',1),(54,73,0,0.00,'fixed',1),(55,13,0,0.00,'fixed',1),(55,33,0,0.00,'fixed',1),(55,41,0,0.00,'fixed',1),(55,75,0,0.00,'fixed',1),(56,13,0,0.00,'fixed',1),(56,25,0,0.00,'fixed',1),(56,54,0,0.00,'fixed',1),(56,68,0,0.00,'fixed',1),(57,2,0,0.00,'fixed',1),(57,12,0,0.00,'fixed',1),(57,15,0,0.00,'fixed',1),(57,16,0,0.00,'fixed',1),(58,6,0,0.00,'fixed',1),(58,42,0,0.00,'fixed',1),(58,53,0,0.00,'fixed',1),(58,62,0,0.00,'fixed',1),(59,3,0,0.00,'fixed',1),(59,29,0,0.00,'fixed',1),(59,68,0,0.00,'fixed',1),(59,69,0,0.00,'fixed',1),(60,21,0,0.00,'fixed',1),(60,29,0,0.00,'fixed',1),(60,30,0,0.00,'fixed',1),(60,73,0,0.00,'fixed',1),(61,1,0,0.00,'fixed',1),(61,10,0,0.00,'fixed',1),(61,25,0,0.00,'fixed',1),(61,74,0,0.00,'fixed',1),(62,34,0,0.00,'fixed',1),(62,46,0,0.00,'fixed',1),(62,59,0,0.00,'fixed',1),(63,15,0,0.00,'fixed',1),(63,22,0,0.00,'fixed',1),(63,25,0,0.00,'fixed',1),(63,55,0,0.00,'fixed',1),(64,11,0,0.00,'fixed',1),(64,21,0,0.00,'fixed',1),(64,51,0,0.00,'fixed',1),(64,73,0,0.00,'fixed',1),(65,8,0,0.00,'fixed',1),(65,28,0,0.00,'fixed',1),(65,34,0,0.00,'fixed',1),(65,49,0,0.00,'fixed',1),(66,33,0,0.00,'fixed',1),(66,65,0,0.00,'fixed',1),(66,67,0,0.00,'fixed',1),(66,68,0,0.00,'fixed',1),(67,1,0,0.00,'fixed',1),(67,6,0,0.00,'fixed',1),(67,47,0,0.00,'fixed',1),(67,56,0,0.00,'fixed',1),(68,24,0,0.00,'fixed',1),(68,25,0,0.00,'fixed',1),(68,29,0,0.00,'fixed',1),(68,33,0,0.00,'fixed',1),(69,56,0,0.00,'fixed',1),(69,67,0,0.00,'fixed',1),(69,72,0,0.00,'fixed',1),(70,7,0,0.00,'fixed',1),(70,18,0,0.00,'fixed',1),(70,20,0,0.00,'fixed',1),(70,60,0,0.00,'fixed',1),(71,26,0,0.00,'fixed',1),(71,31,0,0.00,'fixed',1),(71,39,0,0.00,'fixed',1),(71,75,0,0.00,'fixed',1),(72,5,0,0.00,'fixed',1),(72,45,0,0.00,'fixed',1),(72,53,0,0.00,'fixed',1),(72,62,0,0.00,'fixed',1),(73,13,0,0.00,'fixed',1),(73,43,0,0.00,'fixed',1),(73,45,0,0.00,'fixed',1),(73,48,0,0.00,'fixed',1),(74,9,0,0.00,'fixed',1),(74,20,0,0.00,'fixed',1),(74,44,0,0.00,'fixed',1),(74,49,0,0.00,'fixed',1),(75,11,0,0.00,'fixed',1),(75,18,0,0.00,'fixed',1),(75,28,0,0.00,'fixed',1),(75,35,0,0.00,'fixed',1);

--
-- Table structure for table `ec_product_files`
--

CREATE TABLE `ec_product_files` (
  `id` bigint unsigned NOT NULL AUTO_INCREMENT,
  `product_id` bigint unsigned DEFAULT NULL,
  `url` varchar(400) COLLATE utf8mb4_unicode_ci DEFAULT NULL,
  `extras` mediumtext COLLATE utf8mb4_unicode_ci,
  `created_at` timestamp NULL DEFAULT NULL,
  `updated_at` timestamp NULL DEFAULT NULL,
  PRIMARY KEY (`id`),
  KEY `ec_product_files_product_id_index` (`product_id`)
) ENGINE=InnoDB AUTO_INCREMENT=421 DEFAULT CHARSET=utf8mb4 COLLATE=utf8mb4_unicode_ci;

--
-- Dumping data for table `ec_product_files`
--

INSERT INTO `ec_product_files` VALUES (1,76,'ecommerce/digital-product-files/product-72.jpg','{\"filename\":\"product-72.jpg\",\"url\":\"ecommerce\\/digital-product-files\\/product-72.jpg\",\"mime_type\":\"image\\/jpeg\",\"size\":9730,\"modified\":\"2025-11-19 04:22:50\",\"name\":\"product-72\",\"extension\":\"jpg\"}','2025-11-18 21:22:50','2025-11-18 21:22:50'),(2,76,'ecommerce/digital-product-files/product-10.jpg','{\"filename\":\"product-10.jpg\",\"url\":\"ecommerce\\/digital-product-files\\/product-10.jpg\",\"mime_type\":\"image\\/jpeg\",\"size\":9730,\"modified\":\"2025-11-19 04:22:50\",\"name\":\"product-10\",\"extension\":\"jpg\"}','2025-11-18 21:22:50','2025-11-18 21:22:50'),(3,76,'ecommerce/digital-product-files/product-2.jpg','{\"filename\":\"product-2.jpg\",\"url\":\"ecommerce\\/digital-product-files\\/product-2.jpg\",\"mime_type\":\"image\\/jpeg\",\"size\":9730,\"modified\":\"2025-11-19 04:22:50\",\"name\":\"product-2\",\"extension\":\"jpg\"}','2025-11-18 21:22:50','2025-11-18 21:22:50'),(4,76,'ecommerce/digital-product-files/product-16.jpg','{\"filename\":\"product-16.jpg\",\"url\":\"ecommerce\\/digital-product-files\\/product-16.jpg\",\"mime_type\":\"image\\/jpeg\",\"size\":9730,\"modified\":\"2025-11-19 04:22:50\",\"name\":\"product-16\",\"extension\":\"jpg\"}','2025-11-18 21:22:50','2025-11-18 21:22:50'),(5,76,'ecommerce/digital-product-files/product-68.jpg','{\"filename\":\"product-68.jpg\",\"url\":\"ecommerce\\/digital-product-files\\/product-68.jpg\",\"mime_type\":\"image\\/jpeg\",\"size\":9730,\"modified\":\"2025-11-19 04:22:50\",\"name\":\"product-68\",\"extension\":\"jpg\"}','2025-11-18 21:22:50','2025-11-18 21:22:50'),(6,76,'ecommerce/digital-product-files/product-79.jpg','{\"filename\":\"product-79.jpg\",\"url\":\"ecommerce\\/digital-product-files\\/product-79.jpg\",\"mime_type\":\"image\\/jpeg\",\"size\":9730,\"modified\":\"2025-11-19 04:22:50\",\"name\":\"product-79\",\"extension\":\"jpg\"}','2025-11-18 21:22:50','2025-11-18 21:22:50'),(7,76,'ecommerce/digital-product-files/product-71.jpg','{\"filename\":\"product-71.jpg\",\"url\":\"ecommerce\\/digital-product-files\\/product-71.jpg\",\"mime_type\":\"image\\/jpeg\",\"size\":9730,\"modified\":\"2025-11-19 04:22:50\",\"name\":\"product-71\",\"extension\":\"jpg\"}','2025-11-18 21:22:50','2025-11-18 21:22:50'),(8,76,'ecommerce/digital-product-files/product-80.jpg','{\"filename\":\"product-80.jpg\",\"url\":\"ecommerce\\/digital-product-files\\/product-80.jpg\",\"mime_type\":\"image\\/jpeg\",\"size\":9730,\"modified\":\"2025-11-19 04:22:50\",\"name\":\"product-80\",\"extension\":\"jpg\"}','2025-11-18 21:22:50','2025-11-18 21:22:50'),(9,76,'ecommerce/digital-product-files/product-67.jpg','{\"filename\":\"product-67.jpg\",\"url\":\"ecommerce\\/digital-product-files\\/product-67.jpg\",\"mime_type\":\"image\\/jpeg\",\"size\":9730,\"modified\":\"2025-11-19 04:22:50\",\"name\":\"product-67\",\"extension\":\"jpg\"}','2025-11-18 21:22:50','2025-11-18 21:22:50'),(10,77,'ecommerce/digital-product-files/product-72.jpg','{\"filename\":\"product-72.jpg\",\"url\":\"ecommerce\\/digital-product-files\\/product-72.jpg\",\"mime_type\":\"image\\/jpeg\",\"size\":9730,\"modified\":\"2025-11-19 04:22:50\",\"name\":\"product-72\",\"extension\":\"jpg\"}','2025-11-18 21:22:50','2025-11-18 21:22:50'),(11,77,'ecommerce/digital-product-files/product-10.jpg','{\"filename\":\"product-10.jpg\",\"url\":\"ecommerce\\/digital-product-files\\/product-10.jpg\",\"mime_type\":\"image\\/jpeg\",\"size\":9730,\"modified\":\"2025-11-19 04:22:50\",\"name\":\"product-10\",\"extension\":\"jpg\"}','2025-11-18 21:22:50','2025-11-18 21:22:50'),(12,77,'ecommerce/digital-product-files/product-2.jpg','{\"filename\":\"product-2.jpg\",\"url\":\"ecommerce\\/digital-product-files\\/product-2.jpg\",\"mime_type\":\"image\\/jpeg\",\"size\":9730,\"modified\":\"2025-11-19 04:22:50\",\"name\":\"product-2\",\"extension\":\"jpg\"}','2025-11-18 21:22:50','2025-11-18 21:22:50'),(13,77,'ecommerce/digital-product-files/product-16.jpg','{\"filename\":\"product-16.jpg\",\"url\":\"ecommerce\\/digital-product-files\\/product-16.jpg\",\"mime_type\":\"image\\/jpeg\",\"size\":9730,\"modified\":\"2025-11-19 04:22:50\",\"name\":\"product-16\",\"extension\":\"jpg\"}','2025-11-18 21:22:50','2025-11-18 21:22:50'),(14,77,'ecommerce/digital-product-files/product-68.jpg','{\"filename\":\"product-68.jpg\",\"url\":\"ecommerce\\/digital-product-files\\/product-68.jpg\",\"mime_type\":\"image\\/jpeg\",\"size\":9730,\"modified\":\"2025-11-19 04:22:50\",\"name\":\"product-68\",\"extension\":\"jpg\"}','2025-11-18 21:22:50','2025-11-18 21:22:50'),(15,77,'ecommerce/digital-product-files/product-79.jpg','{\"filename\":\"product-79.jpg\",\"url\":\"ecommerce\\/digital-product-files\\/product-79.jpg\",\"mime_type\":\"image\\/jpeg\",\"size\":9730,\"modified\":\"2025-11-19 04:22:50\",\"name\":\"product-79\",\"extension\":\"jpg\"}','2025-11-18 21:22:50','2025-11-18 21:22:50'),(16,77,'ecommerce/digital-product-files/product-71.jpg','{\"filename\":\"product-71.jpg\",\"url\":\"ecommerce\\/digital-product-files\\/product-71.jpg\",\"mime_type\":\"image\\/jpeg\",\"size\":9730,\"modified\":\"2025-11-19 04:22:50\",\"name\":\"product-71\",\"extension\":\"jpg\"}','2025-11-18 21:22:50','2025-11-18 21:22:50'),(17,77,'ecommerce/digital-product-files/product-80.jpg','{\"filename\":\"product-80.jpg\",\"url\":\"ecommerce\\/digital-product-files\\/product-80.jpg\",\"mime_type\":\"image\\/jpeg\",\"size\":9730,\"modified\":\"2025-11-19 04:22:50\",\"name\":\"product-80\",\"extension\":\"jpg\"}','2025-11-18 21:22:50','2025-11-18 21:22:50'),(18,77,'ecommerce/digital-product-files/product-67.jpg','{\"filename\":\"product-67.jpg\",\"url\":\"ecommerce\\/digital-product-files\\/product-67.jpg\",\"mime_type\":\"image\\/jpeg\",\"size\":9730,\"modified\":\"2025-11-19 04:22:50\",\"name\":\"product-67\",\"extension\":\"jpg\"}','2025-11-18 21:22:50','2025-11-18 21:22:50'),(19,78,'ecommerce/digital-product-files/product-72.jpg','{\"filename\":\"product-72.jpg\",\"url\":\"ecommerce\\/digital-product-files\\/product-72.jpg\",\"mime_type\":\"image\\/jpeg\",\"size\":9730,\"modified\":\"2025-11-19 04:22:50\",\"name\":\"product-72\",\"extension\":\"jpg\"}','2025-11-18 21:22:50','2025-11-18 21:22:50'),(20,78,'ecommerce/digital-product-files/product-10.jpg','{\"filename\":\"product-10.jpg\",\"url\":\"ecommerce\\/digital-product-files\\/product-10.jpg\",\"mime_type\":\"image\\/jpeg\",\"size\":9730,\"modified\":\"2025-11-19 04:22:50\",\"name\":\"product-10\",\"extension\":\"jpg\"}','2025-11-18 21:22:50','2025-11-18 21:22:50'),(21,78,'ecommerce/digital-product-files/product-2.jpg','{\"filename\":\"product-2.jpg\",\"url\":\"ecommerce\\/digital-product-files\\/product-2.jpg\",\"mime_type\":\"image\\/jpeg\",\"size\":9730,\"modified\":\"2025-11-19 04:22:50\",\"name\":\"product-2\",\"extension\":\"jpg\"}','2025-11-18 21:22:50','2025-11-18 21:22:50'),(22,78,'ecommerce/digital-product-files/product-16.jpg','{\"filename\":\"product-16.jpg\",\"url\":\"ecommerce\\/digital-product-files\\/product-16.jpg\",\"mime_type\":\"image\\/jpeg\",\"size\":9730,\"modified\":\"2025-11-19 04:22:50\",\"name\":\"product-16\",\"extension\":\"jpg\"}','2025-11-18 21:22:50','2025-11-18 21:22:50'),(23,78,'ecommerce/digital-product-files/product-68.jpg','{\"filename\":\"product-68.jpg\",\"url\":\"ecommerce\\/digital-product-files\\/product-68.jpg\",\"mime_type\":\"image\\/jpeg\",\"size\":9730,\"modified\":\"2025-11-19 04:22:50\",\"name\":\"product-68\",\"extension\":\"jpg\"}','2025-11-18 21:22:50','2025-11-18 21:22:50'),(24,78,'ecommerce/digital-product-files/product-79.jpg','{\"filename\":\"product-79.jpg\",\"url\":\"ecommerce\\/digital-product-files\\/product-79.jpg\",\"mime_type\":\"image\\/jpeg\",\"size\":9730,\"modified\":\"2025-11-19 04:22:50\",\"name\":\"product-79\",\"extension\":\"jpg\"}','2025-11-18 21:22:50','2025-11-18 21:22:50'),(25,78,'ecommerce/digital-product-files/product-71.jpg','{\"filename\":\"product-71.jpg\",\"url\":\"ecommerce\\/digital-product-files\\/product-71.jpg\",\"mime_type\":\"image\\/jpeg\",\"size\":9730,\"modified\":\"2025-11-19 04:22:50\",\"name\":\"product-71\",\"extension\":\"jpg\"}','2025-11-18 21:22:50','2025-11-18 21:22:50'),(26,78,'ecommerce/digital-product-files/product-80.jpg','{\"filename\":\"product-80.jpg\",\"url\":\"ecommerce\\/digital-product-files\\/product-80.jpg\",\"mime_type\":\"image\\/jpeg\",\"size\":9730,\"modified\":\"2025-11-19 04:22:50\",\"name\":\"product-80\",\"extension\":\"jpg\"}','2025-11-18 21:22:50','2025-11-18 21:22:50'),(27,78,'ecommerce/digital-product-files/product-67.jpg','{\"filename\":\"product-67.jpg\",\"url\":\"ecommerce\\/digital-product-files\\/product-67.jpg\",\"mime_type\":\"image\\/jpeg\",\"size\":9730,\"modified\":\"2025-11-19 04:22:50\",\"name\":\"product-67\",\"extension\":\"jpg\"}','2025-11-18 21:22:50','2025-11-18 21:22:50'),(28,84,'ecommerce/digital-product-files/product-82.jpg','{\"filename\":\"product-82.jpg\",\"url\":\"ecommerce\\/digital-product-files\\/product-82.jpg\",\"mime_type\":\"image\\/jpeg\",\"size\":9730,\"modified\":\"2025-11-19 04:22:51\",\"name\":\"product-82\",\"extension\":\"jpg\"}','2025-11-18 21:22:51','2025-11-18 21:22:51'),(29,84,'ecommerce/digital-product-files/product-47.jpg','{\"filename\":\"product-47.jpg\",\"url\":\"ecommerce\\/digital-product-files\\/product-47.jpg\",\"mime_type\":\"image\\/jpeg\",\"size\":9730,\"modified\":\"2025-11-19 04:22:51\",\"name\":\"product-47\",\"extension\":\"jpg\"}','2025-11-18 21:22:51','2025-11-18 21:22:51'),(30,84,'ecommerce/digital-product-files/product-38.jpg','{\"filename\":\"product-38.jpg\",\"url\":\"ecommerce\\/digital-product-files\\/product-38.jpg\",\"mime_type\":\"image\\/jpeg\",\"size\":9730,\"modified\":\"2025-11-19 04:22:51\",\"name\":\"product-38\",\"extension\":\"jpg\"}','2025-11-18 21:22:51','2025-11-18 21:22:51'),(31,84,'ecommerce/digital-product-files/product-66.jpg','{\"filename\":\"product-66.jpg\",\"url\":\"ecommerce\\/digital-product-files\\/product-66.jpg\",\"mime_type\":\"image\\/jpeg\",\"size\":9730,\"modified\":\"2025-11-19 04:22:51\",\"name\":\"product-66\",\"extension\":\"jpg\"}','2025-11-18 21:22:51','2025-11-18 21:22:51'),(32,84,'ecommerce/digital-product-files/product-42.jpg','{\"filename\":\"product-42.jpg\",\"url\":\"ecommerce\\/digital-product-files\\/product-42.jpg\",\"mime_type\":\"image\\/jpeg\",\"size\":9730,\"modified\":\"2025-11-19 04:22:51\",\"name\":\"product-42\",\"extension\":\"jpg\"}','2025-11-18 21:22:51','2025-11-18 21:22:51'),(33,93,'ecommerce/digital-product-files/product-22.jpg','{\"filename\":\"product-22.jpg\",\"url\":\"ecommerce\\/digital-product-files\\/product-22.jpg\",\"mime_type\":\"image\\/jpeg\",\"size\":9730,\"modified\":\"2025-11-19 04:22:51\",\"name\":\"product-22\",\"extension\":\"jpg\"}','2025-11-18 21:22:51','2025-11-18 21:22:51'),(34,93,'ecommerce/digital-product-files/product-61.jpg','{\"filename\":\"product-61.jpg\",\"url\":\"ecommerce\\/digital-product-files\\/product-61.jpg\",\"mime_type\":\"image\\/jpeg\",\"size\":9730,\"modified\":\"2025-11-19 04:22:51\",\"name\":\"product-61\",\"extension\":\"jpg\"}','2025-11-18 21:22:51','2025-11-18 21:22:51'),(35,93,'ecommerce/digital-product-files/product-4.jpg','{\"filename\":\"product-4.jpg\",\"url\":\"ecommerce\\/digital-product-files\\/product-4.jpg\",\"mime_type\":\"image\\/jpeg\",\"size\":9730,\"modified\":\"2025-11-19 04:22:51\",\"name\":\"product-4\",\"extension\":\"jpg\"}','2025-11-18 21:22:51','2025-11-18 21:22:51'),(36,93,'ecommerce/digital-product-files/product-87.jpg','{\"filename\":\"product-87.jpg\",\"url\":\"ecommerce\\/digital-product-files\\/product-87.jpg\",\"mime_type\":\"image\\/jpeg\",\"size\":9730,\"modified\":\"2025-11-19 04:22:51\",\"name\":\"product-87\",\"extension\":\"jpg\"}','2025-11-18 21:22:51','2025-11-18 21:22:51'),(37,93,'ecommerce/digital-product-files/product-39.jpg','{\"filename\":\"product-39.jpg\",\"url\":\"ecommerce\\/digital-product-files\\/product-39.jpg\",\"mime_type\":\"image\\/jpeg\",\"size\":9730,\"modified\":\"2025-11-19 04:22:51\",\"name\":\"product-39\",\"extension\":\"jpg\"}','2025-11-18 21:22:51','2025-11-18 21:22:51'),(38,93,'ecommerce/digital-product-files/product-76.jpg','{\"filename\":\"product-76.jpg\",\"url\":\"ecommerce\\/digital-product-files\\/product-76.jpg\",\"mime_type\":\"image\\/jpeg\",\"size\":9730,\"modified\":\"2025-11-19 04:22:51\",\"name\":\"product-76\",\"extension\":\"jpg\"}','2025-11-18 21:22:51','2025-11-18 21:22:51'),(39,93,'ecommerce/digital-product-files/product-60.jpg','{\"filename\":\"product-60.jpg\",\"url\":\"ecommerce\\/digital-product-files\\/product-60.jpg\",\"mime_type\":\"image\\/jpeg\",\"size\":9730,\"modified\":\"2025-11-19 04:22:51\",\"name\":\"product-60\",\"extension\":\"jpg\"}','2025-11-18 21:22:51','2025-11-18 21:22:51'),(40,93,'ecommerce/digital-product-files/product-71.jpg','{\"filename\":\"product-71.jpg\",\"url\":\"ecommerce\\/digital-product-files\\/product-71.jpg\",\"mime_type\":\"image\\/jpeg\",\"size\":9730,\"modified\":\"2025-11-19 04:22:51\",\"name\":\"product-71\",\"extension\":\"jpg\"}','2025-11-18 21:22:51','2025-11-18 21:22:51'),(41,93,'ecommerce/digital-product-files/product-42.jpg','{\"filename\":\"product-42.jpg\",\"url\":\"ecommerce\\/digital-product-files\\/product-42.jpg\",\"mime_type\":\"image\\/jpeg\",\"size\":9730,\"modified\":\"2025-11-19 04:22:51\",\"name\":\"product-42\",\"extension\":\"jpg\"}','2025-11-18 21:22:51','2025-11-18 21:22:51'),(42,93,'ecommerce/digital-product-files/product-46.jpg','{\"filename\":\"product-46.jpg\",\"url\":\"ecommerce\\/digital-product-files\\/product-46.jpg\",\"mime_type\":\"image\\/jpeg\",\"size\":9730,\"modified\":\"2025-11-19 04:22:51\",\"name\":\"product-46\",\"extension\":\"jpg\"}','2025-11-18 21:22:51','2025-11-18 21:22:51'),(43,93,'ecommerce/digital-product-files/product-95.jpg','{\"filename\":\"product-95.jpg\",\"url\":\"ecommerce\\/digital-product-files\\/product-95.jpg\",\"mime_type\":\"image\\/jpeg\",\"size\":9730,\"modified\":\"2025-11-19 04:22:51\",\"name\":\"product-95\",\"extension\":\"jpg\"}','2025-11-18 21:22:51','2025-11-18 21:22:51'),(44,104,'ecommerce/digital-product-files/product-17.jpg','{\"filename\":\"product-17.jpg\",\"url\":\"ecommerce\\/digital-product-files\\/product-17.jpg\",\"mime_type\":\"image\\/jpeg\",\"size\":9730,\"modified\":\"2025-11-19 04:22:51\",\"name\":\"product-17\",\"extension\":\"jpg\"}','2025-11-18 21:22:51','2025-11-18 21:22:51'),(45,104,'ecommerce/digital-product-files/product-31.jpg','{\"filename\":\"product-31.jpg\",\"url\":\"ecommerce\\/digital-product-files\\/product-31.jpg\",\"mime_type\":\"image\\/jpeg\",\"size\":9730,\"modified\":\"2025-11-19 04:22:51\",\"name\":\"product-31\",\"extension\":\"jpg\"}','2025-11-18 21:22:51','2025-11-18 21:22:51'),(46,104,'ecommerce/digital-product-files/product-91.jpg','{\"filename\":\"product-91.jpg\",\"url\":\"ecommerce\\/digital-product-files\\/product-91.jpg\",\"mime_type\":\"image\\/jpeg\",\"size\":9730,\"modified\":\"2025-11-19 04:22:51\",\"name\":\"product-91\",\"extension\":\"jpg\"}','2025-11-18 21:22:51','2025-11-18 21:22:51'),(47,104,'ecommerce/digital-product-files/product-11.jpg','{\"filename\":\"product-11.jpg\",\"url\":\"ecommerce\\/digital-product-files\\/product-11.jpg\",\"mime_type\":\"image\\/jpeg\",\"size\":9730,\"modified\":\"2025-11-19 04:22:51\",\"name\":\"product-11\",\"extension\":\"jpg\"}','2025-11-18 21:22:51','2025-11-18 21:22:51'),(48,104,'ecommerce/digital-product-files/product-36.jpg','{\"filename\":\"product-36.jpg\",\"url\":\"ecommerce\\/digital-product-files\\/product-36.jpg\",\"mime_type\":\"image\\/jpeg\",\"size\":9730,\"modified\":\"2025-11-19 04:22:51\",\"name\":\"product-36\",\"extension\":\"jpg\"}','2025-11-18 21:22:51','2025-11-18 21:22:51'),(49,104,'ecommerce/digital-product-files/product-58.jpg','{\"filename\":\"product-58.jpg\",\"url\":\"ecommerce\\/digital-product-files\\/product-58.jpg\",\"mime_type\":\"image\\/jpeg\",\"size\":9730,\"modified\":\"2025-11-19 04:22:51\",\"name\":\"product-58\",\"extension\":\"jpg\"}','2025-11-18 21:22:51','2025-11-18 21:22:51'),(50,113,'ecommerce/digital-product-files/product-14.jpg','{\"filename\":\"product-14.jpg\",\"url\":\"ecommerce\\/digital-product-files\\/product-14.jpg\",\"mime_type\":\"image\\/jpeg\",\"size\":9730,\"modified\":\"2025-11-19 04:22:51\",\"name\":\"product-14\",\"extension\":\"jpg\"}','2025-11-18 21:22:51','2025-11-18 21:22:51'),(51,113,'ecommerce/digital-product-files/product-44.jpg','{\"filename\":\"product-44.jpg\",\"url\":\"ecommerce\\/digital-product-files\\/product-44.jpg\",\"mime_type\":\"image\\/jpeg\",\"size\":9730,\"modified\":\"2025-11-19 04:22:51\",\"name\":\"product-44\",\"extension\":\"jpg\"}','2025-11-18 21:22:51','2025-11-18 21:22:51'),(52,113,'ecommerce/digital-product-files/product-20.jpg','{\"filename\":\"product-20.jpg\",\"url\":\"ecommerce\\/digital-product-files\\/product-20.jpg\",\"mime_type\":\"image\\/jpeg\",\"size\":9730,\"modified\":\"2025-11-19 04:22:51\",\"name\":\"product-20\",\"extension\":\"jpg\"}','2025-11-18 21:22:51','2025-11-18 21:22:51'),(53,113,'ecommerce/digital-product-files/product-9.jpg','{\"filename\":\"product-9.jpg\",\"url\":\"ecommerce\\/digital-product-files\\/product-9.jpg\",\"mime_type\":\"image\\/jpeg\",\"size\":9730,\"modified\":\"2025-11-19 04:22:51\",\"name\":\"product-9\",\"extension\":\"jpg\"}','2025-11-18 21:22:51','2025-11-18 21:22:51'),(54,113,'ecommerce/digital-product-files/product-3.jpg','{\"filename\":\"product-3.jpg\",\"url\":\"ecommerce\\/digital-product-files\\/product-3.jpg\",\"mime_type\":\"image\\/jpeg\",\"size\":9730,\"modified\":\"2025-11-19 04:22:51\",\"name\":\"product-3\",\"extension\":\"jpg\"}','2025-11-18 21:22:51','2025-11-18 21:22:51'),(55,114,'ecommerce/digital-product-files/product-14.jpg','{\"filename\":\"product-14.jpg\",\"url\":\"ecommerce\\/digital-product-files\\/product-14.jpg\",\"mime_type\":\"image\\/jpeg\",\"size\":9730,\"modified\":\"2025-11-19 04:22:51\",\"name\":\"product-14\",\"extension\":\"jpg\"}','2025-11-18 21:22:51','2025-11-18 21:22:51'),(56,114,'ecommerce/digital-product-files/product-44.jpg','{\"filename\":\"product-44.jpg\",\"url\":\"ecommerce\\/digital-product-files\\/product-44.jpg\",\"mime_type\":\"image\\/jpeg\",\"size\":9730,\"modified\":\"2025-11-19 04:22:51\",\"name\":\"product-44\",\"extension\":\"jpg\"}','2025-11-18 21:22:51','2025-11-18 21:22:51'),(57,114,'ecommerce/digital-product-files/product-20.jpg','{\"filename\":\"product-20.jpg\",\"url\":\"ecommerce\\/digital-product-files\\/product-20.jpg\",\"mime_type\":\"image\\/jpeg\",\"size\":9730,\"modified\":\"2025-11-19 04:22:51\",\"name\":\"product-20\",\"extension\":\"jpg\"}','2025-11-18 21:22:51','2025-11-18 21:22:51'),(58,114,'ecommerce/digital-product-files/product-9.jpg','{\"filename\":\"product-9.jpg\",\"url\":\"ecommerce\\/digital-product-files\\/product-9.jpg\",\"mime_type\":\"image\\/jpeg\",\"size\":9730,\"modified\":\"2025-11-19 04:22:51\",\"name\":\"product-9\",\"extension\":\"jpg\"}','2025-11-18 21:22:51','2025-11-18 21:22:51'),(59,114,'ecommerce/digital-product-files/product-3.jpg','{\"filename\":\"product-3.jpg\",\"url\":\"ecommerce\\/digital-product-files\\/product-3.jpg\",\"mime_type\":\"image\\/jpeg\",\"size\":9730,\"modified\":\"2025-11-19 04:22:51\",\"name\":\"product-3\",\"extension\":\"jpg\"}','2025-11-18 21:22:51','2025-11-18 21:22:51'),(60,115,'ecommerce/digital-product-files/product-14.jpg','{\"filename\":\"product-14.jpg\",\"url\":\"ecommerce\\/digital-product-files\\/product-14.jpg\",\"mime_type\":\"image\\/jpeg\",\"size\":9730,\"modified\":\"2025-11-19 04:22:51\",\"name\":\"product-14\",\"extension\":\"jpg\"}','2025-11-18 21:22:51','2025-11-18 21:22:51'),(61,115,'ecommerce/digital-product-files/product-44.jpg','{\"filename\":\"product-44.jpg\",\"url\":\"ecommerce\\/digital-product-files\\/product-44.jpg\",\"mime_type\":\"image\\/jpeg\",\"size\":9730,\"modified\":\"2025-11-19 04:22:51\",\"name\":\"product-44\",\"extension\":\"jpg\"}','2025-11-18 21:22:51','2025-11-18 21:22:51'),(62,115,'ecommerce/digital-product-files/product-20.jpg','{\"filename\":\"product-20.jpg\",\"url\":\"ecommerce\\/digital-product-files\\/product-20.jpg\",\"mime_type\":\"image\\/jpeg\",\"size\":9730,\"modified\":\"2025-11-19 04:22:51\",\"name\":\"product-20\",\"extension\":\"jpg\"}','2025-11-18 21:22:51','2025-11-18 21:22:51'),(63,115,'ecommerce/digital-product-files/product-9.jpg','{\"filename\":\"product-9.jpg\",\"url\":\"ecommerce\\/digital-product-files\\/product-9.jpg\",\"mime_type\":\"image\\/jpeg\",\"size\":9730,\"modified\":\"2025-11-19 04:22:51\",\"name\":\"product-9\",\"extension\":\"jpg\"}','2025-11-18 21:22:51','2025-11-18 21:22:51'),(64,115,'ecommerce/digital-product-files/product-3.jpg','{\"filename\":\"product-3.jpg\",\"url\":\"ecommerce\\/digital-product-files\\/product-3.jpg\",\"mime_type\":\"image\\/jpeg\",\"size\":9730,\"modified\":\"2025-11-19 04:22:51\",\"name\":\"product-3\",\"extension\":\"jpg\"}','2025-11-18 21:22:51','2025-11-18 21:22:51'),(65,122,'ecommerce/digital-product-files/product-83.jpg','{\"filename\":\"product-83.jpg\",\"url\":\"ecommerce\\/digital-product-files\\/product-83.jpg\",\"mime_type\":\"image\\/jpeg\",\"size\":9730,\"modified\":\"2025-11-19 04:22:52\",\"name\":\"product-83\",\"extension\":\"jpg\"}','2025-11-18 21:22:52','2025-11-18 21:22:52'),(66,122,'ecommerce/digital-product-files/product-71.jpg','{\"filename\":\"product-71.jpg\",\"url\":\"ecommerce\\/digital-product-files\\/product-71.jpg\",\"mime_type\":\"image\\/jpeg\",\"size\":9730,\"modified\":\"2025-11-19 04:22:52\",\"name\":\"product-71\",\"extension\":\"jpg\"}','2025-11-18 21:22:52','2025-11-18 21:22:52'),(67,122,'ecommerce/digital-product-files/product-49.jpg','{\"filename\":\"product-49.jpg\",\"url\":\"ecommerce\\/digital-product-files\\/product-49.jpg\",\"mime_type\":\"image\\/jpeg\",\"size\":9730,\"modified\":\"2025-11-19 04:22:52\",\"name\":\"product-49\",\"extension\":\"jpg\"}','2025-11-18 21:22:52','2025-11-18 21:22:52'),(68,122,'ecommerce/digital-product-files/product-95.jpg','{\"filename\":\"product-95.jpg\",\"url\":\"ecommerce\\/digital-product-files\\/product-95.jpg\",\"mime_type\":\"image\\/jpeg\",\"size\":9730,\"modified\":\"2025-11-19 04:22:52\",\"name\":\"product-95\",\"extension\":\"jpg\"}','2025-11-18 21:22:52','2025-11-18 21:22:52'),(69,122,'ecommerce/digital-product-files/product-74.jpg','{\"filename\":\"product-74.jpg\",\"url\":\"ecommerce\\/digital-product-files\\/product-74.jpg\",\"mime_type\":\"image\\/jpeg\",\"size\":9730,\"modified\":\"2025-11-19 04:22:52\",\"name\":\"product-74\",\"extension\":\"jpg\"}','2025-11-18 21:22:52','2025-11-18 21:22:52'),(70,122,'ecommerce/digital-product-files/product-18.jpg','{\"filename\":\"product-18.jpg\",\"url\":\"ecommerce\\/digital-product-files\\/product-18.jpg\",\"mime_type\":\"image\\/jpeg\",\"size\":9730,\"modified\":\"2025-11-19 04:22:52\",\"name\":\"product-18\",\"extension\":\"jpg\"}','2025-11-18 21:22:52','2025-11-18 21:22:52'),(71,122,'ecommerce/digital-product-files/product-43.jpg','{\"filename\":\"product-43.jpg\",\"url\":\"ecommerce\\/digital-product-files\\/product-43.jpg\",\"mime_type\":\"image\\/jpeg\",\"size\":9730,\"modified\":\"2025-11-19 04:22:52\",\"name\":\"product-43\",\"extension\":\"jpg\"}','2025-11-18 21:22:52','2025-11-18 21:22:52'),(72,122,'ecommerce/digital-product-files/product-51.jpg','{\"filename\":\"product-51.jpg\",\"url\":\"ecommerce\\/digital-product-files\\/product-51.jpg\",\"mime_type\":\"image\\/jpeg\",\"size\":9730,\"modified\":\"2025-11-19 04:22:52\",\"name\":\"product-51\",\"extension\":\"jpg\"}','2025-11-18 21:22:52','2025-11-18 21:22:52'),(73,131,'ecommerce/digital-product-files/product-77.jpg','{\"filename\":\"product-77.jpg\",\"url\":\"ecommerce\\/digital-product-files\\/product-77.jpg\",\"mime_type\":\"image\\/jpeg\",\"size\":9730,\"modified\":\"2025-11-19 04:22:52\",\"name\":\"product-77\",\"extension\":\"jpg\"}','2025-11-18 21:22:52','2025-11-18 21:22:52'),(74,131,'ecommerce/digital-product-files/product-50.jpg','{\"filename\":\"product-50.jpg\",\"url\":\"ecommerce\\/digital-product-files\\/product-50.jpg\",\"mime_type\":\"image\\/jpeg\",\"size\":9730,\"modified\":\"2025-11-19 04:22:52\",\"name\":\"product-50\",\"extension\":\"jpg\"}','2025-11-18 21:22:52','2025-11-18 21:22:52'),(75,131,'ecommerce/digital-product-files/product-17.jpg','{\"filename\":\"product-17.jpg\",\"url\":\"ecommerce\\/digital-product-files\\/product-17.jpg\",\"mime_type\":\"image\\/jpeg\",\"size\":9730,\"modified\":\"2025-11-19 04:22:52\",\"name\":\"product-17\",\"extension\":\"jpg\"}','2025-11-18 21:22:52','2025-11-18 21:22:52'),(76,131,'ecommerce/digital-product-files/product-25.jpg','{\"filename\":\"product-25.jpg\",\"url\":\"ecommerce\\/digital-product-files\\/product-25.jpg\",\"mime_type\":\"image\\/jpeg\",\"size\":9730,\"modified\":\"2025-11-19 04:22:52\",\"name\":\"product-25\",\"extension\":\"jpg\"}','2025-11-18 21:22:52','2025-11-18 21:22:52'),(77,131,'ecommerce/digital-product-files/product-56.jpg','{\"filename\":\"product-56.jpg\",\"url\":\"ecommerce\\/digital-product-files\\/product-56.jpg\",\"mime_type\":\"image\\/jpeg\",\"size\":9730,\"modified\":\"2025-11-19 04:22:52\",\"name\":\"product-56\",\"extension\":\"jpg\"}','2025-11-18 21:22:52','2025-11-18 21:22:52'),(78,131,'ecommerce/digital-product-files/product-9.jpg','{\"filename\":\"product-9.jpg\",\"url\":\"ecommerce\\/digital-product-files\\/product-9.jpg\",\"mime_type\":\"image\\/jpeg\",\"size\":9730,\"modified\":\"2025-11-19 04:22:52\",\"name\":\"product-9\",\"extension\":\"jpg\"}','2025-11-18 21:22:52','2025-11-18 21:22:52'),(79,131,'ecommerce/digital-product-files/product-93.jpg','{\"filename\":\"product-93.jpg\",\"url\":\"ecommerce\\/digital-product-files\\/product-93.jpg\",\"mime_type\":\"image\\/jpeg\",\"size\":9730,\"modified\":\"2025-11-19 04:22:52\",\"name\":\"product-93\",\"extension\":\"jpg\"}','2025-11-18 21:22:52','2025-11-18 21:22:52'),(80,131,'ecommerce/digital-product-files/product-87.jpg','{\"filename\":\"product-87.jpg\",\"url\":\"ecommerce\\/digital-product-files\\/product-87.jpg\",\"mime_type\":\"image\\/jpeg\",\"size\":9730,\"modified\":\"2025-11-19 04:22:52\",\"name\":\"product-87\",\"extension\":\"jpg\"}','2025-11-18 21:22:52','2025-11-18 21:22:52'),(81,131,'ecommerce/digital-product-files/product-49.jpg','{\"filename\":\"product-49.jpg\",\"url\":\"ecommerce\\/digital-product-files\\/product-49.jpg\",\"mime_type\":\"image\\/jpeg\",\"size\":9730,\"modified\":\"2025-11-19 04:22:52\",\"name\":\"product-49\",\"extension\":\"jpg\"}','2025-11-18 21:22:52','2025-11-18 21:22:52'),(82,139,'ecommerce/digital-product-files/product-49.jpg','{\"filename\":\"product-49.jpg\",\"url\":\"ecommerce\\/digital-product-files\\/product-49.jpg\",\"mime_type\":\"image\\/jpeg\",\"size\":9730,\"modified\":\"2025-11-19 04:22:52\",\"name\":\"product-49\",\"extension\":\"jpg\"}','2025-11-18 21:22:52','2025-11-18 21:22:52'),(83,139,'ecommerce/digital-product-files/product-87.jpg','{\"filename\":\"product-87.jpg\",\"url\":\"ecommerce\\/digital-product-files\\/product-87.jpg\",\"mime_type\":\"image\\/jpeg\",\"size\":9730,\"modified\":\"2025-11-19 04:22:52\",\"name\":\"product-87\",\"extension\":\"jpg\"}','2025-11-18 21:22:52','2025-11-18 21:22:52'),(84,139,'ecommerce/digital-product-files/product-59.jpg','{\"filename\":\"product-59.jpg\",\"url\":\"ecommerce\\/digital-product-files\\/product-59.jpg\",\"mime_type\":\"image\\/jpeg\",\"size\":9730,\"modified\":\"2025-11-19 04:22:52\",\"name\":\"product-59\",\"extension\":\"jpg\"}','2025-11-18 21:22:52','2025-11-18 21:22:52'),(85,139,'ecommerce/digital-product-files/product-95.jpg','{\"filename\":\"product-95.jpg\",\"url\":\"ecommerce\\/digital-product-files\\/product-95.jpg\",\"mime_type\":\"image\\/jpeg\",\"size\":9730,\"modified\":\"2025-11-19 04:22:52\",\"name\":\"product-95\",\"extension\":\"jpg\"}','2025-11-18 21:22:52','2025-11-18 21:22:52'),(86,139,'ecommerce/digital-product-files/product-2.jpg','{\"filename\":\"product-2.jpg\",\"url\":\"ecommerce\\/digital-product-files\\/product-2.jpg\",\"mime_type\":\"image\\/jpeg\",\"size\":9730,\"modified\":\"2025-11-19 04:22:52\",\"name\":\"product-2\",\"extension\":\"jpg\"}','2025-11-18 21:22:52','2025-11-18 21:22:52'),(87,139,'ecommerce/digital-product-files/product-8.jpg','{\"filename\":\"product-8.jpg\",\"url\":\"ecommerce\\/digital-product-files\\/product-8.jpg\",\"mime_type\":\"image\\/jpeg\",\"size\":9730,\"modified\":\"2025-11-19 04:22:52\",\"name\":\"product-8\",\"extension\":\"jpg\"}','2025-11-18 21:22:52','2025-11-18 21:22:52'),(88,139,'ecommerce/digital-product-files/product-60.jpg','{\"filename\":\"product-60.jpg\",\"url\":\"ecommerce\\/digital-product-files\\/product-60.jpg\",\"mime_type\":\"image\\/jpeg\",\"size\":9730,\"modified\":\"2025-11-19 04:22:52\",\"name\":\"product-60\",\"extension\":\"jpg\"}','2025-11-18 21:22:52','2025-11-18 21:22:52'),(89,139,'ecommerce/digital-product-files/product-20.jpg','{\"filename\":\"product-20.jpg\",\"url\":\"ecommerce\\/digital-product-files\\/product-20.jpg\",\"mime_type\":\"image\\/jpeg\",\"size\":9730,\"modified\":\"2025-11-19 04:22:52\",\"name\":\"product-20\",\"extension\":\"jpg\"}','2025-11-18 21:22:52','2025-11-18 21:22:52'),(90,139,'ecommerce/digital-product-files/product-28.jpg','{\"filename\":\"product-28.jpg\",\"url\":\"ecommerce\\/digital-product-files\\/product-28.jpg\",\"mime_type\":\"image\\/jpeg\",\"size\":9730,\"modified\":\"2025-11-19 04:22:52\",\"name\":\"product-28\",\"extension\":\"jpg\"}','2025-11-18 21:22:52','2025-11-18 21:22:52'),(91,139,'ecommerce/digital-product-files/product-27.jpg','{\"filename\":\"product-27.jpg\",\"url\":\"ecommerce\\/digital-product-files\\/product-27.jpg\",\"mime_type\":\"image\\/jpeg\",\"size\":9730,\"modified\":\"2025-11-19 04:22:52\",\"name\":\"product-27\",\"extension\":\"jpg\"}','2025-11-18 21:22:52','2025-11-18 21:22:52'),(92,139,'ecommerce/digital-product-files/product-75.jpg','{\"filename\":\"product-75.jpg\",\"url\":\"ecommerce\\/digital-product-files\\/product-75.jpg\",\"mime_type\":\"image\\/jpeg\",\"size\":9730,\"modified\":\"2025-11-19 04:22:52\",\"name\":\"product-75\",\"extension\":\"jpg\"}','2025-11-18 21:22:52','2025-11-18 21:22:52'),(93,139,'ecommerce/digital-product-files/product-12.jpg','{\"filename\":\"product-12.jpg\",\"url\":\"ecommerce\\/digital-product-files\\/product-12.jpg\",\"mime_type\":\"image\\/jpeg\",\"size\":9730,\"modified\":\"2025-11-19 04:22:52\",\"name\":\"product-12\",\"extension\":\"jpg\"}','2025-11-18 21:22:52','2025-11-18 21:22:52'),(94,140,'ecommerce/digital-product-files/product-49.jpg','{\"filename\":\"product-49.jpg\",\"url\":\"ecommerce\\/digital-product-files\\/product-49.jpg\",\"mime_type\":\"image\\/jpeg\",\"size\":9730,\"modified\":\"2025-11-19 04:22:52\",\"name\":\"product-49\",\"extension\":\"jpg\"}','2025-11-18 21:22:52','2025-11-18 21:22:52'),(95,140,'ecommerce/digital-product-files/product-87.jpg','{\"filename\":\"product-87.jpg\",\"url\":\"ecommerce\\/digital-product-files\\/product-87.jpg\",\"mime_type\":\"image\\/jpeg\",\"size\":9730,\"modified\":\"2025-11-19 04:22:52\",\"name\":\"product-87\",\"extension\":\"jpg\"}','2025-11-18 21:22:52','2025-11-18 21:22:52'),(96,140,'ecommerce/digital-product-files/product-59.jpg','{\"filename\":\"product-59.jpg\",\"url\":\"ecommerce\\/digital-product-files\\/product-59.jpg\",\"mime_type\":\"image\\/jpeg\",\"size\":9730,\"modified\":\"2025-11-19 04:22:52\",\"name\":\"product-59\",\"extension\":\"jpg\"}','2025-11-18 21:22:52','2025-11-18 21:22:52'),(97,140,'ecommerce/digital-product-files/product-95.jpg','{\"filename\":\"product-95.jpg\",\"url\":\"ecommerce\\/digital-product-files\\/product-95.jpg\",\"mime_type\":\"image\\/jpeg\",\"size\":9730,\"modified\":\"2025-11-19 04:22:52\",\"name\":\"product-95\",\"extension\":\"jpg\"}','2025-11-18 21:22:52','2025-11-18 21:22:52'),(98,140,'ecommerce/digital-product-files/product-2.jpg','{\"filename\":\"product-2.jpg\",\"url\":\"ecommerce\\/digital-product-files\\/product-2.jpg\",\"mime_type\":\"image\\/jpeg\",\"size\":9730,\"modified\":\"2025-11-19 04:22:52\",\"name\":\"product-2\",\"extension\":\"jpg\"}','2025-11-18 21:22:52','2025-11-18 21:22:52'),(99,140,'ecommerce/digital-product-files/product-8.jpg','{\"filename\":\"product-8.jpg\",\"url\":\"ecommerce\\/digital-product-files\\/product-8.jpg\",\"mime_type\":\"image\\/jpeg\",\"size\":9730,\"modified\":\"2025-11-19 04:22:52\",\"name\":\"product-8\",\"extension\":\"jpg\"}','2025-11-18 21:22:52','2025-11-18 21:22:52'),(100,140,'ecommerce/digital-product-files/product-60.jpg','{\"filename\":\"product-60.jpg\",\"url\":\"ecommerce\\/digital-product-files\\/product-60.jpg\",\"mime_type\":\"image\\/jpeg\",\"size\":9730,\"modified\":\"2025-11-19 04:22:52\",\"name\":\"product-60\",\"extension\":\"jpg\"}','2025-11-18 21:22:52','2025-11-18 21:22:52'),(101,140,'ecommerce/digital-product-files/product-20.jpg','{\"filename\":\"product-20.jpg\",\"url\":\"ecommerce\\/digital-product-files\\/product-20.jpg\",\"mime_type\":\"image\\/jpeg\",\"size\":9730,\"modified\":\"2025-11-19 04:22:52\",\"name\":\"product-20\",\"extension\":\"jpg\"}','2025-11-18 21:22:52','2025-11-18 21:22:52'),(102,140,'ecommerce/digital-product-files/product-28.jpg','{\"filename\":\"product-28.jpg\",\"url\":\"ecommerce\\/digital-product-files\\/product-28.jpg\",\"mime_type\":\"image\\/jpeg\",\"size\":9730,\"modified\":\"2025-11-19 04:22:52\",\"name\":\"product-28\",\"extension\":\"jpg\"}','2025-11-18 21:22:52','2025-11-18 21:22:52'),(103,140,'ecommerce/digital-product-files/product-27.jpg','{\"filename\":\"product-27.jpg\",\"url\":\"ecommerce\\/digital-product-files\\/product-27.jpg\",\"mime_type\":\"image\\/jpeg\",\"size\":9730,\"modified\":\"2025-11-19 04:22:52\",\"name\":\"product-27\",\"extension\":\"jpg\"}','2025-11-18 21:22:52','2025-11-18 21:22:52'),(104,140,'ecommerce/digital-product-files/product-75.jpg','{\"filename\":\"product-75.jpg\",\"url\":\"ecommerce\\/digital-product-files\\/product-75.jpg\",\"mime_type\":\"image\\/jpeg\",\"size\":9730,\"modified\":\"2025-11-19 04:22:52\",\"name\":\"product-75\",\"extension\":\"jpg\"}','2025-11-18 21:22:52','2025-11-18 21:22:52'),(105,140,'ecommerce/digital-product-files/product-12.jpg','{\"filename\":\"product-12.jpg\",\"url\":\"ecommerce\\/digital-product-files\\/product-12.jpg\",\"mime_type\":\"image\\/jpeg\",\"size\":9730,\"modified\":\"2025-11-19 04:22:52\",\"name\":\"product-12\",\"extension\":\"jpg\"}','2025-11-18 21:22:52','2025-11-18 21:22:52'),(106,141,'ecommerce/digital-product-files/product-49.jpg','{\"filename\":\"product-49.jpg\",\"url\":\"ecommerce\\/digital-product-files\\/product-49.jpg\",\"mime_type\":\"image\\/jpeg\",\"size\":9730,\"modified\":\"2025-11-19 04:22:52\",\"name\":\"product-49\",\"extension\":\"jpg\"}','2025-11-18 21:22:52','2025-11-18 21:22:52'),(107,141,'ecommerce/digital-product-files/product-87.jpg','{\"filename\":\"product-87.jpg\",\"url\":\"ecommerce\\/digital-product-files\\/product-87.jpg\",\"mime_type\":\"image\\/jpeg\",\"size\":9730,\"modified\":\"2025-11-19 04:22:52\",\"name\":\"product-87\",\"extension\":\"jpg\"}','2025-11-18 21:22:52','2025-11-18 21:22:52'),(108,141,'ecommerce/digital-product-files/product-59.jpg','{\"filename\":\"product-59.jpg\",\"url\":\"ecommerce\\/digital-product-files\\/product-59.jpg\",\"mime_type\":\"image\\/jpeg\",\"size\":9730,\"modified\":\"2025-11-19 04:22:52\",\"name\":\"product-59\",\"extension\":\"jpg\"}','2025-11-18 21:22:52','2025-11-18 21:22:52'),(109,141,'ecommerce/digital-product-files/product-95.jpg','{\"filename\":\"product-95.jpg\",\"url\":\"ecommerce\\/digital-product-files\\/product-95.jpg\",\"mime_type\":\"image\\/jpeg\",\"size\":9730,\"modified\":\"2025-11-19 04:22:52\",\"name\":\"product-95\",\"extension\":\"jpg\"}','2025-11-18 21:22:52','2025-11-18 21:22:52'),(110,141,'ecommerce/digital-product-files/product-2.jpg','{\"filename\":\"product-2.jpg\",\"url\":\"ecommerce\\/digital-product-files\\/product-2.jpg\",\"mime_type\":\"image\\/jpeg\",\"size\":9730,\"modified\":\"2025-11-19 04:22:52\",\"name\":\"product-2\",\"extension\":\"jpg\"}','2025-11-18 21:22:52','2025-11-18 21:22:52'),(111,141,'ecommerce/digital-product-files/product-8.jpg','{\"filename\":\"product-8.jpg\",\"url\":\"ecommerce\\/digital-product-files\\/product-8.jpg\",\"mime_type\":\"image\\/jpeg\",\"size\":9730,\"modified\":\"2025-11-19 04:22:52\",\"name\":\"product-8\",\"extension\":\"jpg\"}','2025-11-18 21:22:52','2025-11-18 21:22:52'),(112,141,'ecommerce/digital-product-files/product-60.jpg','{\"filename\":\"product-60.jpg\",\"url\":\"ecommerce\\/digital-product-files\\/product-60.jpg\",\"mime_type\":\"image\\/jpeg\",\"size\":9730,\"modified\":\"2025-11-19 04:22:52\",\"name\":\"product-60\",\"extension\":\"jpg\"}','2025-11-18 21:22:52','2025-11-18 21:22:52'),(113,141,'ecommerce/digital-product-files/product-20.jpg','{\"filename\":\"product-20.jpg\",\"url\":\"ecommerce\\/digital-product-files\\/product-20.jpg\",\"mime_type\":\"image\\/jpeg\",\"size\":9730,\"modified\":\"2025-11-19 04:22:52\",\"name\":\"product-20\",\"extension\":\"jpg\"}','2025-11-18 21:22:52','2025-11-18 21:22:52'),(114,141,'ecommerce/digital-product-files/product-28.jpg','{\"filename\":\"product-28.jpg\",\"url\":\"ecommerce\\/digital-product-files\\/product-28.jpg\",\"mime_type\":\"image\\/jpeg\",\"size\":9730,\"modified\":\"2025-11-19 04:22:52\",\"name\":\"product-28\",\"extension\":\"jpg\"}','2025-11-18 21:22:52','2025-11-18 21:22:52'),(115,141,'ecommerce/digital-product-files/product-27.jpg','{\"filename\":\"product-27.jpg\",\"url\":\"ecommerce\\/digital-product-files\\/product-27.jpg\",\"mime_type\":\"image\\/jpeg\",\"size\":9730,\"modified\":\"2025-11-19 04:22:52\",\"name\":\"product-27\",\"extension\":\"jpg\"}','2025-11-18 21:22:52','2025-11-18 21:22:52'),(116,141,'ecommerce/digital-product-files/product-75.jpg','{\"filename\":\"product-75.jpg\",\"url\":\"ecommerce\\/digital-product-files\\/product-75.jpg\",\"mime_type\":\"image\\/jpeg\",\"size\":9730,\"modified\":\"2025-11-19 04:22:52\",\"name\":\"product-75\",\"extension\":\"jpg\"}','2025-11-18 21:22:52','2025-11-18 21:22:52'),(117,141,'ecommerce/digital-product-files/product-12.jpg','{\"filename\":\"product-12.jpg\",\"url\":\"ecommerce\\/digital-product-files\\/product-12.jpg\",\"mime_type\":\"image\\/jpeg\",\"size\":9730,\"modified\":\"2025-11-19 04:22:52\",\"name\":\"product-12\",\"extension\":\"jpg\"}','2025-11-18 21:22:52','2025-11-18 21:22:52'),(118,150,'ecommerce/digital-product-files/product-9.jpg','{\"filename\":\"product-9.jpg\",\"url\":\"ecommerce\\/digital-product-files\\/product-9.jpg\",\"mime_type\":\"image\\/jpeg\",\"size\":9730,\"modified\":\"2025-11-19 04:22:53\",\"name\":\"product-9\",\"extension\":\"jpg\"}','2025-11-18 21:22:53','2025-11-18 21:22:53'),(119,150,'ecommerce/digital-product-files/product-5.jpg','{\"filename\":\"product-5.jpg\",\"url\":\"ecommerce\\/digital-product-files\\/product-5.jpg\",\"mime_type\":\"image\\/jpeg\",\"size\":9730,\"modified\":\"2025-11-19 04:22:53\",\"name\":\"product-5\",\"extension\":\"jpg\"}','2025-11-18 21:22:53','2025-11-18 21:22:53'),(120,150,'ecommerce/digital-product-files/product-4.jpg','{\"filename\":\"product-4.jpg\",\"url\":\"ecommerce\\/digital-product-files\\/product-4.jpg\",\"mime_type\":\"image\\/jpeg\",\"size\":9730,\"modified\":\"2025-11-19 04:22:53\",\"name\":\"product-4\",\"extension\":\"jpg\"}','2025-11-18 21:22:53','2025-11-18 21:22:53'),(121,150,'ecommerce/digital-product-files/product-20.jpg','{\"filename\":\"product-20.jpg\",\"url\":\"ecommerce\\/digital-product-files\\/product-20.jpg\",\"mime_type\":\"image\\/jpeg\",\"size\":9730,\"modified\":\"2025-11-19 04:22:53\",\"name\":\"product-20\",\"extension\":\"jpg\"}','2025-11-18 21:22:53','2025-11-18 21:22:53'),(122,150,'ecommerce/digital-product-files/product-79.jpg','{\"filename\":\"product-79.jpg\",\"url\":\"ecommerce\\/digital-product-files\\/product-79.jpg\",\"mime_type\":\"image\\/jpeg\",\"size\":9730,\"modified\":\"2025-11-19 04:22:53\",\"name\":\"product-79\",\"extension\":\"jpg\"}','2025-11-18 21:22:53','2025-11-18 21:22:53'),(123,150,'ecommerce/digital-product-files/product-78.jpg','{\"filename\":\"product-78.jpg\",\"url\":\"ecommerce\\/digital-product-files\\/product-78.jpg\",\"mime_type\":\"image\\/jpeg\",\"size\":9730,\"modified\":\"2025-11-19 04:22:53\",\"name\":\"product-78\",\"extension\":\"jpg\"}','2025-11-18 21:22:53','2025-11-18 21:22:53'),(124,150,'ecommerce/digital-product-files/product-72.jpg','{\"filename\":\"product-72.jpg\",\"url\":\"ecommerce\\/digital-product-files\\/product-72.jpg\",\"mime_type\":\"image\\/jpeg\",\"size\":9730,\"modified\":\"2025-11-19 04:22:53\",\"name\":\"product-72\",\"extension\":\"jpg\"}','2025-11-18 21:22:53','2025-11-18 21:22:53'),(125,150,'ecommerce/digital-product-files/product-2.jpg','{\"filename\":\"product-2.jpg\",\"url\":\"ecommerce\\/digital-product-files\\/product-2.jpg\",\"mime_type\":\"image\\/jpeg\",\"size\":9730,\"modified\":\"2025-11-19 04:22:53\",\"name\":\"product-2\",\"extension\":\"jpg\"}','2025-11-18 21:22:53','2025-11-18 21:22:53'),(126,150,'ecommerce/digital-product-files/product-49.jpg','{\"filename\":\"product-49.jpg\",\"url\":\"ecommerce\\/digital-product-files\\/product-49.jpg\",\"mime_type\":\"image\\/jpeg\",\"size\":9730,\"modified\":\"2025-11-19 04:22:53\",\"name\":\"product-49\",\"extension\":\"jpg\"}','2025-11-18 21:22:53','2025-11-18 21:22:53'),(127,150,'ecommerce/digital-product-files/product-13.jpg','{\"filename\":\"product-13.jpg\",\"url\":\"ecommerce\\/digital-product-files\\/product-13.jpg\",\"mime_type\":\"image\\/jpeg\",\"size\":9730,\"modified\":\"2025-11-19 04:22:53\",\"name\":\"product-13\",\"extension\":\"jpg\"}','2025-11-18 21:22:53','2025-11-18 21:22:53'),(128,150,'ecommerce/digital-product-files/product-94.jpg','{\"filename\":\"product-94.jpg\",\"url\":\"ecommerce\\/digital-product-files\\/product-94.jpg\",\"mime_type\":\"image\\/jpeg\",\"size\":9730,\"modified\":\"2025-11-19 04:22:53\",\"name\":\"product-94\",\"extension\":\"jpg\"}','2025-11-18 21:22:53','2025-11-18 21:22:53'),(129,151,'ecommerce/digital-product-files/product-9.jpg','{\"filename\":\"product-9.jpg\",\"url\":\"ecommerce\\/digital-product-files\\/product-9.jpg\",\"mime_type\":\"image\\/jpeg\",\"size\":9730,\"modified\":\"2025-11-19 04:22:53\",\"name\":\"product-9\",\"extension\":\"jpg\"}','2025-11-18 21:22:53','2025-11-18 21:22:53'),(130,151,'ecommerce/digital-product-files/product-5.jpg','{\"filename\":\"product-5.jpg\",\"url\":\"ecommerce\\/digital-product-files\\/product-5.jpg\",\"mime_type\":\"image\\/jpeg\",\"size\":9730,\"modified\":\"2025-11-19 04:22:53\",\"name\":\"product-5\",\"extension\":\"jpg\"}','2025-11-18 21:22:53','2025-11-18 21:22:53'),(131,151,'ecommerce/digital-product-files/product-4.jpg','{\"filename\":\"product-4.jpg\",\"url\":\"ecommerce\\/digital-product-files\\/product-4.jpg\",\"mime_type\":\"image\\/jpeg\",\"size\":9730,\"modified\":\"2025-11-19 04:22:53\",\"name\":\"product-4\",\"extension\":\"jpg\"}','2025-11-18 21:22:53','2025-11-18 21:22:53'),(132,151,'ecommerce/digital-product-files/product-20.jpg','{\"filename\":\"product-20.jpg\",\"url\":\"ecommerce\\/digital-product-files\\/product-20.jpg\",\"mime_type\":\"image\\/jpeg\",\"size\":9730,\"modified\":\"2025-11-19 04:22:53\",\"name\":\"product-20\",\"extension\":\"jpg\"}','2025-11-18 21:22:53','2025-11-18 21:22:53'),(133,151,'ecommerce/digital-product-files/product-79.jpg','{\"filename\":\"product-79.jpg\",\"url\":\"ecommerce\\/digital-product-files\\/product-79.jpg\",\"mime_type\":\"image\\/jpeg\",\"size\":9730,\"modified\":\"2025-11-19 04:22:53\",\"name\":\"product-79\",\"extension\":\"jpg\"}','2025-11-18 21:22:53','2025-11-18 21:22:53'),(134,151,'ecommerce/digital-product-files/product-78.jpg','{\"filename\":\"product-78.jpg\",\"url\":\"ecommerce\\/digital-product-files\\/product-78.jpg\",\"mime_type\":\"image\\/jpeg\",\"size\":9730,\"modified\":\"2025-11-19 04:22:53\",\"name\":\"product-78\",\"extension\":\"jpg\"}','2025-11-18 21:22:53','2025-11-18 21:22:53'),(135,151,'ecommerce/digital-product-files/product-72.jpg','{\"filename\":\"product-72.jpg\",\"url\":\"ecommerce\\/digital-product-files\\/product-72.jpg\",\"mime_type\":\"image\\/jpeg\",\"size\":9730,\"modified\":\"2025-11-19 04:22:53\",\"name\":\"product-72\",\"extension\":\"jpg\"}','2025-11-18 21:22:53','2025-11-18 21:22:53'),(136,151,'ecommerce/digital-product-files/product-2.jpg','{\"filename\":\"product-2.jpg\",\"url\":\"ecommerce\\/digital-product-files\\/product-2.jpg\",\"mime_type\":\"image\\/jpeg\",\"size\":9730,\"modified\":\"2025-11-19 04:22:53\",\"name\":\"product-2\",\"extension\":\"jpg\"}','2025-11-18 21:22:53','2025-11-18 21:22:53'),(137,151,'ecommerce/digital-product-files/product-49.jpg','{\"filename\":\"product-49.jpg\",\"url\":\"ecommerce\\/digital-product-files\\/product-49.jpg\",\"mime_type\":\"image\\/jpeg\",\"size\":9730,\"modified\":\"2025-11-19 04:22:53\",\"name\":\"product-49\",\"extension\":\"jpg\"}','2025-11-18 21:22:53','2025-11-18 21:22:53'),(138,151,'ecommerce/digital-product-files/product-13.jpg','{\"filename\":\"product-13.jpg\",\"url\":\"ecommerce\\/digital-product-files\\/product-13.jpg\",\"mime_type\":\"image\\/jpeg\",\"size\":9730,\"modified\":\"2025-11-19 04:22:53\",\"name\":\"product-13\",\"extension\":\"jpg\"}','2025-11-18 21:22:53','2025-11-18 21:22:53'),(139,151,'ecommerce/digital-product-files/product-94.jpg','{\"filename\":\"product-94.jpg\",\"url\":\"ecommerce\\/digital-product-files\\/product-94.jpg\",\"mime_type\":\"image\\/jpeg\",\"size\":9730,\"modified\":\"2025-11-19 04:22:53\",\"name\":\"product-94\",\"extension\":\"jpg\"}','2025-11-18 21:22:53','2025-11-18 21:22:53'),(140,162,'ecommerce/digital-product-files/product-48.jpg','{\"filename\":\"product-48.jpg\",\"url\":\"ecommerce\\/digital-product-files\\/product-48.jpg\",\"mime_type\":\"image\\/jpeg\",\"size\":9730,\"modified\":\"2025-11-19 04:22:53\",\"name\":\"product-48\",\"extension\":\"jpg\"}','2025-11-18 21:22:53','2025-11-18 21:22:53'),(141,162,'ecommerce/digital-product-files/product-31.jpg','{\"filename\":\"product-31.jpg\",\"url\":\"ecommerce\\/digital-product-files\\/product-31.jpg\",\"mime_type\":\"image\\/jpeg\",\"size\":9730,\"modified\":\"2025-11-19 04:22:53\",\"name\":\"product-31\",\"extension\":\"jpg\"}','2025-11-18 21:22:53','2025-11-18 21:22:53'),(142,162,'ecommerce/digital-product-files/product-16.jpg','{\"filename\":\"product-16.jpg\",\"url\":\"ecommerce\\/digital-product-files\\/product-16.jpg\",\"mime_type\":\"image\\/jpeg\",\"size\":9730,\"modified\":\"2025-11-19 04:22:53\",\"name\":\"product-16\",\"extension\":\"jpg\"}','2025-11-18 21:22:53','2025-11-18 21:22:53'),(143,162,'ecommerce/digital-product-files/product-18.jpg','{\"filename\":\"product-18.jpg\",\"url\":\"ecommerce\\/digital-product-files\\/product-18.jpg\",\"mime_type\":\"image\\/jpeg\",\"size\":9730,\"modified\":\"2025-11-19 04:22:53\",\"name\":\"product-18\",\"extension\":\"jpg\"}','2025-11-18 21:22:53','2025-11-18 21:22:53'),(144,162,'ecommerce/digital-product-files/product-32.jpg','{\"filename\":\"product-32.jpg\",\"url\":\"ecommerce\\/digital-product-files\\/product-32.jpg\",\"mime_type\":\"image\\/jpeg\",\"size\":9730,\"modified\":\"2025-11-19 04:22:53\",\"name\":\"product-32\",\"extension\":\"jpg\"}','2025-11-18 21:22:53','2025-11-18 21:22:53'),(145,162,'ecommerce/digital-product-files/product-26.jpg','{\"filename\":\"product-26.jpg\",\"url\":\"ecommerce\\/digital-product-files\\/product-26.jpg\",\"mime_type\":\"image\\/jpeg\",\"size\":9730,\"modified\":\"2025-11-19 04:22:53\",\"name\":\"product-26\",\"extension\":\"jpg\"}','2025-11-18 21:22:53','2025-11-18 21:22:53'),(146,162,'ecommerce/digital-product-files/product-91.jpg','{\"filename\":\"product-91.jpg\",\"url\":\"ecommerce\\/digital-product-files\\/product-91.jpg\",\"mime_type\":\"image\\/jpeg\",\"size\":9730,\"modified\":\"2025-11-19 04:22:53\",\"name\":\"product-91\",\"extension\":\"jpg\"}','2025-11-18 21:22:53','2025-11-18 21:22:53'),(147,162,'ecommerce/digital-product-files/product-46.jpg','{\"filename\":\"product-46.jpg\",\"url\":\"ecommerce\\/digital-product-files\\/product-46.jpg\",\"mime_type\":\"image\\/jpeg\",\"size\":9730,\"modified\":\"2025-11-19 04:22:53\",\"name\":\"product-46\",\"extension\":\"jpg\"}','2025-11-18 21:22:53','2025-11-18 21:22:53'),(148,162,'ecommerce/digital-product-files/product-94.jpg','{\"filename\":\"product-94.jpg\",\"url\":\"ecommerce\\/digital-product-files\\/product-94.jpg\",\"mime_type\":\"image\\/jpeg\",\"size\":9730,\"modified\":\"2025-11-19 04:22:53\",\"name\":\"product-94\",\"extension\":\"jpg\"}','2025-11-18 21:22:53','2025-11-18 21:22:53'),(149,162,'ecommerce/digital-product-files/product-4.jpg','{\"filename\":\"product-4.jpg\",\"url\":\"ecommerce\\/digital-product-files\\/product-4.jpg\",\"mime_type\":\"image\\/jpeg\",\"size\":9730,\"modified\":\"2025-11-19 04:22:53\",\"name\":\"product-4\",\"extension\":\"jpg\"}','2025-11-18 21:22:53','2025-11-18 21:22:53'),(150,162,'ecommerce/digital-product-files/product-23.jpg','{\"filename\":\"product-23.jpg\",\"url\":\"ecommerce\\/digital-product-files\\/product-23.jpg\",\"mime_type\":\"image\\/jpeg\",\"size\":9730,\"modified\":\"2025-11-19 04:22:53\",\"name\":\"product-23\",\"extension\":\"jpg\"}','2025-11-18 21:22:53','2025-11-18 21:22:53'),(151,162,'ecommerce/digital-product-files/product-50.jpg','{\"filename\":\"product-50.jpg\",\"url\":\"ecommerce\\/digital-product-files\\/product-50.jpg\",\"mime_type\":\"image\\/jpeg\",\"size\":9730,\"modified\":\"2025-11-19 04:22:53\",\"name\":\"product-50\",\"extension\":\"jpg\"}','2025-11-18 21:22:53','2025-11-18 21:22:53'),(152,163,'ecommerce/digital-product-files/product-48.jpg','{\"filename\":\"product-48.jpg\",\"url\":\"ecommerce\\/digital-product-files\\/product-48.jpg\",\"mime_type\":\"image\\/jpeg\",\"size\":9730,\"modified\":\"2025-11-19 04:22:53\",\"name\":\"product-48\",\"extension\":\"jpg\"}','2025-11-18 21:22:53','2025-11-18 21:22:53'),(153,163,'ecommerce/digital-product-files/product-31.jpg','{\"filename\":\"product-31.jpg\",\"url\":\"ecommerce\\/digital-product-files\\/product-31.jpg\",\"mime_type\":\"image\\/jpeg\",\"size\":9730,\"modified\":\"2025-11-19 04:22:53\",\"name\":\"product-31\",\"extension\":\"jpg\"}','2025-11-18 21:22:53','2025-11-18 21:22:53'),(154,163,'ecommerce/digital-product-files/product-16.jpg','{\"filename\":\"product-16.jpg\",\"url\":\"ecommerce\\/digital-product-files\\/product-16.jpg\",\"mime_type\":\"image\\/jpeg\",\"size\":9730,\"modified\":\"2025-11-19 04:22:53\",\"name\":\"product-16\",\"extension\":\"jpg\"}','2025-11-18 21:22:53','2025-11-18 21:22:53'),(155,163,'ecommerce/digital-product-files/product-18.jpg','{\"filename\":\"product-18.jpg\",\"url\":\"ecommerce\\/digital-product-files\\/product-18.jpg\",\"mime_type\":\"image\\/jpeg\",\"size\":9730,\"modified\":\"2025-11-19 04:22:53\",\"name\":\"product-18\",\"extension\":\"jpg\"}','2025-11-18 21:22:53','2025-11-18 21:22:53'),(156,163,'ecommerce/digital-product-files/product-32.jpg','{\"filename\":\"product-32.jpg\",\"url\":\"ecommerce\\/digital-product-files\\/product-32.jpg\",\"mime_type\":\"image\\/jpeg\",\"size\":9730,\"modified\":\"2025-11-19 04:22:53\",\"name\":\"product-32\",\"extension\":\"jpg\"}','2025-11-18 21:22:53','2025-11-18 21:22:53'),(157,163,'ecommerce/digital-product-files/product-26.jpg','{\"filename\":\"product-26.jpg\",\"url\":\"ecommerce\\/digital-product-files\\/product-26.jpg\",\"mime_type\":\"image\\/jpeg\",\"size\":9730,\"modified\":\"2025-11-19 04:22:53\",\"name\":\"product-26\",\"extension\":\"jpg\"}','2025-11-18 21:22:53','2025-11-18 21:22:53'),(158,163,'ecommerce/digital-product-files/product-91.jpg','{\"filename\":\"product-91.jpg\",\"url\":\"ecommerce\\/digital-product-files\\/product-91.jpg\",\"mime_type\":\"image\\/jpeg\",\"size\":9730,\"modified\":\"2025-11-19 04:22:53\",\"name\":\"product-91\",\"extension\":\"jpg\"}','2025-11-18 21:22:53','2025-11-18 21:22:53'),(159,163,'ecommerce/digital-product-files/product-46.jpg','{\"filename\":\"product-46.jpg\",\"url\":\"ecommerce\\/digital-product-files\\/product-46.jpg\",\"mime_type\":\"image\\/jpeg\",\"size\":9730,\"modified\":\"2025-11-19 04:22:53\",\"name\":\"product-46\",\"extension\":\"jpg\"}','2025-11-18 21:22:53','2025-11-18 21:22:53'),(160,163,'ecommerce/digital-product-files/product-94.jpg','{\"filename\":\"product-94.jpg\",\"url\":\"ecommerce\\/digital-product-files\\/product-94.jpg\",\"mime_type\":\"image\\/jpeg\",\"size\":9730,\"modified\":\"2025-11-19 04:22:53\",\"name\":\"product-94\",\"extension\":\"jpg\"}','2025-11-18 21:22:53','2025-11-18 21:22:53'),(161,163,'ecommerce/digital-product-files/product-4.jpg','{\"filename\":\"product-4.jpg\",\"url\":\"ecommerce\\/digital-product-files\\/product-4.jpg\",\"mime_type\":\"image\\/jpeg\",\"size\":9730,\"modified\":\"2025-11-19 04:22:53\",\"name\":\"product-4\",\"extension\":\"jpg\"}','2025-11-18 21:22:53','2025-11-18 21:22:53'),(162,163,'ecommerce/digital-product-files/product-23.jpg','{\"filename\":\"product-23.jpg\",\"url\":\"ecommerce\\/digital-product-files\\/product-23.jpg\",\"mime_type\":\"image\\/jpeg\",\"size\":9730,\"modified\":\"2025-11-19 04:22:53\",\"name\":\"product-23\",\"extension\":\"jpg\"}','2025-11-18 21:22:53','2025-11-18 21:22:53'),(163,163,'ecommerce/digital-product-files/product-50.jpg','{\"filename\":\"product-50.jpg\",\"url\":\"ecommerce\\/digital-product-files\\/product-50.jpg\",\"mime_type\":\"image\\/jpeg\",\"size\":9730,\"modified\":\"2025-11-19 04:22:53\",\"name\":\"product-50\",\"extension\":\"jpg\"}','2025-11-18 21:22:53','2025-11-18 21:22:53'),(164,164,'ecommerce/digital-product-files/product-48.jpg','{\"filename\":\"product-48.jpg\",\"url\":\"ecommerce\\/digital-product-files\\/product-48.jpg\",\"mime_type\":\"image\\/jpeg\",\"size\":9730,\"modified\":\"2025-11-19 04:22:53\",\"name\":\"product-48\",\"extension\":\"jpg\"}','2025-11-18 21:22:53','2025-11-18 21:22:53'),(165,164,'ecommerce/digital-product-files/product-31.jpg','{\"filename\":\"product-31.jpg\",\"url\":\"ecommerce\\/digital-product-files\\/product-31.jpg\",\"mime_type\":\"image\\/jpeg\",\"size\":9730,\"modified\":\"2025-11-19 04:22:53\",\"name\":\"product-31\",\"extension\":\"jpg\"}','2025-11-18 21:22:53','2025-11-18 21:22:53'),(166,164,'ecommerce/digital-product-files/product-16.jpg','{\"filename\":\"product-16.jpg\",\"url\":\"ecommerce\\/digital-product-files\\/product-16.jpg\",\"mime_type\":\"image\\/jpeg\",\"size\":9730,\"modified\":\"2025-11-19 04:22:53\",\"name\":\"product-16\",\"extension\":\"jpg\"}','2025-11-18 21:22:53','2025-11-18 21:22:53'),(167,164,'ecommerce/digital-product-files/product-18.jpg','{\"filename\":\"product-18.jpg\",\"url\":\"ecommerce\\/digital-product-files\\/product-18.jpg\",\"mime_type\":\"image\\/jpeg\",\"size\":9730,\"modified\":\"2025-11-19 04:22:53\",\"name\":\"product-18\",\"extension\":\"jpg\"}','2025-11-18 21:22:53','2025-11-18 21:22:53'),(168,164,'ecommerce/digital-product-files/product-32.jpg','{\"filename\":\"product-32.jpg\",\"url\":\"ecommerce\\/digital-product-files\\/product-32.jpg\",\"mime_type\":\"image\\/jpeg\",\"size\":9730,\"modified\":\"2025-11-19 04:22:53\",\"name\":\"product-32\",\"extension\":\"jpg\"}','2025-11-18 21:22:53','2025-11-18 21:22:53'),(169,164,'ecommerce/digital-product-files/product-26.jpg','{\"filename\":\"product-26.jpg\",\"url\":\"ecommerce\\/digital-product-files\\/product-26.jpg\",\"mime_type\":\"image\\/jpeg\",\"size\":9730,\"modified\":\"2025-11-19 04:22:53\",\"name\":\"product-26\",\"extension\":\"jpg\"}','2025-11-18 21:22:53','2025-11-18 21:22:53'),(170,164,'ecommerce/digital-product-files/product-91.jpg','{\"filename\":\"product-91.jpg\",\"url\":\"ecommerce\\/digital-product-files\\/product-91.jpg\",\"mime_type\":\"image\\/jpeg\",\"size\":9730,\"modified\":\"2025-11-19 04:22:53\",\"name\":\"product-91\",\"extension\":\"jpg\"}','2025-11-18 21:22:53','2025-11-18 21:22:53'),(171,164,'ecommerce/digital-product-files/product-46.jpg','{\"filename\":\"product-46.jpg\",\"url\":\"ecommerce\\/digital-product-files\\/product-46.jpg\",\"mime_type\":\"image\\/jpeg\",\"size\":9730,\"modified\":\"2025-11-19 04:22:53\",\"name\":\"product-46\",\"extension\":\"jpg\"}','2025-11-18 21:22:53','2025-11-18 21:22:53'),(172,164,'ecommerce/digital-product-files/product-94.jpg','{\"filename\":\"product-94.jpg\",\"url\":\"ecommerce\\/digital-product-files\\/product-94.jpg\",\"mime_type\":\"image\\/jpeg\",\"size\":9730,\"modified\":\"2025-11-19 04:22:53\",\"name\":\"product-94\",\"extension\":\"jpg\"}','2025-11-18 21:22:53','2025-11-18 21:22:53'),(173,164,'ecommerce/digital-product-files/product-4.jpg','{\"filename\":\"product-4.jpg\",\"url\":\"ecommerce\\/digital-product-files\\/product-4.jpg\",\"mime_type\":\"image\\/jpeg\",\"size\":9730,\"modified\":\"2025-11-19 04:22:53\",\"name\":\"product-4\",\"extension\":\"jpg\"}','2025-11-18 21:22:53','2025-11-18 21:22:53'),(174,164,'ecommerce/digital-product-files/product-23.jpg','{\"filename\":\"product-23.jpg\",\"url\":\"ecommerce\\/digital-product-files\\/product-23.jpg\",\"mime_type\":\"image\\/jpeg\",\"size\":9730,\"modified\":\"2025-11-19 04:22:53\",\"name\":\"product-23\",\"extension\":\"jpg\"}','2025-11-18 21:22:53','2025-11-18 21:22:53'),(175,164,'ecommerce/digital-product-files/product-50.jpg','{\"filename\":\"product-50.jpg\",\"url\":\"ecommerce\\/digital-product-files\\/product-50.jpg\",\"mime_type\":\"image\\/jpeg\",\"size\":9730,\"modified\":\"2025-11-19 04:22:53\",\"name\":\"product-50\",\"extension\":\"jpg\"}','2025-11-18 21:22:53','2025-11-18 21:22:53'),(176,165,'ecommerce/digital-product-files/product-48.jpg','{\"filename\":\"product-48.jpg\",\"url\":\"ecommerce\\/digital-product-files\\/product-48.jpg\",\"mime_type\":\"image\\/jpeg\",\"size\":9730,\"modified\":\"2025-11-19 04:22:53\",\"name\":\"product-48\",\"extension\":\"jpg\"}','2025-11-18 21:22:53','2025-11-18 21:22:53'),(177,165,'ecommerce/digital-product-files/product-31.jpg','{\"filename\":\"product-31.jpg\",\"url\":\"ecommerce\\/digital-product-files\\/product-31.jpg\",\"mime_type\":\"image\\/jpeg\",\"size\":9730,\"modified\":\"2025-11-19 04:22:53\",\"name\":\"product-31\",\"extension\":\"jpg\"}','2025-11-18 21:22:53','2025-11-18 21:22:53'),(178,165,'ecommerce/digital-product-files/product-16.jpg','{\"filename\":\"product-16.jpg\",\"url\":\"ecommerce\\/digital-product-files\\/product-16.jpg\",\"mime_type\":\"image\\/jpeg\",\"size\":9730,\"modified\":\"2025-11-19 04:22:53\",\"name\":\"product-16\",\"extension\":\"jpg\"}','2025-11-18 21:22:53','2025-11-18 21:22:53'),(179,165,'ecommerce/digital-product-files/product-18.jpg','{\"filename\":\"product-18.jpg\",\"url\":\"ecommerce\\/digital-product-files\\/product-18.jpg\",\"mime_type\":\"image\\/jpeg\",\"size\":9730,\"modified\":\"2025-11-19 04:22:53\",\"name\":\"product-18\",\"extension\":\"jpg\"}','2025-11-18 21:22:53','2025-11-18 21:22:53'),(180,165,'ecommerce/digital-product-files/product-32.jpg','{\"filename\":\"product-32.jpg\",\"url\":\"ecommerce\\/digital-product-files\\/product-32.jpg\",\"mime_type\":\"image\\/jpeg\",\"size\":9730,\"modified\":\"2025-11-19 04:22:53\",\"name\":\"product-32\",\"extension\":\"jpg\"}','2025-11-18 21:22:53','2025-11-18 21:22:53'),(181,165,'ecommerce/digital-product-files/product-26.jpg','{\"filename\":\"product-26.jpg\",\"url\":\"ecommerce\\/digital-product-files\\/product-26.jpg\",\"mime_type\":\"image\\/jpeg\",\"size\":9730,\"modified\":\"2025-11-19 04:22:53\",\"name\":\"product-26\",\"extension\":\"jpg\"}','2025-11-18 21:22:53','2025-11-18 21:22:53'),(182,165,'ecommerce/digital-product-files/product-91.jpg','{\"filename\":\"product-91.jpg\",\"url\":\"ecommerce\\/digital-product-files\\/product-91.jpg\",\"mime_type\":\"image\\/jpeg\",\"size\":9730,\"modified\":\"2025-11-19 04:22:53\",\"name\":\"product-91\",\"extension\":\"jpg\"}','2025-11-18 21:22:53','2025-11-18 21:22:53'),(183,165,'ecommerce/digital-product-files/product-46.jpg','{\"filename\":\"product-46.jpg\",\"url\":\"ecommerce\\/digital-product-files\\/product-46.jpg\",\"mime_type\":\"image\\/jpeg\",\"size\":9730,\"modified\":\"2025-11-19 04:22:53\",\"name\":\"product-46\",\"extension\":\"jpg\"}','2025-11-18 21:22:53','2025-11-18 21:22:53'),(184,165,'ecommerce/digital-product-files/product-94.jpg','{\"filename\":\"product-94.jpg\",\"url\":\"ecommerce\\/digital-product-files\\/product-94.jpg\",\"mime_type\":\"image\\/jpeg\",\"size\":9730,\"modified\":\"2025-11-19 04:22:53\",\"name\":\"product-94\",\"extension\":\"jpg\"}','2025-11-18 21:22:53','2025-11-18 21:22:53'),(185,165,'ecommerce/digital-product-files/product-4.jpg','{\"filename\":\"product-4.jpg\",\"url\":\"ecommerce\\/digital-product-files\\/product-4.jpg\",\"mime_type\":\"image\\/jpeg\",\"size\":9730,\"modified\":\"2025-11-19 04:22:53\",\"name\":\"product-4\",\"extension\":\"jpg\"}','2025-11-18 21:22:53','2025-11-18 21:22:53'),(186,165,'ecommerce/digital-product-files/product-23.jpg','{\"filename\":\"product-23.jpg\",\"url\":\"ecommerce\\/digital-product-files\\/product-23.jpg\",\"mime_type\":\"image\\/jpeg\",\"size\":9730,\"modified\":\"2025-11-19 04:22:53\",\"name\":\"product-23\",\"extension\":\"jpg\"}','2025-11-18 21:22:53','2025-11-18 21:22:53'),(187,165,'ecommerce/digital-product-files/product-50.jpg','{\"filename\":\"product-50.jpg\",\"url\":\"ecommerce\\/digital-product-files\\/product-50.jpg\",\"mime_type\":\"image\\/jpeg\",\"size\":9730,\"modified\":\"2025-11-19 04:22:53\",\"name\":\"product-50\",\"extension\":\"jpg\"}','2025-11-18 21:22:53','2025-11-18 21:22:53'),(188,166,'ecommerce/digital-product-files/product-48.jpg','{\"filename\":\"product-48.jpg\",\"url\":\"ecommerce\\/digital-product-files\\/product-48.jpg\",\"mime_type\":\"image\\/jpeg\",\"size\":9730,\"modified\":\"2025-11-19 04:22:53\",\"name\":\"product-48\",\"extension\":\"jpg\"}','2025-11-18 21:22:53','2025-11-18 21:22:53'),(189,166,'ecommerce/digital-product-files/product-31.jpg','{\"filename\":\"product-31.jpg\",\"url\":\"ecommerce\\/digital-product-files\\/product-31.jpg\",\"mime_type\":\"image\\/jpeg\",\"size\":9730,\"modified\":\"2025-11-19 04:22:53\",\"name\":\"product-31\",\"extension\":\"jpg\"}','2025-11-18 21:22:53','2025-11-18 21:22:53'),(190,166,'ecommerce/digital-product-files/product-16.jpg','{\"filename\":\"product-16.jpg\",\"url\":\"ecommerce\\/digital-product-files\\/product-16.jpg\",\"mime_type\":\"image\\/jpeg\",\"size\":9730,\"modified\":\"2025-11-19 04:22:53\",\"name\":\"product-16\",\"extension\":\"jpg\"}','2025-11-18 21:22:53','2025-11-18 21:22:53'),(191,166,'ecommerce/digital-product-files/product-18.jpg','{\"filename\":\"product-18.jpg\",\"url\":\"ecommerce\\/digital-product-files\\/product-18.jpg\",\"mime_type\":\"image\\/jpeg\",\"size\":9730,\"modified\":\"2025-11-19 04:22:53\",\"name\":\"product-18\",\"extension\":\"jpg\"}','2025-11-18 21:22:53','2025-11-18 21:22:53'),(192,166,'ecommerce/digital-product-files/product-32.jpg','{\"filename\":\"product-32.jpg\",\"url\":\"ecommerce\\/digital-product-files\\/product-32.jpg\",\"mime_type\":\"image\\/jpeg\",\"size\":9730,\"modified\":\"2025-11-19 04:22:53\",\"name\":\"product-32\",\"extension\":\"jpg\"}','2025-11-18 21:22:53','2025-11-18 21:22:53'),(193,166,'ecommerce/digital-product-files/product-26.jpg','{\"filename\":\"product-26.jpg\",\"url\":\"ecommerce\\/digital-product-files\\/product-26.jpg\",\"mime_type\":\"image\\/jpeg\",\"size\":9730,\"modified\":\"2025-11-19 04:22:53\",\"name\":\"product-26\",\"extension\":\"jpg\"}','2025-11-18 21:22:53','2025-11-18 21:22:53'),(194,166,'ecommerce/digital-product-files/product-91.jpg','{\"filename\":\"product-91.jpg\",\"url\":\"ecommerce\\/digital-product-files\\/product-91.jpg\",\"mime_type\":\"image\\/jpeg\",\"size\":9730,\"modified\":\"2025-11-19 04:22:53\",\"name\":\"product-91\",\"extension\":\"jpg\"}','2025-11-18 21:22:53','2025-11-18 21:22:53'),(195,166,'ecommerce/digital-product-files/product-46.jpg','{\"filename\":\"product-46.jpg\",\"url\":\"ecommerce\\/digital-product-files\\/product-46.jpg\",\"mime_type\":\"image\\/jpeg\",\"size\":9730,\"modified\":\"2025-11-19 04:22:53\",\"name\":\"product-46\",\"extension\":\"jpg\"}','2025-11-18 21:22:53','2025-11-18 21:22:53'),(196,166,'ecommerce/digital-product-files/product-94.jpg','{\"filename\":\"product-94.jpg\",\"url\":\"ecommerce\\/digital-product-files\\/product-94.jpg\",\"mime_type\":\"image\\/jpeg\",\"size\":9730,\"modified\":\"2025-11-19 04:22:53\",\"name\":\"product-94\",\"extension\":\"jpg\"}','2025-11-18 21:22:53','2025-11-18 21:22:53'),(197,166,'ecommerce/digital-product-files/product-4.jpg','{\"filename\":\"product-4.jpg\",\"url\":\"ecommerce\\/digital-product-files\\/product-4.jpg\",\"mime_type\":\"image\\/jpeg\",\"size\":9730,\"modified\":\"2025-11-19 04:22:53\",\"name\":\"product-4\",\"extension\":\"jpg\"}','2025-11-18 21:22:53','2025-11-18 21:22:53'),(198,166,'ecommerce/digital-product-files/product-23.jpg','{\"filename\":\"product-23.jpg\",\"url\":\"ecommerce\\/digital-product-files\\/product-23.jpg\",\"mime_type\":\"image\\/jpeg\",\"size\":9730,\"modified\":\"2025-11-19 04:22:53\",\"name\":\"product-23\",\"extension\":\"jpg\"}','2025-11-18 21:22:53','2025-11-18 21:22:53'),(199,166,'ecommerce/digital-product-files/product-50.jpg','{\"filename\":\"product-50.jpg\",\"url\":\"ecommerce\\/digital-product-files\\/product-50.jpg\",\"mime_type\":\"image\\/jpeg\",\"size\":9730,\"modified\":\"2025-11-19 04:22:53\",\"name\":\"product-50\",\"extension\":\"jpg\"}','2025-11-18 21:22:53','2025-11-18 21:22:53'),(200,173,'ecommerce/digital-product-files/product-89.jpg','{\"filename\":\"product-89.jpg\",\"url\":\"ecommerce\\/digital-product-files\\/product-89.jpg\",\"mime_type\":\"image\\/jpeg\",\"size\":9730,\"modified\":\"2025-11-19 04:22:54\",\"name\":\"product-89\",\"extension\":\"jpg\"}','2025-11-18 21:22:54','2025-11-18 21:22:54'),(201,173,'ecommerce/digital-product-files/product-72.jpg','{\"filename\":\"product-72.jpg\",\"url\":\"ecommerce\\/digital-product-files\\/product-72.jpg\",\"mime_type\":\"image\\/jpeg\",\"size\":9730,\"modified\":\"2025-11-19 04:22:54\",\"name\":\"product-72\",\"extension\":\"jpg\"}','2025-11-18 21:22:54','2025-11-18 21:22:54'),(202,173,'ecommerce/digital-product-files/product-44.jpg','{\"filename\":\"product-44.jpg\",\"url\":\"ecommerce\\/digital-product-files\\/product-44.jpg\",\"mime_type\":\"image\\/jpeg\",\"size\":9730,\"modified\":\"2025-11-19 04:22:54\",\"name\":\"product-44\",\"extension\":\"jpg\"}','2025-11-18 21:22:54','2025-11-18 21:22:54'),(203,173,'ecommerce/digital-product-files/product-39.jpg','{\"filename\":\"product-39.jpg\",\"url\":\"ecommerce\\/digital-product-files\\/product-39.jpg\",\"mime_type\":\"image\\/jpeg\",\"size\":9730,\"modified\":\"2025-11-19 04:22:54\",\"name\":\"product-39\",\"extension\":\"jpg\"}','2025-11-18 21:22:54','2025-11-18 21:22:54'),(204,173,'ecommerce/digital-product-files/product-50.jpg','{\"filename\":\"product-50.jpg\",\"url\":\"ecommerce\\/digital-product-files\\/product-50.jpg\",\"mime_type\":\"image\\/jpeg\",\"size\":9730,\"modified\":\"2025-11-19 04:22:54\",\"name\":\"product-50\",\"extension\":\"jpg\"}','2025-11-18 21:22:54','2025-11-18 21:22:54'),(205,173,'ecommerce/digital-product-files/product-35.jpg','{\"filename\":\"product-35.jpg\",\"url\":\"ecommerce\\/digital-product-files\\/product-35.jpg\",\"mime_type\":\"image\\/jpeg\",\"size\":9730,\"modified\":\"2025-11-19 04:22:54\",\"name\":\"product-35\",\"extension\":\"jpg\"}','2025-11-18 21:22:54','2025-11-18 21:22:54'),(206,173,'ecommerce/digital-product-files/product-80.jpg','{\"filename\":\"product-80.jpg\",\"url\":\"ecommerce\\/digital-product-files\\/product-80.jpg\",\"mime_type\":\"image\\/jpeg\",\"size\":9730,\"modified\":\"2025-11-19 04:22:54\",\"name\":\"product-80\",\"extension\":\"jpg\"}','2025-11-18 21:22:54','2025-11-18 21:22:54'),(207,173,'ecommerce/digital-product-files/product-31.jpg','{\"filename\":\"product-31.jpg\",\"url\":\"ecommerce\\/digital-product-files\\/product-31.jpg\",\"mime_type\":\"image\\/jpeg\",\"size\":9730,\"modified\":\"2025-11-19 04:22:54\",\"name\":\"product-31\",\"extension\":\"jpg\"}','2025-11-18 21:22:54','2025-11-18 21:22:54'),(208,182,'ecommerce/digital-product-files/product-63.jpg','{\"filename\":\"product-63.jpg\",\"url\":\"ecommerce\\/digital-product-files\\/product-63.jpg\",\"mime_type\":\"image\\/jpeg\",\"size\":9730,\"modified\":\"2025-11-19 04:22:54\",\"name\":\"product-63\",\"extension\":\"jpg\"}','2025-11-18 21:22:54','2025-11-18 21:22:54'),(209,182,'ecommerce/digital-product-files/product-52.jpg','{\"filename\":\"product-52.jpg\",\"url\":\"ecommerce\\/digital-product-files\\/product-52.jpg\",\"mime_type\":\"image\\/jpeg\",\"size\":9730,\"modified\":\"2025-11-19 04:22:54\",\"name\":\"product-52\",\"extension\":\"jpg\"}','2025-11-18 21:22:54','2025-11-18 21:22:54'),(210,182,'ecommerce/digital-product-files/product-29.jpg','{\"filename\":\"product-29.jpg\",\"url\":\"ecommerce\\/digital-product-files\\/product-29.jpg\",\"mime_type\":\"image\\/jpeg\",\"size\":9730,\"modified\":\"2025-11-19 04:22:54\",\"name\":\"product-29\",\"extension\":\"jpg\"}','2025-11-18 21:22:54','2025-11-18 21:22:54'),(211,182,'ecommerce/digital-product-files/product-36.jpg','{\"filename\":\"product-36.jpg\",\"url\":\"ecommerce\\/digital-product-files\\/product-36.jpg\",\"mime_type\":\"image\\/jpeg\",\"size\":9730,\"modified\":\"2025-11-19 04:22:54\",\"name\":\"product-36\",\"extension\":\"jpg\"}','2025-11-18 21:22:54','2025-11-18 21:22:54'),(212,182,'ecommerce/digital-product-files/product-41.jpg','{\"filename\":\"product-41.jpg\",\"url\":\"ecommerce\\/digital-product-files\\/product-41.jpg\",\"mime_type\":\"image\\/jpeg\",\"size\":9730,\"modified\":\"2025-11-19 04:22:54\",\"name\":\"product-41\",\"extension\":\"jpg\"}','2025-11-18 21:22:54','2025-11-18 21:22:54'),(213,183,'ecommerce/digital-product-files/product-63.jpg','{\"filename\":\"product-63.jpg\",\"url\":\"ecommerce\\/digital-product-files\\/product-63.jpg\",\"mime_type\":\"image\\/jpeg\",\"size\":9730,\"modified\":\"2025-11-19 04:22:54\",\"name\":\"product-63\",\"extension\":\"jpg\"}','2025-11-18 21:22:54','2025-11-18 21:22:54'),(214,183,'ecommerce/digital-product-files/product-52.jpg','{\"filename\":\"product-52.jpg\",\"url\":\"ecommerce\\/digital-product-files\\/product-52.jpg\",\"mime_type\":\"image\\/jpeg\",\"size\":9730,\"modified\":\"2025-11-19 04:22:54\",\"name\":\"product-52\",\"extension\":\"jpg\"}','2025-11-18 21:22:54','2025-11-18 21:22:54'),(215,183,'ecommerce/digital-product-files/product-29.jpg','{\"filename\":\"product-29.jpg\",\"url\":\"ecommerce\\/digital-product-files\\/product-29.jpg\",\"mime_type\":\"image\\/jpeg\",\"size\":9730,\"modified\":\"2025-11-19 04:22:54\",\"name\":\"product-29\",\"extension\":\"jpg\"}','2025-11-18 21:22:54','2025-11-18 21:22:54'),(216,183,'ecommerce/digital-product-files/product-36.jpg','{\"filename\":\"product-36.jpg\",\"url\":\"ecommerce\\/digital-product-files\\/product-36.jpg\",\"mime_type\":\"image\\/jpeg\",\"size\":9730,\"modified\":\"2025-11-19 04:22:54\",\"name\":\"product-36\",\"extension\":\"jpg\"}','2025-11-18 21:22:54','2025-11-18 21:22:54'),(217,183,'ecommerce/digital-product-files/product-41.jpg','{\"filename\":\"product-41.jpg\",\"url\":\"ecommerce\\/digital-product-files\\/product-41.jpg\",\"mime_type\":\"image\\/jpeg\",\"size\":9730,\"modified\":\"2025-11-19 04:22:54\",\"name\":\"product-41\",\"extension\":\"jpg\"}','2025-11-18 21:22:54','2025-11-18 21:22:54'),(218,191,'ecommerce/digital-product-files/product-17.jpg','{\"filename\":\"product-17.jpg\",\"url\":\"ecommerce\\/digital-product-files\\/product-17.jpg\",\"mime_type\":\"image\\/jpeg\",\"size\":9730,\"modified\":\"2025-11-19 04:22:54\",\"name\":\"product-17\",\"extension\":\"jpg\"}','2025-11-18 21:22:54','2025-11-18 21:22:54'),(219,191,'ecommerce/digital-product-files/product-64.jpg','{\"filename\":\"product-64.jpg\",\"url\":\"ecommerce\\/digital-product-files\\/product-64.jpg\",\"mime_type\":\"image\\/jpeg\",\"size\":9730,\"modified\":\"2025-11-19 04:22:54\",\"name\":\"product-64\",\"extension\":\"jpg\"}','2025-11-18 21:22:54','2025-11-18 21:22:54'),(220,191,'ecommerce/digital-product-files/product-37.jpg','{\"filename\":\"product-37.jpg\",\"url\":\"ecommerce\\/digital-product-files\\/product-37.jpg\",\"mime_type\":\"image\\/jpeg\",\"size\":9730,\"modified\":\"2025-11-19 04:22:54\",\"name\":\"product-37\",\"extension\":\"jpg\"}','2025-11-18 21:22:54','2025-11-18 21:22:54'),(221,191,'ecommerce/digital-product-files/product-7.jpg','{\"filename\":\"product-7.jpg\",\"url\":\"ecommerce\\/digital-product-files\\/product-7.jpg\",\"mime_type\":\"image\\/jpeg\",\"size\":9730,\"modified\":\"2025-11-19 04:22:54\",\"name\":\"product-7\",\"extension\":\"jpg\"}','2025-11-18 21:22:54','2025-11-18 21:22:54'),(222,191,'ecommerce/digital-product-files/product-35.jpg','{\"filename\":\"product-35.jpg\",\"url\":\"ecommerce\\/digital-product-files\\/product-35.jpg\",\"mime_type\":\"image\\/jpeg\",\"size\":9730,\"modified\":\"2025-11-19 04:22:54\",\"name\":\"product-35\",\"extension\":\"jpg\"}','2025-11-18 21:22:54','2025-11-18 21:22:54'),(223,191,'ecommerce/digital-product-files/product-60.jpg','{\"filename\":\"product-60.jpg\",\"url\":\"ecommerce\\/digital-product-files\\/product-60.jpg\",\"mime_type\":\"image\\/jpeg\",\"size\":9730,\"modified\":\"2025-11-19 04:22:54\",\"name\":\"product-60\",\"extension\":\"jpg\"}','2025-11-18 21:22:54','2025-11-18 21:22:54'),(224,191,'ecommerce/digital-product-files/product-20.jpg','{\"filename\":\"product-20.jpg\",\"url\":\"ecommerce\\/digital-product-files\\/product-20.jpg\",\"mime_type\":\"image\\/jpeg\",\"size\":9730,\"modified\":\"2025-11-19 04:22:54\",\"name\":\"product-20\",\"extension\":\"jpg\"}','2025-11-18 21:22:54','2025-11-18 21:22:54'),(225,191,'ecommerce/digital-product-files/product-1.jpg','{\"filename\":\"product-1.jpg\",\"url\":\"ecommerce\\/digital-product-files\\/product-1.jpg\",\"mime_type\":\"image\\/jpeg\",\"size\":9730,\"modified\":\"2025-11-19 04:22:54\",\"name\":\"product-1\",\"extension\":\"jpg\"}','2025-11-18 21:22:54','2025-11-18 21:22:54'),(226,191,'ecommerce/digital-product-files/product-33.jpg','{\"filename\":\"product-33.jpg\",\"url\":\"ecommerce\\/digital-product-files\\/product-33.jpg\",\"mime_type\":\"image\\/jpeg\",\"size\":9730,\"modified\":\"2025-11-19 04:22:54\",\"name\":\"product-33\",\"extension\":\"jpg\"}','2025-11-18 21:22:54','2025-11-18 21:22:54'),(227,191,'ecommerce/digital-product-files/product-88.jpg','{\"filename\":\"product-88.jpg\",\"url\":\"ecommerce\\/digital-product-files\\/product-88.jpg\",\"mime_type\":\"image\\/jpeg\",\"size\":9730,\"modified\":\"2025-11-19 04:22:54\",\"name\":\"product-88\",\"extension\":\"jpg\"}','2025-11-18 21:22:54','2025-11-18 21:22:54'),(228,192,'ecommerce/digital-product-files/product-17.jpg','{\"filename\":\"product-17.jpg\",\"url\":\"ecommerce\\/digital-product-files\\/product-17.jpg\",\"mime_type\":\"image\\/jpeg\",\"size\":9730,\"modified\":\"2025-11-19 04:22:54\",\"name\":\"product-17\",\"extension\":\"jpg\"}','2025-11-18 21:22:54','2025-11-18 21:22:54'),(229,192,'ecommerce/digital-product-files/product-64.jpg','{\"filename\":\"product-64.jpg\",\"url\":\"ecommerce\\/digital-product-files\\/product-64.jpg\",\"mime_type\":\"image\\/jpeg\",\"size\":9730,\"modified\":\"2025-11-19 04:22:54\",\"name\":\"product-64\",\"extension\":\"jpg\"}','2025-11-18 21:22:54','2025-11-18 21:22:54'),(230,192,'ecommerce/digital-product-files/product-37.jpg','{\"filename\":\"product-37.jpg\",\"url\":\"ecommerce\\/digital-product-files\\/product-37.jpg\",\"mime_type\":\"image\\/jpeg\",\"size\":9730,\"modified\":\"2025-11-19 04:22:54\",\"name\":\"product-37\",\"extension\":\"jpg\"}','2025-11-18 21:22:54','2025-11-18 21:22:54'),(231,192,'ecommerce/digital-product-files/product-7.jpg','{\"filename\":\"product-7.jpg\",\"url\":\"ecommerce\\/digital-product-files\\/product-7.jpg\",\"mime_type\":\"image\\/jpeg\",\"size\":9730,\"modified\":\"2025-11-19 04:22:54\",\"name\":\"product-7\",\"extension\":\"jpg\"}','2025-11-18 21:22:54','2025-11-18 21:22:54'),(232,192,'ecommerce/digital-product-files/product-35.jpg','{\"filename\":\"product-35.jpg\",\"url\":\"ecommerce\\/digital-product-files\\/product-35.jpg\",\"mime_type\":\"image\\/jpeg\",\"size\":9730,\"modified\":\"2025-11-19 04:22:54\",\"name\":\"product-35\",\"extension\":\"jpg\"}','2025-11-18 21:22:54','2025-11-18 21:22:54'),(233,192,'ecommerce/digital-product-files/product-60.jpg','{\"filename\":\"product-60.jpg\",\"url\":\"ecommerce\\/digital-product-files\\/product-60.jpg\",\"mime_type\":\"image\\/jpeg\",\"size\":9730,\"modified\":\"2025-11-19 04:22:54\",\"name\":\"product-60\",\"extension\":\"jpg\"}','2025-11-18 21:22:54','2025-11-18 21:22:54'),(234,192,'ecommerce/digital-product-files/product-20.jpg','{\"filename\":\"product-20.jpg\",\"url\":\"ecommerce\\/digital-product-files\\/product-20.jpg\",\"mime_type\":\"image\\/jpeg\",\"size\":9730,\"modified\":\"2025-11-19 04:22:54\",\"name\":\"product-20\",\"extension\":\"jpg\"}','2025-11-18 21:22:54','2025-11-18 21:22:54'),(235,192,'ecommerce/digital-product-files/product-1.jpg','{\"filename\":\"product-1.jpg\",\"url\":\"ecommerce\\/digital-product-files\\/product-1.jpg\",\"mime_type\":\"image\\/jpeg\",\"size\":9730,\"modified\":\"2025-11-19 04:22:54\",\"name\":\"product-1\",\"extension\":\"jpg\"}','2025-11-18 21:22:54','2025-11-18 21:22:54'),(236,192,'ecommerce/digital-product-files/product-33.jpg','{\"filename\":\"product-33.jpg\",\"url\":\"ecommerce\\/digital-product-files\\/product-33.jpg\",\"mime_type\":\"image\\/jpeg\",\"size\":9730,\"modified\":\"2025-11-19 04:22:54\",\"name\":\"product-33\",\"extension\":\"jpg\"}','2025-11-18 21:22:54','2025-11-18 21:22:54'),(237,192,'ecommerce/digital-product-files/product-88.jpg','{\"filename\":\"product-88.jpg\",\"url\":\"ecommerce\\/digital-product-files\\/product-88.jpg\",\"mime_type\":\"image\\/jpeg\",\"size\":9730,\"modified\":\"2025-11-19 04:22:54\",\"name\":\"product-88\",\"extension\":\"jpg\"}','2025-11-18 21:22:54','2025-11-18 21:22:54'),(238,193,'ecommerce/digital-product-files/product-17.jpg','{\"filename\":\"product-17.jpg\",\"url\":\"ecommerce\\/digital-product-files\\/product-17.jpg\",\"mime_type\":\"image\\/jpeg\",\"size\":9730,\"modified\":\"2025-11-19 04:22:54\",\"name\":\"product-17\",\"extension\":\"jpg\"}','2025-11-18 21:22:54','2025-11-18 21:22:54'),(239,193,'ecommerce/digital-product-files/product-64.jpg','{\"filename\":\"product-64.jpg\",\"url\":\"ecommerce\\/digital-product-files\\/product-64.jpg\",\"mime_type\":\"image\\/jpeg\",\"size\":9730,\"modified\":\"2025-11-19 04:22:54\",\"name\":\"product-64\",\"extension\":\"jpg\"}','2025-11-18 21:22:54','2025-11-18 21:22:54'),(240,193,'ecommerce/digital-product-files/product-37.jpg','{\"filename\":\"product-37.jpg\",\"url\":\"ecommerce\\/digital-product-files\\/product-37.jpg\",\"mime_type\":\"image\\/jpeg\",\"size\":9730,\"modified\":\"2025-11-19 04:22:54\",\"name\":\"product-37\",\"extension\":\"jpg\"}','2025-11-18 21:22:54','2025-11-18 21:22:54'),(241,193,'ecommerce/digital-product-files/product-7.jpg','{\"filename\":\"product-7.jpg\",\"url\":\"ecommerce\\/digital-product-files\\/product-7.jpg\",\"mime_type\":\"image\\/jpeg\",\"size\":9730,\"modified\":\"2025-11-19 04:22:54\",\"name\":\"product-7\",\"extension\":\"jpg\"}','2025-11-18 21:22:54','2025-11-18 21:22:54'),(242,193,'ecommerce/digital-product-files/product-35.jpg','{\"filename\":\"product-35.jpg\",\"url\":\"ecommerce\\/digital-product-files\\/product-35.jpg\",\"mime_type\":\"image\\/jpeg\",\"size\":9730,\"modified\":\"2025-11-19 04:22:54\",\"name\":\"product-35\",\"extension\":\"jpg\"}','2025-11-18 21:22:54','2025-11-18 21:22:54'),(243,193,'ecommerce/digital-product-files/product-60.jpg','{\"filename\":\"product-60.jpg\",\"url\":\"ecommerce\\/digital-product-files\\/product-60.jpg\",\"mime_type\":\"image\\/jpeg\",\"size\":9730,\"modified\":\"2025-11-19 04:22:54\",\"name\":\"product-60\",\"extension\":\"jpg\"}','2025-11-18 21:22:54','2025-11-18 21:22:54'),(244,193,'ecommerce/digital-product-files/product-20.jpg','{\"filename\":\"product-20.jpg\",\"url\":\"ecommerce\\/digital-product-files\\/product-20.jpg\",\"mime_type\":\"image\\/jpeg\",\"size\":9730,\"modified\":\"2025-11-19 04:22:54\",\"name\":\"product-20\",\"extension\":\"jpg\"}','2025-11-18 21:22:54','2025-11-18 21:22:54'),(245,193,'ecommerce/digital-product-files/product-1.jpg','{\"filename\":\"product-1.jpg\",\"url\":\"ecommerce\\/digital-product-files\\/product-1.jpg\",\"mime_type\":\"image\\/jpeg\",\"size\":9730,\"modified\":\"2025-11-19 04:22:54\",\"name\":\"product-1\",\"extension\":\"jpg\"}','2025-11-18 21:22:54','2025-11-18 21:22:54'),(246,193,'ecommerce/digital-product-files/product-33.jpg','{\"filename\":\"product-33.jpg\",\"url\":\"ecommerce\\/digital-product-files\\/product-33.jpg\",\"mime_type\":\"image\\/jpeg\",\"size\":9730,\"modified\":\"2025-11-19 04:22:54\",\"name\":\"product-33\",\"extension\":\"jpg\"}','2025-11-18 21:22:54','2025-11-18 21:22:54'),(247,193,'ecommerce/digital-product-files/product-88.jpg','{\"filename\":\"product-88.jpg\",\"url\":\"ecommerce\\/digital-product-files\\/product-88.jpg\",\"mime_type\":\"image\\/jpeg\",\"size\":9730,\"modified\":\"2025-11-19 04:22:54\",\"name\":\"product-88\",\"extension\":\"jpg\"}','2025-11-18 21:22:54','2025-11-18 21:22:54'),(248,200,'ecommerce/digital-product-files/product-47.jpg','{\"filename\":\"product-47.jpg\",\"url\":\"ecommerce\\/digital-product-files\\/product-47.jpg\",\"mime_type\":\"image\\/jpeg\",\"size\":9730,\"modified\":\"2025-11-19 04:22:55\",\"name\":\"product-47\",\"extension\":\"jpg\"}','2025-11-18 21:22:55','2025-11-18 21:22:55'),(249,200,'ecommerce/digital-product-files/product-81.jpg','{\"filename\":\"product-81.jpg\",\"url\":\"ecommerce\\/digital-product-files\\/product-81.jpg\",\"mime_type\":\"image\\/jpeg\",\"size\":9730,\"modified\":\"2025-11-19 04:22:55\",\"name\":\"product-81\",\"extension\":\"jpg\"}','2025-11-18 21:22:55','2025-11-18 21:22:55'),(250,200,'ecommerce/digital-product-files/product-93.jpg','{\"filename\":\"product-93.jpg\",\"url\":\"ecommerce\\/digital-product-files\\/product-93.jpg\",\"mime_type\":\"image\\/jpeg\",\"size\":9730,\"modified\":\"2025-11-19 04:22:55\",\"name\":\"product-93\",\"extension\":\"jpg\"}','2025-11-18 21:22:55','2025-11-18 21:22:55'),(251,200,'ecommerce/digital-product-files/product-52.jpg','{\"filename\":\"product-52.jpg\",\"url\":\"ecommerce\\/digital-product-files\\/product-52.jpg\",\"mime_type\":\"image\\/jpeg\",\"size\":9730,\"modified\":\"2025-11-19 04:22:55\",\"name\":\"product-52\",\"extension\":\"jpg\"}','2025-11-18 21:22:55','2025-11-18 21:22:55'),(252,200,'ecommerce/digital-product-files/product-58.jpg','{\"filename\":\"product-58.jpg\",\"url\":\"ecommerce\\/digital-product-files\\/product-58.jpg\",\"mime_type\":\"image\\/jpeg\",\"size\":9730,\"modified\":\"2025-11-19 04:22:55\",\"name\":\"product-58\",\"extension\":\"jpg\"}','2025-11-18 21:22:55','2025-11-18 21:22:55'),(253,201,'ecommerce/digital-product-files/product-47.jpg','{\"filename\":\"product-47.jpg\",\"url\":\"ecommerce\\/digital-product-files\\/product-47.jpg\",\"mime_type\":\"image\\/jpeg\",\"size\":9730,\"modified\":\"2025-11-19 04:22:55\",\"name\":\"product-47\",\"extension\":\"jpg\"}','2025-11-18 21:22:55','2025-11-18 21:22:55'),(254,201,'ecommerce/digital-product-files/product-81.jpg','{\"filename\":\"product-81.jpg\",\"url\":\"ecommerce\\/digital-product-files\\/product-81.jpg\",\"mime_type\":\"image\\/jpeg\",\"size\":9730,\"modified\":\"2025-11-19 04:22:55\",\"name\":\"product-81\",\"extension\":\"jpg\"}','2025-11-18 21:22:55','2025-11-18 21:22:55'),(255,201,'ecommerce/digital-product-files/product-93.jpg','{\"filename\":\"product-93.jpg\",\"url\":\"ecommerce\\/digital-product-files\\/product-93.jpg\",\"mime_type\":\"image\\/jpeg\",\"size\":9730,\"modified\":\"2025-11-19 04:22:55\",\"name\":\"product-93\",\"extension\":\"jpg\"}','2025-11-18 21:22:55','2025-11-18 21:22:55'),(256,201,'ecommerce/digital-product-files/product-52.jpg','{\"filename\":\"product-52.jpg\",\"url\":\"ecommerce\\/digital-product-files\\/product-52.jpg\",\"mime_type\":\"image\\/jpeg\",\"size\":9730,\"modified\":\"2025-11-19 04:22:55\",\"name\":\"product-52\",\"extension\":\"jpg\"}','2025-11-18 21:22:55','2025-11-18 21:22:55'),(257,201,'ecommerce/digital-product-files/product-58.jpg','{\"filename\":\"product-58.jpg\",\"url\":\"ecommerce\\/digital-product-files\\/product-58.jpg\",\"mime_type\":\"image\\/jpeg\",\"size\":9730,\"modified\":\"2025-11-19 04:22:55\",\"name\":\"product-58\",\"extension\":\"jpg\"}','2025-11-18 21:22:55','2025-11-18 21:22:55'),(258,202,'ecommerce/digital-product-files/product-47.jpg','{\"filename\":\"product-47.jpg\",\"url\":\"ecommerce\\/digital-product-files\\/product-47.jpg\",\"mime_type\":\"image\\/jpeg\",\"size\":9730,\"modified\":\"2025-11-19 04:22:55\",\"name\":\"product-47\",\"extension\":\"jpg\"}','2025-11-18 21:22:55','2025-11-18 21:22:55'),(259,202,'ecommerce/digital-product-files/product-81.jpg','{\"filename\":\"product-81.jpg\",\"url\":\"ecommerce\\/digital-product-files\\/product-81.jpg\",\"mime_type\":\"image\\/jpeg\",\"size\":9730,\"modified\":\"2025-11-19 04:22:55\",\"name\":\"product-81\",\"extension\":\"jpg\"}','2025-11-18 21:22:55','2025-11-18 21:22:55'),(260,202,'ecommerce/digital-product-files/product-93.jpg','{\"filename\":\"product-93.jpg\",\"url\":\"ecommerce\\/digital-product-files\\/product-93.jpg\",\"mime_type\":\"image\\/jpeg\",\"size\":9730,\"modified\":\"2025-11-19 04:22:55\",\"name\":\"product-93\",\"extension\":\"jpg\"}','2025-11-18 21:22:55','2025-11-18 21:22:55'),(261,202,'ecommerce/digital-product-files/product-52.jpg','{\"filename\":\"product-52.jpg\",\"url\":\"ecommerce\\/digital-product-files\\/product-52.jpg\",\"mime_type\":\"image\\/jpeg\",\"size\":9730,\"modified\":\"2025-11-19 04:22:55\",\"name\":\"product-52\",\"extension\":\"jpg\"}','2025-11-18 21:22:55','2025-11-18 21:22:55'),(262,202,'ecommerce/digital-product-files/product-58.jpg','{\"filename\":\"product-58.jpg\",\"url\":\"ecommerce\\/digital-product-files\\/product-58.jpg\",\"mime_type\":\"image\\/jpeg\",\"size\":9730,\"modified\":\"2025-11-19 04:22:55\",\"name\":\"product-58\",\"extension\":\"jpg\"}','2025-11-18 21:22:55','2025-11-18 21:22:55'),(263,203,'ecommerce/digital-product-files/product-47.jpg','{\"filename\":\"product-47.jpg\",\"url\":\"ecommerce\\/digital-product-files\\/product-47.jpg\",\"mime_type\":\"image\\/jpeg\",\"size\":9730,\"modified\":\"2025-11-19 04:22:55\",\"name\":\"product-47\",\"extension\":\"jpg\"}','2025-11-18 21:22:55','2025-11-18 21:22:55'),(264,203,'ecommerce/digital-product-files/product-81.jpg','{\"filename\":\"product-81.jpg\",\"url\":\"ecommerce\\/digital-product-files\\/product-81.jpg\",\"mime_type\":\"image\\/jpeg\",\"size\":9730,\"modified\":\"2025-11-19 04:22:55\",\"name\":\"product-81\",\"extension\":\"jpg\"}','2025-11-18 21:22:55','2025-11-18 21:22:55'),(265,203,'ecommerce/digital-product-files/product-93.jpg','{\"filename\":\"product-93.jpg\",\"url\":\"ecommerce\\/digital-product-files\\/product-93.jpg\",\"mime_type\":\"image\\/jpeg\",\"size\":9730,\"modified\":\"2025-11-19 04:22:55\",\"name\":\"product-93\",\"extension\":\"jpg\"}','2025-11-18 21:22:55','2025-11-18 21:22:55'),(266,203,'ecommerce/digital-product-files/product-52.jpg','{\"filename\":\"product-52.jpg\",\"url\":\"ecommerce\\/digital-product-files\\/product-52.jpg\",\"mime_type\":\"image\\/jpeg\",\"size\":9730,\"modified\":\"2025-11-19 04:22:55\",\"name\":\"product-52\",\"extension\":\"jpg\"}','2025-11-18 21:22:55','2025-11-18 21:22:55'),(267,203,'ecommerce/digital-product-files/product-58.jpg','{\"filename\":\"product-58.jpg\",\"url\":\"ecommerce\\/digital-product-files\\/product-58.jpg\",\"mime_type\":\"image\\/jpeg\",\"size\":9730,\"modified\":\"2025-11-19 04:22:55\",\"name\":\"product-58\",\"extension\":\"jpg\"}','2025-11-18 21:22:55','2025-11-18 21:22:55'),(268,211,'ecommerce/digital-product-files/product-10.jpg','{\"filename\":\"product-10.jpg\",\"url\":\"ecommerce\\/digital-product-files\\/product-10.jpg\",\"mime_type\":\"image\\/jpeg\",\"size\":9730,\"modified\":\"2025-11-19 04:22:55\",\"name\":\"product-10\",\"extension\":\"jpg\"}','2025-11-18 21:22:55','2025-11-18 21:22:55'),(269,211,'ecommerce/digital-product-files/product-70.jpg','{\"filename\":\"product-70.jpg\",\"url\":\"ecommerce\\/digital-product-files\\/product-70.jpg\",\"mime_type\":\"image\\/jpeg\",\"size\":9730,\"modified\":\"2025-11-19 04:22:55\",\"name\":\"product-70\",\"extension\":\"jpg\"}','2025-11-18 21:22:55','2025-11-18 21:22:55'),(270,211,'ecommerce/digital-product-files/product-24.jpg','{\"filename\":\"product-24.jpg\",\"url\":\"ecommerce\\/digital-product-files\\/product-24.jpg\",\"mime_type\":\"image\\/jpeg\",\"size\":9730,\"modified\":\"2025-11-19 04:22:55\",\"name\":\"product-24\",\"extension\":\"jpg\"}','2025-11-18 21:22:55','2025-11-18 21:22:55'),(271,211,'ecommerce/digital-product-files/product-59.jpg','{\"filename\":\"product-59.jpg\",\"url\":\"ecommerce\\/digital-product-files\\/product-59.jpg\",\"mime_type\":\"image\\/jpeg\",\"size\":9730,\"modified\":\"2025-11-19 04:22:55\",\"name\":\"product-59\",\"extension\":\"jpg\"}','2025-11-18 21:22:55','2025-11-18 21:22:55'),(272,211,'ecommerce/digital-product-files/product-1.jpg','{\"filename\":\"product-1.jpg\",\"url\":\"ecommerce\\/digital-product-files\\/product-1.jpg\",\"mime_type\":\"image\\/jpeg\",\"size\":9730,\"modified\":\"2025-11-19 04:22:55\",\"name\":\"product-1\",\"extension\":\"jpg\"}','2025-11-18 21:22:55','2025-11-18 21:22:55'),(273,211,'ecommerce/digital-product-files/product-20.jpg','{\"filename\":\"product-20.jpg\",\"url\":\"ecommerce\\/digital-product-files\\/product-20.jpg\",\"mime_type\":\"image\\/jpeg\",\"size\":9730,\"modified\":\"2025-11-19 04:22:55\",\"name\":\"product-20\",\"extension\":\"jpg\"}','2025-11-18 21:22:55','2025-11-18 21:22:55'),(274,211,'ecommerce/digital-product-files/product-43.jpg','{\"filename\":\"product-43.jpg\",\"url\":\"ecommerce\\/digital-product-files\\/product-43.jpg\",\"mime_type\":\"image\\/jpeg\",\"size\":9730,\"modified\":\"2025-11-19 04:22:55\",\"name\":\"product-43\",\"extension\":\"jpg\"}','2025-11-18 21:22:55','2025-11-18 21:22:55'),(275,211,'ecommerce/digital-product-files/product-84.jpg','{\"filename\":\"product-84.jpg\",\"url\":\"ecommerce\\/digital-product-files\\/product-84.jpg\",\"mime_type\":\"image\\/jpeg\",\"size\":9730,\"modified\":\"2025-11-19 04:22:55\",\"name\":\"product-84\",\"extension\":\"jpg\"}','2025-11-18 21:22:55','2025-11-18 21:22:55'),(276,211,'ecommerce/digital-product-files/product-95.jpg','{\"filename\":\"product-95.jpg\",\"url\":\"ecommerce\\/digital-product-files\\/product-95.jpg\",\"mime_type\":\"image\\/jpeg\",\"size\":9730,\"modified\":\"2025-11-19 04:22:55\",\"name\":\"product-95\",\"extension\":\"jpg\"}','2025-11-18 21:22:55','2025-11-18 21:22:55'),(277,211,'ecommerce/digital-product-files/product-67.jpg','{\"filename\":\"product-67.jpg\",\"url\":\"ecommerce\\/digital-product-files\\/product-67.jpg\",\"mime_type\":\"image\\/jpeg\",\"size\":9730,\"modified\":\"2025-11-19 04:22:55\",\"name\":\"product-67\",\"extension\":\"jpg\"}','2025-11-18 21:22:55','2025-11-18 21:22:55'),(278,212,'ecommerce/digital-product-files/product-10.jpg','{\"filename\":\"product-10.jpg\",\"url\":\"ecommerce\\/digital-product-files\\/product-10.jpg\",\"mime_type\":\"image\\/jpeg\",\"size\":9730,\"modified\":\"2025-11-19 04:22:55\",\"name\":\"product-10\",\"extension\":\"jpg\"}','2025-11-18 21:22:55','2025-11-18 21:22:55'),(279,212,'ecommerce/digital-product-files/product-70.jpg','{\"filename\":\"product-70.jpg\",\"url\":\"ecommerce\\/digital-product-files\\/product-70.jpg\",\"mime_type\":\"image\\/jpeg\",\"size\":9730,\"modified\":\"2025-11-19 04:22:55\",\"name\":\"product-70\",\"extension\":\"jpg\"}','2025-11-18 21:22:55','2025-11-18 21:22:55'),(280,212,'ecommerce/digital-product-files/product-24.jpg','{\"filename\":\"product-24.jpg\",\"url\":\"ecommerce\\/digital-product-files\\/product-24.jpg\",\"mime_type\":\"image\\/jpeg\",\"size\":9730,\"modified\":\"2025-11-19 04:22:55\",\"name\":\"product-24\",\"extension\":\"jpg\"}','2025-11-18 21:22:55','2025-11-18 21:22:55'),(281,212,'ecommerce/digital-product-files/product-59.jpg','{\"filename\":\"product-59.jpg\",\"url\":\"ecommerce\\/digital-product-files\\/product-59.jpg\",\"mime_type\":\"image\\/jpeg\",\"size\":9730,\"modified\":\"2025-11-19 04:22:55\",\"name\":\"product-59\",\"extension\":\"jpg\"}','2025-11-18 21:22:55','2025-11-18 21:22:55'),(282,212,'ecommerce/digital-product-files/product-1.jpg','{\"filename\":\"product-1.jpg\",\"url\":\"ecommerce\\/digital-product-files\\/product-1.jpg\",\"mime_type\":\"image\\/jpeg\",\"size\":9730,\"modified\":\"2025-11-19 04:22:55\",\"name\":\"product-1\",\"extension\":\"jpg\"}','2025-11-18 21:22:55','2025-11-18 21:22:55'),(283,212,'ecommerce/digital-product-files/product-20.jpg','{\"filename\":\"product-20.jpg\",\"url\":\"ecommerce\\/digital-product-files\\/product-20.jpg\",\"mime_type\":\"image\\/jpeg\",\"size\":9730,\"modified\":\"2025-11-19 04:22:55\",\"name\":\"product-20\",\"extension\":\"jpg\"}','2025-11-18 21:22:55','2025-11-18 21:22:55'),(284,212,'ecommerce/digital-product-files/product-43.jpg','{\"filename\":\"product-43.jpg\",\"url\":\"ecommerce\\/digital-product-files\\/product-43.jpg\",\"mime_type\":\"image\\/jpeg\",\"size\":9730,\"modified\":\"2025-11-19 04:22:55\",\"name\":\"product-43\",\"extension\":\"jpg\"}','2025-11-18 21:22:55','2025-11-18 21:22:55'),(285,212,'ecommerce/digital-product-files/product-84.jpg','{\"filename\":\"product-84.jpg\",\"url\":\"ecommerce\\/digital-product-files\\/product-84.jpg\",\"mime_type\":\"image\\/jpeg\",\"size\":9730,\"modified\":\"2025-11-19 04:22:55\",\"name\":\"product-84\",\"extension\":\"jpg\"}','2025-11-18 21:22:55','2025-11-18 21:22:55'),(286,212,'ecommerce/digital-product-files/product-95.jpg','{\"filename\":\"product-95.jpg\",\"url\":\"ecommerce\\/digital-product-files\\/product-95.jpg\",\"mime_type\":\"image\\/jpeg\",\"size\":9730,\"modified\":\"2025-11-19 04:22:55\",\"name\":\"product-95\",\"extension\":\"jpg\"}','2025-11-18 21:22:55','2025-11-18 21:22:55'),(287,212,'ecommerce/digital-product-files/product-67.jpg','{\"filename\":\"product-67.jpg\",\"url\":\"ecommerce\\/digital-product-files\\/product-67.jpg\",\"mime_type\":\"image\\/jpeg\",\"size\":9730,\"modified\":\"2025-11-19 04:22:55\",\"name\":\"product-67\",\"extension\":\"jpg\"}','2025-11-18 21:22:55','2025-11-18 21:22:55'),(288,213,'ecommerce/digital-product-files/product-10.jpg','{\"filename\":\"product-10.jpg\",\"url\":\"ecommerce\\/digital-product-files\\/product-10.jpg\",\"mime_type\":\"image\\/jpeg\",\"size\":9730,\"modified\":\"2025-11-19 04:22:55\",\"name\":\"product-10\",\"extension\":\"jpg\"}','2025-11-18 21:22:55','2025-11-18 21:22:55'),(289,213,'ecommerce/digital-product-files/product-70.jpg','{\"filename\":\"product-70.jpg\",\"url\":\"ecommerce\\/digital-product-files\\/product-70.jpg\",\"mime_type\":\"image\\/jpeg\",\"size\":9730,\"modified\":\"2025-11-19 04:22:55\",\"name\":\"product-70\",\"extension\":\"jpg\"}','2025-11-18 21:22:55','2025-11-18 21:22:55'),(290,213,'ecommerce/digital-product-files/product-24.jpg','{\"filename\":\"product-24.jpg\",\"url\":\"ecommerce\\/digital-product-files\\/product-24.jpg\",\"mime_type\":\"image\\/jpeg\",\"size\":9730,\"modified\":\"2025-11-19 04:22:55\",\"name\":\"product-24\",\"extension\":\"jpg\"}','2025-11-18 21:22:55','2025-11-18 21:22:55'),(291,213,'ecommerce/digital-product-files/product-59.jpg','{\"filename\":\"product-59.jpg\",\"url\":\"ecommerce\\/digital-product-files\\/product-59.jpg\",\"mime_type\":\"image\\/jpeg\",\"size\":9730,\"modified\":\"2025-11-19 04:22:55\",\"name\":\"product-59\",\"extension\":\"jpg\"}','2025-11-18 21:22:55','2025-11-18 21:22:55'),(292,213,'ecommerce/digital-product-files/product-1.jpg','{\"filename\":\"product-1.jpg\",\"url\":\"ecommerce\\/digital-product-files\\/product-1.jpg\",\"mime_type\":\"image\\/jpeg\",\"size\":9730,\"modified\":\"2025-11-19 04:22:55\",\"name\":\"product-1\",\"extension\":\"jpg\"}','2025-11-18 21:22:55','2025-11-18 21:22:55'),(293,213,'ecommerce/digital-product-files/product-20.jpg','{\"filename\":\"product-20.jpg\",\"url\":\"ecommerce\\/digital-product-files\\/product-20.jpg\",\"mime_type\":\"image\\/jpeg\",\"size\":9730,\"modified\":\"2025-11-19 04:22:55\",\"name\":\"product-20\",\"extension\":\"jpg\"}','2025-11-18 21:22:55','2025-11-18 21:22:55'),(294,213,'ecommerce/digital-product-files/product-43.jpg','{\"filename\":\"product-43.jpg\",\"url\":\"ecommerce\\/digital-product-files\\/product-43.jpg\",\"mime_type\":\"image\\/jpeg\",\"size\":9730,\"modified\":\"2025-11-19 04:22:55\",\"name\":\"product-43\",\"extension\":\"jpg\"}','2025-11-18 21:22:55','2025-11-18 21:22:55'),(295,213,'ecommerce/digital-product-files/product-84.jpg','{\"filename\":\"product-84.jpg\",\"url\":\"ecommerce\\/digital-product-files\\/product-84.jpg\",\"mime_type\":\"image\\/jpeg\",\"size\":9730,\"modified\":\"2025-11-19 04:22:55\",\"name\":\"product-84\",\"extension\":\"jpg\"}','2025-11-18 21:22:55','2025-11-18 21:22:55'),(296,213,'ecommerce/digital-product-files/product-95.jpg','{\"filename\":\"product-95.jpg\",\"url\":\"ecommerce\\/digital-product-files\\/product-95.jpg\",\"mime_type\":\"image\\/jpeg\",\"size\":9730,\"modified\":\"2025-11-19 04:22:55\",\"name\":\"product-95\",\"extension\":\"jpg\"}','2025-11-18 21:22:55','2025-11-18 21:22:55'),(297,213,'ecommerce/digital-product-files/product-67.jpg','{\"filename\":\"product-67.jpg\",\"url\":\"ecommerce\\/digital-product-files\\/product-67.jpg\",\"mime_type\":\"image\\/jpeg\",\"size\":9730,\"modified\":\"2025-11-19 04:22:55\",\"name\":\"product-67\",\"extension\":\"jpg\"}','2025-11-18 21:22:55','2025-11-18 21:22:55'),(298,214,'ecommerce/digital-product-files/product-10.jpg','{\"filename\":\"product-10.jpg\",\"url\":\"ecommerce\\/digital-product-files\\/product-10.jpg\",\"mime_type\":\"image\\/jpeg\",\"size\":9730,\"modified\":\"2025-11-19 04:22:55\",\"name\":\"product-10\",\"extension\":\"jpg\"}','2025-11-18 21:22:55','2025-11-18 21:22:55'),(299,214,'ecommerce/digital-product-files/product-70.jpg','{\"filename\":\"product-70.jpg\",\"url\":\"ecommerce\\/digital-product-files\\/product-70.jpg\",\"mime_type\":\"image\\/jpeg\",\"size\":9730,\"modified\":\"2025-11-19 04:22:55\",\"name\":\"product-70\",\"extension\":\"jpg\"}','2025-11-18 21:22:55','2025-11-18 21:22:55'),(300,214,'ecommerce/digital-product-files/product-24.jpg','{\"filename\":\"product-24.jpg\",\"url\":\"ecommerce\\/digital-product-files\\/product-24.jpg\",\"mime_type\":\"image\\/jpeg\",\"size\":9730,\"modified\":\"2025-11-19 04:22:55\",\"name\":\"product-24\",\"extension\":\"jpg\"}','2025-11-18 21:22:55','2025-11-18 21:22:55'),(301,214,'ecommerce/digital-product-files/product-59.jpg','{\"filename\":\"product-59.jpg\",\"url\":\"ecommerce\\/digital-product-files\\/product-59.jpg\",\"mime_type\":\"image\\/jpeg\",\"size\":9730,\"modified\":\"2025-11-19 04:22:55\",\"name\":\"product-59\",\"extension\":\"jpg\"}','2025-11-18 21:22:55','2025-11-18 21:22:55'),(302,214,'ecommerce/digital-product-files/product-1.jpg','{\"filename\":\"product-1.jpg\",\"url\":\"ecommerce\\/digital-product-files\\/product-1.jpg\",\"mime_type\":\"image\\/jpeg\",\"size\":9730,\"modified\":\"2025-11-19 04:22:55\",\"name\":\"product-1\",\"extension\":\"jpg\"}','2025-11-18 21:22:55','2025-11-18 21:22:55'),(303,214,'ecommerce/digital-product-files/product-20.jpg','{\"filename\":\"product-20.jpg\",\"url\":\"ecommerce\\/digital-product-files\\/product-20.jpg\",\"mime_type\":\"image\\/jpeg\",\"size\":9730,\"modified\":\"2025-11-19 04:22:55\",\"name\":\"product-20\",\"extension\":\"jpg\"}','2025-11-18 21:22:55','2025-11-18 21:22:55'),(304,214,'ecommerce/digital-product-files/product-43.jpg','{\"filename\":\"product-43.jpg\",\"url\":\"ecommerce\\/digital-product-files\\/product-43.jpg\",\"mime_type\":\"image\\/jpeg\",\"size\":9730,\"modified\":\"2025-11-19 04:22:55\",\"name\":\"product-43\",\"extension\":\"jpg\"}','2025-11-18 21:22:55','2025-11-18 21:22:55'),(305,214,'ecommerce/digital-product-files/product-84.jpg','{\"filename\":\"product-84.jpg\",\"url\":\"ecommerce\\/digital-product-files\\/product-84.jpg\",\"mime_type\":\"image\\/jpeg\",\"size\":9730,\"modified\":\"2025-11-19 04:22:55\",\"name\":\"product-84\",\"extension\":\"jpg\"}','2025-11-18 21:22:55','2025-11-18 21:22:55'),(306,214,'ecommerce/digital-product-files/product-95.jpg','{\"filename\":\"product-95.jpg\",\"url\":\"ecommerce\\/digital-product-files\\/product-95.jpg\",\"mime_type\":\"image\\/jpeg\",\"size\":9730,\"modified\":\"2025-11-19 04:22:55\",\"name\":\"product-95\",\"extension\":\"jpg\"}','2025-11-18 21:22:55','2025-11-18 21:22:55'),(307,214,'ecommerce/digital-product-files/product-67.jpg','{\"filename\":\"product-67.jpg\",\"url\":\"ecommerce\\/digital-product-files\\/product-67.jpg\",\"mime_type\":\"image\\/jpeg\",\"size\":9730,\"modified\":\"2025-11-19 04:22:55\",\"name\":\"product-67\",\"extension\":\"jpg\"}','2025-11-18 21:22:55','2025-11-18 21:22:55'),(308,221,'ecommerce/digital-product-files/product-26.jpg','{\"filename\":\"product-26.jpg\",\"url\":\"ecommerce\\/digital-product-files\\/product-26.jpg\",\"mime_type\":\"image\\/jpeg\",\"size\":9730,\"modified\":\"2025-11-19 04:22:56\",\"name\":\"product-26\",\"extension\":\"jpg\"}','2025-11-18 21:22:56','2025-11-18 21:22:56'),(309,221,'ecommerce/digital-product-files/product-60.jpg','{\"filename\":\"product-60.jpg\",\"url\":\"ecommerce\\/digital-product-files\\/product-60.jpg\",\"mime_type\":\"image\\/jpeg\",\"size\":9730,\"modified\":\"2025-11-19 04:22:56\",\"name\":\"product-60\",\"extension\":\"jpg\"}','2025-11-18 21:22:56','2025-11-18 21:22:56'),(310,221,'ecommerce/digital-product-files/product-82.jpg','{\"filename\":\"product-82.jpg\",\"url\":\"ecommerce\\/digital-product-files\\/product-82.jpg\",\"mime_type\":\"image\\/jpeg\",\"size\":9730,\"modified\":\"2025-11-19 04:22:56\",\"name\":\"product-82\",\"extension\":\"jpg\"}','2025-11-18 21:22:56','2025-11-18 21:22:56'),(311,221,'ecommerce/digital-product-files/product-32.jpg','{\"filename\":\"product-32.jpg\",\"url\":\"ecommerce\\/digital-product-files\\/product-32.jpg\",\"mime_type\":\"image\\/jpeg\",\"size\":9730,\"modified\":\"2025-11-19 04:22:56\",\"name\":\"product-32\",\"extension\":\"jpg\"}','2025-11-18 21:22:56','2025-11-18 21:22:56'),(312,221,'ecommerce/digital-product-files/product-51.jpg','{\"filename\":\"product-51.jpg\",\"url\":\"ecommerce\\/digital-product-files\\/product-51.jpg\",\"mime_type\":\"image\\/jpeg\",\"size\":9730,\"modified\":\"2025-11-19 04:22:56\",\"name\":\"product-51\",\"extension\":\"jpg\"}','2025-11-18 21:22:56','2025-11-18 21:22:56'),(313,221,'ecommerce/digital-product-files/product-22.jpg','{\"filename\":\"product-22.jpg\",\"url\":\"ecommerce\\/digital-product-files\\/product-22.jpg\",\"mime_type\":\"image\\/jpeg\",\"size\":9730,\"modified\":\"2025-11-19 04:22:56\",\"name\":\"product-22\",\"extension\":\"jpg\"}','2025-11-18 21:22:56','2025-11-18 21:22:56'),(314,221,'ecommerce/digital-product-files/product-61.jpg','{\"filename\":\"product-61.jpg\",\"url\":\"ecommerce\\/digital-product-files\\/product-61.jpg\",\"mime_type\":\"image\\/jpeg\",\"size\":9730,\"modified\":\"2025-11-19 04:22:56\",\"name\":\"product-61\",\"extension\":\"jpg\"}','2025-11-18 21:22:56','2025-11-18 21:22:56'),(315,231,'ecommerce/digital-product-files/product-19.jpg','{\"filename\":\"product-19.jpg\",\"url\":\"ecommerce\\/digital-product-files\\/product-19.jpg\",\"mime_type\":\"image\\/jpeg\",\"size\":9730,\"modified\":\"2025-11-19 04:22:56\",\"name\":\"product-19\",\"extension\":\"jpg\"}','2025-11-18 21:22:56','2025-11-18 21:22:56'),(316,231,'ecommerce/digital-product-files/product-31.jpg','{\"filename\":\"product-31.jpg\",\"url\":\"ecommerce\\/digital-product-files\\/product-31.jpg\",\"mime_type\":\"image\\/jpeg\",\"size\":9730,\"modified\":\"2025-11-19 04:22:56\",\"name\":\"product-31\",\"extension\":\"jpg\"}','2025-11-18 21:22:56','2025-11-18 21:22:56'),(317,231,'ecommerce/digital-product-files/product-39.jpg','{\"filename\":\"product-39.jpg\",\"url\":\"ecommerce\\/digital-product-files\\/product-39.jpg\",\"mime_type\":\"image\\/jpeg\",\"size\":9730,\"modified\":\"2025-11-19 04:22:56\",\"name\":\"product-39\",\"extension\":\"jpg\"}','2025-11-18 21:22:56','2025-11-18 21:22:56'),(318,231,'ecommerce/digital-product-files/product-4.jpg','{\"filename\":\"product-4.jpg\",\"url\":\"ecommerce\\/digital-product-files\\/product-4.jpg\",\"mime_type\":\"image\\/jpeg\",\"size\":9730,\"modified\":\"2025-11-19 04:22:56\",\"name\":\"product-4\",\"extension\":\"jpg\"}','2025-11-18 21:22:56','2025-11-18 21:22:56'),(319,231,'ecommerce/digital-product-files/product-67.jpg','{\"filename\":\"product-67.jpg\",\"url\":\"ecommerce\\/digital-product-files\\/product-67.jpg\",\"mime_type\":\"image\\/jpeg\",\"size\":9730,\"modified\":\"2025-11-19 04:22:56\",\"name\":\"product-67\",\"extension\":\"jpg\"}','2025-11-18 21:22:56','2025-11-18 21:22:56'),(320,231,'ecommerce/digital-product-files/product-85.jpg','{\"filename\":\"product-85.jpg\",\"url\":\"ecommerce\\/digital-product-files\\/product-85.jpg\",\"mime_type\":\"image\\/jpeg\",\"size\":9730,\"modified\":\"2025-11-19 04:22:56\",\"name\":\"product-85\",\"extension\":\"jpg\"}','2025-11-18 21:22:56','2025-11-18 21:22:56'),(321,231,'ecommerce/digital-product-files/product-21.jpg','{\"filename\":\"product-21.jpg\",\"url\":\"ecommerce\\/digital-product-files\\/product-21.jpg\",\"mime_type\":\"image\\/jpeg\",\"size\":9730,\"modified\":\"2025-11-19 04:22:56\",\"name\":\"product-21\",\"extension\":\"jpg\"}','2025-11-18 21:22:56','2025-11-18 21:22:56'),(322,231,'ecommerce/digital-product-files/product-52.jpg','{\"filename\":\"product-52.jpg\",\"url\":\"ecommerce\\/digital-product-files\\/product-52.jpg\",\"mime_type\":\"image\\/jpeg\",\"size\":9730,\"modified\":\"2025-11-19 04:22:56\",\"name\":\"product-52\",\"extension\":\"jpg\"}','2025-11-18 21:22:56','2025-11-18 21:22:56'),(323,231,'ecommerce/digital-product-files/product-13.jpg','{\"filename\":\"product-13.jpg\",\"url\":\"ecommerce\\/digital-product-files\\/product-13.jpg\",\"mime_type\":\"image\\/jpeg\",\"size\":9730,\"modified\":\"2025-11-19 04:22:56\",\"name\":\"product-13\",\"extension\":\"jpg\"}','2025-11-18 21:22:56','2025-11-18 21:22:56'),(324,231,'ecommerce/digital-product-files/product-91.jpg','{\"filename\":\"product-91.jpg\",\"url\":\"ecommerce\\/digital-product-files\\/product-91.jpg\",\"mime_type\":\"image\\/jpeg\",\"size\":9730,\"modified\":\"2025-11-19 04:22:56\",\"name\":\"product-91\",\"extension\":\"jpg\"}','2025-11-18 21:22:56','2025-11-18 21:22:56'),(325,231,'ecommerce/digital-product-files/product-42.jpg','{\"filename\":\"product-42.jpg\",\"url\":\"ecommerce\\/digital-product-files\\/product-42.jpg\",\"mime_type\":\"image\\/jpeg\",\"size\":9730,\"modified\":\"2025-11-19 04:22:56\",\"name\":\"product-42\",\"extension\":\"jpg\"}','2025-11-18 21:22:56','2025-11-18 21:22:56'),(326,231,'ecommerce/digital-product-files/product-65.jpg','{\"filename\":\"product-65.jpg\",\"url\":\"ecommerce\\/digital-product-files\\/product-65.jpg\",\"mime_type\":\"image\\/jpeg\",\"size\":9730,\"modified\":\"2025-11-19 04:22:56\",\"name\":\"product-65\",\"extension\":\"jpg\"}','2025-11-18 21:22:56','2025-11-18 21:22:56'),(327,232,'ecommerce/digital-product-files/product-19.jpg','{\"filename\":\"product-19.jpg\",\"url\":\"ecommerce\\/digital-product-files\\/product-19.jpg\",\"mime_type\":\"image\\/jpeg\",\"size\":9730,\"modified\":\"2025-11-19 04:22:56\",\"name\":\"product-19\",\"extension\":\"jpg\"}','2025-11-18 21:22:56','2025-11-18 21:22:56'),(328,232,'ecommerce/digital-product-files/product-31.jpg','{\"filename\":\"product-31.jpg\",\"url\":\"ecommerce\\/digital-product-files\\/product-31.jpg\",\"mime_type\":\"image\\/jpeg\",\"size\":9730,\"modified\":\"2025-11-19 04:22:56\",\"name\":\"product-31\",\"extension\":\"jpg\"}','2025-11-18 21:22:56','2025-11-18 21:22:56'),(329,232,'ecommerce/digital-product-files/product-39.jpg','{\"filename\":\"product-39.jpg\",\"url\":\"ecommerce\\/digital-product-files\\/product-39.jpg\",\"mime_type\":\"image\\/jpeg\",\"size\":9730,\"modified\":\"2025-11-19 04:22:56\",\"name\":\"product-39\",\"extension\":\"jpg\"}','2025-11-18 21:22:56','2025-11-18 21:22:56'),(330,232,'ecommerce/digital-product-files/product-4.jpg','{\"filename\":\"product-4.jpg\",\"url\":\"ecommerce\\/digital-product-files\\/product-4.jpg\",\"mime_type\":\"image\\/jpeg\",\"size\":9730,\"modified\":\"2025-11-19 04:22:56\",\"name\":\"product-4\",\"extension\":\"jpg\"}','2025-11-18 21:22:56','2025-11-18 21:22:56'),(331,232,'ecommerce/digital-product-files/product-67.jpg','{\"filename\":\"product-67.jpg\",\"url\":\"ecommerce\\/digital-product-files\\/product-67.jpg\",\"mime_type\":\"image\\/jpeg\",\"size\":9730,\"modified\":\"2025-11-19 04:22:56\",\"name\":\"product-67\",\"extension\":\"jpg\"}','2025-11-18 21:22:56','2025-11-18 21:22:56'),(332,232,'ecommerce/digital-product-files/product-85.jpg','{\"filename\":\"product-85.jpg\",\"url\":\"ecommerce\\/digital-product-files\\/product-85.jpg\",\"mime_type\":\"image\\/jpeg\",\"size\":9730,\"modified\":\"2025-11-19 04:22:56\",\"name\":\"product-85\",\"extension\":\"jpg\"}','2025-11-18 21:22:56','2025-11-18 21:22:56'),(333,232,'ecommerce/digital-product-files/product-21.jpg','{\"filename\":\"product-21.jpg\",\"url\":\"ecommerce\\/digital-product-files\\/product-21.jpg\",\"mime_type\":\"image\\/jpeg\",\"size\":9730,\"modified\":\"2025-11-19 04:22:56\",\"name\":\"product-21\",\"extension\":\"jpg\"}','2025-11-18 21:22:56','2025-11-18 21:22:56'),(334,232,'ecommerce/digital-product-files/product-52.jpg','{\"filename\":\"product-52.jpg\",\"url\":\"ecommerce\\/digital-product-files\\/product-52.jpg\",\"mime_type\":\"image\\/jpeg\",\"size\":9730,\"modified\":\"2025-11-19 04:22:56\",\"name\":\"product-52\",\"extension\":\"jpg\"}','2025-11-18 21:22:56','2025-11-18 21:22:56'),(335,232,'ecommerce/digital-product-files/product-13.jpg','{\"filename\":\"product-13.jpg\",\"url\":\"ecommerce\\/digital-product-files\\/product-13.jpg\",\"mime_type\":\"image\\/jpeg\",\"size\":9730,\"modified\":\"2025-11-19 04:22:56\",\"name\":\"product-13\",\"extension\":\"jpg\"}','2025-11-18 21:22:56','2025-11-18 21:22:56'),(336,232,'ecommerce/digital-product-files/product-91.jpg','{\"filename\":\"product-91.jpg\",\"url\":\"ecommerce\\/digital-product-files\\/product-91.jpg\",\"mime_type\":\"image\\/jpeg\",\"size\":9730,\"modified\":\"2025-11-19 04:22:56\",\"name\":\"product-91\",\"extension\":\"jpg\"}','2025-11-18 21:22:56','2025-11-18 21:22:56'),(337,232,'ecommerce/digital-product-files/product-42.jpg','{\"filename\":\"product-42.jpg\",\"url\":\"ecommerce\\/digital-product-files\\/product-42.jpg\",\"mime_type\":\"image\\/jpeg\",\"size\":9730,\"modified\":\"2025-11-19 04:22:56\",\"name\":\"product-42\",\"extension\":\"jpg\"}','2025-11-18 21:22:56','2025-11-18 21:22:56'),(338,232,'ecommerce/digital-product-files/product-65.jpg','{\"filename\":\"product-65.jpg\",\"url\":\"ecommerce\\/digital-product-files\\/product-65.jpg\",\"mime_type\":\"image\\/jpeg\",\"size\":9730,\"modified\":\"2025-11-19 04:22:56\",\"name\":\"product-65\",\"extension\":\"jpg\"}','2025-11-18 21:22:56','2025-11-18 21:22:56'),(339,233,'ecommerce/digital-product-files/product-19.jpg','{\"filename\":\"product-19.jpg\",\"url\":\"ecommerce\\/digital-product-files\\/product-19.jpg\",\"mime_type\":\"image\\/jpeg\",\"size\":9730,\"modified\":\"2025-11-19 04:22:56\",\"name\":\"product-19\",\"extension\":\"jpg\"}','2025-11-18 21:22:56','2025-11-18 21:22:56'),(340,233,'ecommerce/digital-product-files/product-31.jpg','{\"filename\":\"product-31.jpg\",\"url\":\"ecommerce\\/digital-product-files\\/product-31.jpg\",\"mime_type\":\"image\\/jpeg\",\"size\":9730,\"modified\":\"2025-11-19 04:22:56\",\"name\":\"product-31\",\"extension\":\"jpg\"}','2025-11-18 21:22:56','2025-11-18 21:22:56'),(341,233,'ecommerce/digital-product-files/product-39.jpg','{\"filename\":\"product-39.jpg\",\"url\":\"ecommerce\\/digital-product-files\\/product-39.jpg\",\"mime_type\":\"image\\/jpeg\",\"size\":9730,\"modified\":\"2025-11-19 04:22:56\",\"name\":\"product-39\",\"extension\":\"jpg\"}','2025-11-18 21:22:56','2025-11-18 21:22:56'),(342,233,'ecommerce/digital-product-files/product-4.jpg','{\"filename\":\"product-4.jpg\",\"url\":\"ecommerce\\/digital-product-files\\/product-4.jpg\",\"mime_type\":\"image\\/jpeg\",\"size\":9730,\"modified\":\"2025-11-19 04:22:56\",\"name\":\"product-4\",\"extension\":\"jpg\"}','2025-11-18 21:22:56','2025-11-18 21:22:56'),(343,233,'ecommerce/digital-product-files/product-67.jpg','{\"filename\":\"product-67.jpg\",\"url\":\"ecommerce\\/digital-product-files\\/product-67.jpg\",\"mime_type\":\"image\\/jpeg\",\"size\":9730,\"modified\":\"2025-11-19 04:22:56\",\"name\":\"product-67\",\"extension\":\"jpg\"}','2025-11-18 21:22:56','2025-11-18 21:22:56'),(344,233,'ecommerce/digital-product-files/product-85.jpg','{\"filename\":\"product-85.jpg\",\"url\":\"ecommerce\\/digital-product-files\\/product-85.jpg\",\"mime_type\":\"image\\/jpeg\",\"size\":9730,\"modified\":\"2025-11-19 04:22:56\",\"name\":\"product-85\",\"extension\":\"jpg\"}','2025-11-18 21:22:56','2025-11-18 21:22:56'),(345,233,'ecommerce/digital-product-files/product-21.jpg','{\"filename\":\"product-21.jpg\",\"url\":\"ecommerce\\/digital-product-files\\/product-21.jpg\",\"mime_type\":\"image\\/jpeg\",\"size\":9730,\"modified\":\"2025-11-19 04:22:56\",\"name\":\"product-21\",\"extension\":\"jpg\"}','2025-11-18 21:22:56','2025-11-18 21:22:56'),(346,233,'ecommerce/digital-product-files/product-52.jpg','{\"filename\":\"product-52.jpg\",\"url\":\"ecommerce\\/digital-product-files\\/product-52.jpg\",\"mime_type\":\"image\\/jpeg\",\"size\":9730,\"modified\":\"2025-11-19 04:22:56\",\"name\":\"product-52\",\"extension\":\"jpg\"}','2025-11-18 21:22:56','2025-11-18 21:22:56'),(347,233,'ecommerce/digital-product-files/product-13.jpg','{\"filename\":\"product-13.jpg\",\"url\":\"ecommerce\\/digital-product-files\\/product-13.jpg\",\"mime_type\":\"image\\/jpeg\",\"size\":9730,\"modified\":\"2025-11-19 04:22:56\",\"name\":\"product-13\",\"extension\":\"jpg\"}','2025-11-18 21:22:56','2025-11-18 21:22:56'),(348,233,'ecommerce/digital-product-files/product-91.jpg','{\"filename\":\"product-91.jpg\",\"url\":\"ecommerce\\/digital-product-files\\/product-91.jpg\",\"mime_type\":\"image\\/jpeg\",\"size\":9730,\"modified\":\"2025-11-19 04:22:56\",\"name\":\"product-91\",\"extension\":\"jpg\"}','2025-11-18 21:22:56','2025-11-18 21:22:56'),(349,233,'ecommerce/digital-product-files/product-42.jpg','{\"filename\":\"product-42.jpg\",\"url\":\"ecommerce\\/digital-product-files\\/product-42.jpg\",\"mime_type\":\"image\\/jpeg\",\"size\":9730,\"modified\":\"2025-11-19 04:22:56\",\"name\":\"product-42\",\"extension\":\"jpg\"}','2025-11-18 21:22:56','2025-11-18 21:22:56'),(350,233,'ecommerce/digital-product-files/product-65.jpg','{\"filename\":\"product-65.jpg\",\"url\":\"ecommerce\\/digital-product-files\\/product-65.jpg\",\"mime_type\":\"image\\/jpeg\",\"size\":9730,\"modified\":\"2025-11-19 04:22:56\",\"name\":\"product-65\",\"extension\":\"jpg\"}','2025-11-18 21:22:56','2025-11-18 21:22:56'),(351,234,'ecommerce/digital-product-files/product-19.jpg','{\"filename\":\"product-19.jpg\",\"url\":\"ecommerce\\/digital-product-files\\/product-19.jpg\",\"mime_type\":\"image\\/jpeg\",\"size\":9730,\"modified\":\"2025-11-19 04:22:56\",\"name\":\"product-19\",\"extension\":\"jpg\"}','2025-11-18 21:22:56','2025-11-18 21:22:56'),(352,234,'ecommerce/digital-product-files/product-31.jpg','{\"filename\":\"product-31.jpg\",\"url\":\"ecommerce\\/digital-product-files\\/product-31.jpg\",\"mime_type\":\"image\\/jpeg\",\"size\":9730,\"modified\":\"2025-11-19 04:22:56\",\"name\":\"product-31\",\"extension\":\"jpg\"}','2025-11-18 21:22:56','2025-11-18 21:22:56'),(353,234,'ecommerce/digital-product-files/product-39.jpg','{\"filename\":\"product-39.jpg\",\"url\":\"ecommerce\\/digital-product-files\\/product-39.jpg\",\"mime_type\":\"image\\/jpeg\",\"size\":9730,\"modified\":\"2025-11-19 04:22:56\",\"name\":\"product-39\",\"extension\":\"jpg\"}','2025-11-18 21:22:56','2025-11-18 21:22:56'),(354,234,'ecommerce/digital-product-files/product-4.jpg','{\"filename\":\"product-4.jpg\",\"url\":\"ecommerce\\/digital-product-files\\/product-4.jpg\",\"mime_type\":\"image\\/jpeg\",\"size\":9730,\"modified\":\"2025-11-19 04:22:56\",\"name\":\"product-4\",\"extension\":\"jpg\"}','2025-11-18 21:22:56','2025-11-18 21:22:56'),(355,234,'ecommerce/digital-product-files/product-67.jpg','{\"filename\":\"product-67.jpg\",\"url\":\"ecommerce\\/digital-product-files\\/product-67.jpg\",\"mime_type\":\"image\\/jpeg\",\"size\":9730,\"modified\":\"2025-11-19 04:22:56\",\"name\":\"product-67\",\"extension\":\"jpg\"}','2025-11-18 21:22:56','2025-11-18 21:22:56'),(356,234,'ecommerce/digital-product-files/product-85.jpg','{\"filename\":\"product-85.jpg\",\"url\":\"ecommerce\\/digital-product-files\\/product-85.jpg\",\"mime_type\":\"image\\/jpeg\",\"size\":9730,\"modified\":\"2025-11-19 04:22:56\",\"name\":\"product-85\",\"extension\":\"jpg\"}','2025-11-18 21:22:56','2025-11-18 21:22:56'),(357,234,'ecommerce/digital-product-files/product-21.jpg','{\"filename\":\"product-21.jpg\",\"url\":\"ecommerce\\/digital-product-files\\/product-21.jpg\",\"mime_type\":\"image\\/jpeg\",\"size\":9730,\"modified\":\"2025-11-19 04:22:56\",\"name\":\"product-21\",\"extension\":\"jpg\"}','2025-11-18 21:22:56','2025-11-18 21:22:56'),(358,234,'ecommerce/digital-product-files/product-52.jpg','{\"filename\":\"product-52.jpg\",\"url\":\"ecommerce\\/digital-product-files\\/product-52.jpg\",\"mime_type\":\"image\\/jpeg\",\"size\":9730,\"modified\":\"2025-11-19 04:22:56\",\"name\":\"product-52\",\"extension\":\"jpg\"}','2025-11-18 21:22:56','2025-11-18 21:22:56'),(359,234,'ecommerce/digital-product-files/product-13.jpg','{\"filename\":\"product-13.jpg\",\"url\":\"ecommerce\\/digital-product-files\\/product-13.jpg\",\"mime_type\":\"image\\/jpeg\",\"size\":9730,\"modified\":\"2025-11-19 04:22:56\",\"name\":\"product-13\",\"extension\":\"jpg\"}','2025-11-18 21:22:56','2025-11-18 21:22:56'),(360,234,'ecommerce/digital-product-files/product-91.jpg','{\"filename\":\"product-91.jpg\",\"url\":\"ecommerce\\/digital-product-files\\/product-91.jpg\",\"mime_type\":\"image\\/jpeg\",\"size\":9730,\"modified\":\"2025-11-19 04:22:56\",\"name\":\"product-91\",\"extension\":\"jpg\"}','2025-11-18 21:22:56','2025-11-18 21:22:56'),(361,234,'ecommerce/digital-product-files/product-42.jpg','{\"filename\":\"product-42.jpg\",\"url\":\"ecommerce\\/digital-product-files\\/product-42.jpg\",\"mime_type\":\"image\\/jpeg\",\"size\":9730,\"modified\":\"2025-11-19 04:22:56\",\"name\":\"product-42\",\"extension\":\"jpg\"}','2025-11-18 21:22:56','2025-11-18 21:22:56'),(362,234,'ecommerce/digital-product-files/product-65.jpg','{\"filename\":\"product-65.jpg\",\"url\":\"ecommerce\\/digital-product-files\\/product-65.jpg\",\"mime_type\":\"image\\/jpeg\",\"size\":9730,\"modified\":\"2025-11-19 04:22:56\",\"name\":\"product-65\",\"extension\":\"jpg\"}','2025-11-18 21:22:56','2025-11-18 21:22:56'),(363,247,'ecommerce/digital-product-files/product-94.jpg','{\"filename\":\"product-94.jpg\",\"url\":\"ecommerce\\/digital-product-files\\/product-94.jpg\",\"mime_type\":\"image\\/jpeg\",\"size\":9730,\"modified\":\"2025-11-19 04:22:57\",\"name\":\"product-94\",\"extension\":\"jpg\"}','2025-11-18 21:22:57','2025-11-18 21:22:57'),(364,247,'ecommerce/digital-product-files/product-13.jpg','{\"filename\":\"product-13.jpg\",\"url\":\"ecommerce\\/digital-product-files\\/product-13.jpg\",\"mime_type\":\"image\\/jpeg\",\"size\":9730,\"modified\":\"2025-11-19 04:22:57\",\"name\":\"product-13\",\"extension\":\"jpg\"}','2025-11-18 21:22:57','2025-11-18 21:22:57'),(365,247,'ecommerce/digital-product-files/product-24.jpg','{\"filename\":\"product-24.jpg\",\"url\":\"ecommerce\\/digital-product-files\\/product-24.jpg\",\"mime_type\":\"image\\/jpeg\",\"size\":9730,\"modified\":\"2025-11-19 04:22:57\",\"name\":\"product-24\",\"extension\":\"jpg\"}','2025-11-18 21:22:57','2025-11-18 21:22:57'),(366,247,'ecommerce/digital-product-files/product-23.jpg','{\"filename\":\"product-23.jpg\",\"url\":\"ecommerce\\/digital-product-files\\/product-23.jpg\",\"mime_type\":\"image\\/jpeg\",\"size\":9730,\"modified\":\"2025-11-19 04:22:57\",\"name\":\"product-23\",\"extension\":\"jpg\"}','2025-11-18 21:22:57','2025-11-18 21:22:57'),(367,247,'ecommerce/digital-product-files/product-67.jpg','{\"filename\":\"product-67.jpg\",\"url\":\"ecommerce\\/digital-product-files\\/product-67.jpg\",\"mime_type\":\"image\\/jpeg\",\"size\":9730,\"modified\":\"2025-11-19 04:22:57\",\"name\":\"product-67\",\"extension\":\"jpg\"}','2025-11-18 21:22:57','2025-11-18 21:22:57'),(368,248,'ecommerce/digital-product-files/product-94.jpg','{\"filename\":\"product-94.jpg\",\"url\":\"ecommerce\\/digital-product-files\\/product-94.jpg\",\"mime_type\":\"image\\/jpeg\",\"size\":9730,\"modified\":\"2025-11-19 04:22:57\",\"name\":\"product-94\",\"extension\":\"jpg\"}','2025-11-18 21:22:57','2025-11-18 21:22:57'),(369,248,'ecommerce/digital-product-files/product-13.jpg','{\"filename\":\"product-13.jpg\",\"url\":\"ecommerce\\/digital-product-files\\/product-13.jpg\",\"mime_type\":\"image\\/jpeg\",\"size\":9730,\"modified\":\"2025-11-19 04:22:57\",\"name\":\"product-13\",\"extension\":\"jpg\"}','2025-11-18 21:22:57','2025-11-18 21:22:57'),(370,248,'ecommerce/digital-product-files/product-24.jpg','{\"filename\":\"product-24.jpg\",\"url\":\"ecommerce\\/digital-product-files\\/product-24.jpg\",\"mime_type\":\"image\\/jpeg\",\"size\":9730,\"modified\":\"2025-11-19 04:22:57\",\"name\":\"product-24\",\"extension\":\"jpg\"}','2025-11-18 21:22:57','2025-11-18 21:22:57'),(371,248,'ecommerce/digital-product-files/product-23.jpg','{\"filename\":\"product-23.jpg\",\"url\":\"ecommerce\\/digital-product-files\\/product-23.jpg\",\"mime_type\":\"image\\/jpeg\",\"size\":9730,\"modified\":\"2025-11-19 04:22:57\",\"name\":\"product-23\",\"extension\":\"jpg\"}','2025-11-18 21:22:57','2025-11-18 21:22:57'),(372,248,'ecommerce/digital-product-files/product-67.jpg','{\"filename\":\"product-67.jpg\",\"url\":\"ecommerce\\/digital-product-files\\/product-67.jpg\",\"mime_type\":\"image\\/jpeg\",\"size\":9730,\"modified\":\"2025-11-19 04:22:57\",\"name\":\"product-67\",\"extension\":\"jpg\"}','2025-11-18 21:22:57','2025-11-18 21:22:57'),(373,256,'ecommerce/digital-product-files/product-74.jpg','{\"filename\":\"product-74.jpg\",\"url\":\"ecommerce\\/digital-product-files\\/product-74.jpg\",\"mime_type\":\"image\\/jpeg\",\"size\":9730,\"modified\":\"2025-11-19 04:22:57\",\"name\":\"product-74\",\"extension\":\"jpg\"}','2025-11-18 21:22:57','2025-11-18 21:22:57'),(374,256,'ecommerce/digital-product-files/product-6.jpg','{\"filename\":\"product-6.jpg\",\"url\":\"ecommerce\\/digital-product-files\\/product-6.jpg\",\"mime_type\":\"image\\/jpeg\",\"size\":9730,\"modified\":\"2025-11-19 04:22:57\",\"name\":\"product-6\",\"extension\":\"jpg\"}','2025-11-18 21:22:57','2025-11-18 21:22:57'),(375,256,'ecommerce/digital-product-files/product-44.jpg','{\"filename\":\"product-44.jpg\",\"url\":\"ecommerce\\/digital-product-files\\/product-44.jpg\",\"mime_type\":\"image\\/jpeg\",\"size\":9730,\"modified\":\"2025-11-19 04:22:57\",\"name\":\"product-44\",\"extension\":\"jpg\"}','2025-11-18 21:22:57','2025-11-18 21:22:57'),(376,256,'ecommerce/digital-product-files/product-55.jpg','{\"filename\":\"product-55.jpg\",\"url\":\"ecommerce\\/digital-product-files\\/product-55.jpg\",\"mime_type\":\"image\\/jpeg\",\"size\":9730,\"modified\":\"2025-11-19 04:22:57\",\"name\":\"product-55\",\"extension\":\"jpg\"}','2025-11-18 21:22:57','2025-11-18 21:22:57'),(377,256,'ecommerce/digital-product-files/product-20.jpg','{\"filename\":\"product-20.jpg\",\"url\":\"ecommerce\\/digital-product-files\\/product-20.jpg\",\"mime_type\":\"image\\/jpeg\",\"size\":9730,\"modified\":\"2025-11-19 04:22:57\",\"name\":\"product-20\",\"extension\":\"jpg\"}','2025-11-18 21:22:57','2025-11-18 21:22:57'),(378,256,'ecommerce/digital-product-files/product-39.jpg','{\"filename\":\"product-39.jpg\",\"url\":\"ecommerce\\/digital-product-files\\/product-39.jpg\",\"mime_type\":\"image\\/jpeg\",\"size\":9730,\"modified\":\"2025-11-19 04:22:57\",\"name\":\"product-39\",\"extension\":\"jpg\"}','2025-11-18 21:22:57','2025-11-18 21:22:57'),(379,256,'ecommerce/digital-product-files/product-87.jpg','{\"filename\":\"product-87.jpg\",\"url\":\"ecommerce\\/digital-product-files\\/product-87.jpg\",\"mime_type\":\"image\\/jpeg\",\"size\":9730,\"modified\":\"2025-11-19 04:22:57\",\"name\":\"product-87\",\"extension\":\"jpg\"}','2025-11-18 21:22:57','2025-11-18 21:22:57'),(380,256,'ecommerce/digital-product-files/product-62.jpg','{\"filename\":\"product-62.jpg\",\"url\":\"ecommerce\\/digital-product-files\\/product-62.jpg\",\"mime_type\":\"image\\/jpeg\",\"size\":9730,\"modified\":\"2025-11-19 04:22:57\",\"name\":\"product-62\",\"extension\":\"jpg\"}','2025-11-18 21:22:57','2025-11-18 21:22:57'),(381,256,'ecommerce/digital-product-files/product-79.jpg','{\"filename\":\"product-79.jpg\",\"url\":\"ecommerce\\/digital-product-files\\/product-79.jpg\",\"mime_type\":\"image\\/jpeg\",\"size\":9730,\"modified\":\"2025-11-19 04:22:57\",\"name\":\"product-79\",\"extension\":\"jpg\"}','2025-11-18 21:22:57','2025-11-18 21:22:57'),(382,256,'ecommerce/digital-product-files/product-31.jpg','{\"filename\":\"product-31.jpg\",\"url\":\"ecommerce\\/digital-product-files\\/product-31.jpg\",\"mime_type\":\"image\\/jpeg\",\"size\":9730,\"modified\":\"2025-11-19 04:22:57\",\"name\":\"product-31\",\"extension\":\"jpg\"}','2025-11-18 21:22:57','2025-11-18 21:22:57'),(383,256,'ecommerce/digital-product-files/product-43.jpg','{\"filename\":\"product-43.jpg\",\"url\":\"ecommerce\\/digital-product-files\\/product-43.jpg\",\"mime_type\":\"image\\/jpeg\",\"size\":9730,\"modified\":\"2025-11-19 04:22:57\",\"name\":\"product-43\",\"extension\":\"jpg\"}','2025-11-18 21:22:57','2025-11-18 21:22:57'),(384,256,'ecommerce/digital-product-files/product-71.jpg','{\"filename\":\"product-71.jpg\",\"url\":\"ecommerce\\/digital-product-files\\/product-71.jpg\",\"mime_type\":\"image\\/jpeg\",\"size\":9730,\"modified\":\"2025-11-19 04:22:57\",\"name\":\"product-71\",\"extension\":\"jpg\"}','2025-11-18 21:22:57','2025-11-18 21:22:57'),(385,257,'ecommerce/digital-product-files/product-74.jpg','{\"filename\":\"product-74.jpg\",\"url\":\"ecommerce\\/digital-product-files\\/product-74.jpg\",\"mime_type\":\"image\\/jpeg\",\"size\":9730,\"modified\":\"2025-11-19 04:22:57\",\"name\":\"product-74\",\"extension\":\"jpg\"}','2025-11-18 21:22:57','2025-11-18 21:22:57'),(386,257,'ecommerce/digital-product-files/product-6.jpg','{\"filename\":\"product-6.jpg\",\"url\":\"ecommerce\\/digital-product-files\\/product-6.jpg\",\"mime_type\":\"image\\/jpeg\",\"size\":9730,\"modified\":\"2025-11-19 04:22:57\",\"name\":\"product-6\",\"extension\":\"jpg\"}','2025-11-18 21:22:57','2025-11-18 21:22:57'),(387,257,'ecommerce/digital-product-files/product-44.jpg','{\"filename\":\"product-44.jpg\",\"url\":\"ecommerce\\/digital-product-files\\/product-44.jpg\",\"mime_type\":\"image\\/jpeg\",\"size\":9730,\"modified\":\"2025-11-19 04:22:57\",\"name\":\"product-44\",\"extension\":\"jpg\"}','2025-11-18 21:22:57','2025-11-18 21:22:57'),(388,257,'ecommerce/digital-product-files/product-55.jpg','{\"filename\":\"product-55.jpg\",\"url\":\"ecommerce\\/digital-product-files\\/product-55.jpg\",\"mime_type\":\"image\\/jpeg\",\"size\":9730,\"modified\":\"2025-11-19 04:22:57\",\"name\":\"product-55\",\"extension\":\"jpg\"}','2025-11-18 21:22:57','2025-11-18 21:22:57'),(389,257,'ecommerce/digital-product-files/product-20.jpg','{\"filename\":\"product-20.jpg\",\"url\":\"ecommerce\\/digital-product-files\\/product-20.jpg\",\"mime_type\":\"image\\/jpeg\",\"size\":9730,\"modified\":\"2025-11-19 04:22:57\",\"name\":\"product-20\",\"extension\":\"jpg\"}','2025-11-18 21:22:57','2025-11-18 21:22:57'),(390,257,'ecommerce/digital-product-files/product-39.jpg','{\"filename\":\"product-39.jpg\",\"url\":\"ecommerce\\/digital-product-files\\/product-39.jpg\",\"mime_type\":\"image\\/jpeg\",\"size\":9730,\"modified\":\"2025-11-19 04:22:57\",\"name\":\"product-39\",\"extension\":\"jpg\"}','2025-11-18 21:22:57','2025-11-18 21:22:57'),(391,257,'ecommerce/digital-product-files/product-87.jpg','{\"filename\":\"product-87.jpg\",\"url\":\"ecommerce\\/digital-product-files\\/product-87.jpg\",\"mime_type\":\"image\\/jpeg\",\"size\":9730,\"modified\":\"2025-11-19 04:22:57\",\"name\":\"product-87\",\"extension\":\"jpg\"}','2025-11-18 21:22:57','2025-11-18 21:22:57'),(392,257,'ecommerce/digital-product-files/product-62.jpg','{\"filename\":\"product-62.jpg\",\"url\":\"ecommerce\\/digital-product-files\\/product-62.jpg\",\"mime_type\":\"image\\/jpeg\",\"size\":9730,\"modified\":\"2025-11-19 04:22:57\",\"name\":\"product-62\",\"extension\":\"jpg\"}','2025-11-18 21:22:57','2025-11-18 21:22:57'),(393,257,'ecommerce/digital-product-files/product-79.jpg','{\"filename\":\"product-79.jpg\",\"url\":\"ecommerce\\/digital-product-files\\/product-79.jpg\",\"mime_type\":\"image\\/jpeg\",\"size\":9730,\"modified\":\"2025-11-19 04:22:57\",\"name\":\"product-79\",\"extension\":\"jpg\"}','2025-11-18 21:22:57','2025-11-18 21:22:57'),(394,257,'ecommerce/digital-product-files/product-31.jpg','{\"filename\":\"product-31.jpg\",\"url\":\"ecommerce\\/digital-product-files\\/product-31.jpg\",\"mime_type\":\"image\\/jpeg\",\"size\":9730,\"modified\":\"2025-11-19 04:22:57\",\"name\":\"product-31\",\"extension\":\"jpg\"}','2025-11-18 21:22:57','2025-11-18 21:22:57'),(395,257,'ecommerce/digital-product-files/product-43.jpg','{\"filename\":\"product-43.jpg\",\"url\":\"ecommerce\\/digital-product-files\\/product-43.jpg\",\"mime_type\":\"image\\/jpeg\",\"size\":9730,\"modified\":\"2025-11-19 04:22:57\",\"name\":\"product-43\",\"extension\":\"jpg\"}','2025-11-18 21:22:57','2025-11-18 21:22:57'),(396,257,'ecommerce/digital-product-files/product-71.jpg','{\"filename\":\"product-71.jpg\",\"url\":\"ecommerce\\/digital-product-files\\/product-71.jpg\",\"mime_type\":\"image\\/jpeg\",\"size\":9730,\"modified\":\"2025-11-19 04:22:57\",\"name\":\"product-71\",\"extension\":\"jpg\"}','2025-11-18 21:22:57','2025-11-18 21:22:57'),(397,258,'ecommerce/digital-product-files/product-74.jpg','{\"filename\":\"product-74.jpg\",\"url\":\"ecommerce\\/digital-product-files\\/product-74.jpg\",\"mime_type\":\"image\\/jpeg\",\"size\":9730,\"modified\":\"2025-11-19 04:22:57\",\"name\":\"product-74\",\"extension\":\"jpg\"}','2025-11-18 21:22:57','2025-11-18 21:22:57'),(398,258,'ecommerce/digital-product-files/product-6.jpg','{\"filename\":\"product-6.jpg\",\"url\":\"ecommerce\\/digital-product-files\\/product-6.jpg\",\"mime_type\":\"image\\/jpeg\",\"size\":9730,\"modified\":\"2025-11-19 04:22:57\",\"name\":\"product-6\",\"extension\":\"jpg\"}','2025-11-18 21:22:57','2025-11-18 21:22:57'),(399,258,'ecommerce/digital-product-files/product-44.jpg','{\"filename\":\"product-44.jpg\",\"url\":\"ecommerce\\/digital-product-files\\/product-44.jpg\",\"mime_type\":\"image\\/jpeg\",\"size\":9730,\"modified\":\"2025-11-19 04:22:57\",\"name\":\"product-44\",\"extension\":\"jpg\"}','2025-11-18 21:22:57','2025-11-18 21:22:57'),(400,258,'ecommerce/digital-product-files/product-55.jpg','{\"filename\":\"product-55.jpg\",\"url\":\"ecommerce\\/digital-product-files\\/product-55.jpg\",\"mime_type\":\"image\\/jpeg\",\"size\":9730,\"modified\":\"2025-11-19 04:22:57\",\"name\":\"product-55\",\"extension\":\"jpg\"}','2025-11-18 21:22:57','2025-11-18 21:22:57'),(401,258,'ecommerce/digital-product-files/product-20.jpg','{\"filename\":\"product-20.jpg\",\"url\":\"ecommerce\\/digital-product-files\\/product-20.jpg\",\"mime_type\":\"image\\/jpeg\",\"size\":9730,\"modified\":\"2025-11-19 04:22:57\",\"name\":\"product-20\",\"extension\":\"jpg\"}','2025-11-18 21:22:57','2025-11-18 21:22:57'),(402,258,'ecommerce/digital-product-files/product-39.jpg','{\"filename\":\"product-39.jpg\",\"url\":\"ecommerce\\/digital-product-files\\/product-39.jpg\",\"mime_type\":\"image\\/jpeg\",\"size\":9730,\"modified\":\"2025-11-19 04:22:57\",\"name\":\"product-39\",\"extension\":\"jpg\"}','2025-11-18 21:22:57','2025-11-18 21:22:57'),(403,258,'ecommerce/digital-product-files/product-87.jpg','{\"filename\":\"product-87.jpg\",\"url\":\"ecommerce\\/digital-product-files\\/product-87.jpg\",\"mime_type\":\"image\\/jpeg\",\"size\":9730,\"modified\":\"2025-11-19 04:22:57\",\"name\":\"product-87\",\"extension\":\"jpg\"}','2025-11-18 21:22:57','2025-11-18 21:22:57'),(404,258,'ecommerce/digital-product-files/product-62.jpg','{\"filename\":\"product-62.jpg\",\"url\":\"ecommerce\\/digital-product-files\\/product-62.jpg\",\"mime_type\":\"image\\/jpeg\",\"size\":9730,\"modified\":\"2025-11-19 04:22:57\",\"name\":\"product-62\",\"extension\":\"jpg\"}','2025-11-18 21:22:57','2025-11-18 21:22:57'),(405,258,'ecommerce/digital-product-files/product-79.jpg','{\"filename\":\"product-79.jpg\",\"url\":\"ecommerce\\/digital-product-files\\/product-79.jpg\",\"mime_type\":\"image\\/jpeg\",\"size\":9730,\"modified\":\"2025-11-19 04:22:57\",\"name\":\"product-79\",\"extension\":\"jpg\"}','2025-11-18 21:22:57','2025-11-18 21:22:57'),(406,258,'ecommerce/digital-product-files/product-31.jpg','{\"filename\":\"product-31.jpg\",\"url\":\"ecommerce\\/digital-product-files\\/product-31.jpg\",\"mime_type\":\"image\\/jpeg\",\"size\":9730,\"modified\":\"2025-11-19 04:22:57\",\"name\":\"product-31\",\"extension\":\"jpg\"}','2025-11-18 21:22:57','2025-11-18 21:22:57'),(407,258,'ecommerce/digital-product-files/product-43.jpg','{\"filename\":\"product-43.jpg\",\"url\":\"ecommerce\\/digital-product-files\\/product-43.jpg\",\"mime_type\":\"image\\/jpeg\",\"size\":9730,\"modified\":\"2025-11-19 04:22:57\",\"name\":\"product-43\",\"extension\":\"jpg\"}','2025-11-18 21:22:57','2025-11-18 21:22:57'),(408,258,'ecommerce/digital-product-files/product-71.jpg','{\"filename\":\"product-71.jpg\",\"url\":\"ecommerce\\/digital-product-files\\/product-71.jpg\",\"mime_type\":\"image\\/jpeg\",\"size\":9730,\"modified\":\"2025-11-19 04:22:57\",\"name\":\"product-71\",\"extension\":\"jpg\"}','2025-11-18 21:22:57','2025-11-18 21:22:57'),(409,259,'ecommerce/digital-product-files/product-74.jpg','{\"filename\":\"product-74.jpg\",\"url\":\"ecommerce\\/digital-product-files\\/product-74.jpg\",\"mime_type\":\"image\\/jpeg\",\"size\":9730,\"modified\":\"2025-11-19 04:22:57\",\"name\":\"product-74\",\"extension\":\"jpg\"}','2025-11-18 21:22:57','2025-11-18 21:22:57'),(410,259,'ecommerce/digital-product-files/product-6.jpg','{\"filename\":\"product-6.jpg\",\"url\":\"ecommerce\\/digital-product-files\\/product-6.jpg\",\"mime_type\":\"image\\/jpeg\",\"size\":9730,\"modified\":\"2025-11-19 04:22:57\",\"name\":\"product-6\",\"extension\":\"jpg\"}','2025-11-18 21:22:57','2025-11-18 21:22:57'),(411,259,'ecommerce/digital-product-files/product-44.jpg','{\"filename\":\"product-44.jpg\",\"url\":\"ecommerce\\/digital-product-files\\/product-44.jpg\",\"mime_type\":\"image\\/jpeg\",\"size\":9730,\"modified\":\"2025-11-19 04:22:57\",\"name\":\"product-44\",\"extension\":\"jpg\"}','2025-11-18 21:22:57','2025-11-18 21:22:57'),(412,259,'ecommerce/digital-product-files/product-55.jpg','{\"filename\":\"product-55.jpg\",\"url\":\"ecommerce\\/digital-product-files\\/product-55.jpg\",\"mime_type\":\"image\\/jpeg\",\"size\":9730,\"modified\":\"2025-11-19 04:22:57\",\"name\":\"product-55\",\"extension\":\"jpg\"}','2025-11-18 21:22:57','2025-11-18 21:22:57'),(413,259,'ecommerce/digital-product-files/product-20.jpg','{\"filename\":\"product-20.jpg\",\"url\":\"ecommerce\\/digital-product-files\\/product-20.jpg\",\"mime_type\":\"image\\/jpeg\",\"size\":9730,\"modified\":\"2025-11-19 04:22:57\",\"name\":\"product-20\",\"extension\":\"jpg\"}','2025-11-18 21:22:57','2025-11-18 21:22:57'),(414,259,'ecommerce/digital-product-files/product-39.jpg','{\"filename\":\"product-39.jpg\",\"url\":\"ecommerce\\/digital-product-files\\/product-39.jpg\",\"mime_type\":\"image\\/jpeg\",\"size\":9730,\"modified\":\"2025-11-19 04:22:57\",\"name\":\"product-39\",\"extension\":\"jpg\"}','2025-11-18 21:22:57','2025-11-18 21:22:57'),(415,259,'ecommerce/digital-product-files/product-87.jpg','{\"filename\":\"product-87.jpg\",\"url\":\"ecommerce\\/digital-product-files\\/product-87.jpg\",\"mime_type\":\"image\\/jpeg\",\"size\":9730,\"modified\":\"2025-11-19 04:22:57\",\"name\":\"product-87\",\"extension\":\"jpg\"}','2025-11-18 21:22:57','2025-11-18 21:22:57'),(416,259,'ecommerce/digital-product-files/product-62.jpg','{\"filename\":\"product-62.jpg\",\"url\":\"ecommerce\\/digital-product-files\\/product-62.jpg\",\"mime_type\":\"image\\/jpeg\",\"size\":9730,\"modified\":\"2025-11-19 04:22:57\",\"name\":\"product-62\",\"extension\":\"jpg\"}','2025-11-18 21:22:57','2025-11-18 21:22:57'),(417,259,'ecommerce/digital-product-files/product-79.jpg','{\"filename\":\"product-79.jpg\",\"url\":\"ecommerce\\/digital-product-files\\/product-79.jpg\",\"mime_type\":\"image\\/jpeg\",\"size\":9730,\"modified\":\"2025-11-19 04:22:57\",\"name\":\"product-79\",\"extension\":\"jpg\"}','2025-11-18 21:22:57','2025-11-18 21:22:57'),(418,259,'ecommerce/digital-product-files/product-31.jpg','{\"filename\":\"product-31.jpg\",\"url\":\"ecommerce\\/digital-product-files\\/product-31.jpg\",\"mime_type\":\"image\\/jpeg\",\"size\":9730,\"modified\":\"2025-11-19 04:22:57\",\"name\":\"product-31\",\"extension\":\"jpg\"}','2025-11-18 21:22:57','2025-11-18 21:22:57'),(419,259,'ecommerce/digital-product-files/product-43.jpg','{\"filename\":\"product-43.jpg\",\"url\":\"ecommerce\\/digital-product-files\\/product-43.jpg\",\"mime_type\":\"image\\/jpeg\",\"size\":9730,\"modified\":\"2025-11-19 04:22:57\",\"name\":\"product-43\",\"extension\":\"jpg\"}','2025-11-18 21:22:57','2025-11-18 21:22:57'),(420,259,'ecommerce/digital-product-files/product-71.jpg','{\"filename\":\"product-71.jpg\",\"url\":\"ecommerce\\/digital-product-files\\/product-71.jpg\",\"mime_type\":\"image\\/jpeg\",\"size\":9730,\"modified\":\"2025-11-19 04:22:57\",\"name\":\"product-71\",\"extension\":\"jpg\"}','2025-11-18 21:22:57','2025-11-18 21:22:57');

--
-- Table structure for table `ec_product_label_products`
--

CREATE TABLE `ec_product_label_products` (
  `product_label_id` bigint unsigned NOT NULL,
  `product_id` bigint unsigned NOT NULL,
  PRIMARY KEY (`product_label_id`,`product_id`),
  KEY `ec_product_label_products_product_label_id_index` (`product_label_id`),
  KEY `ec_product_label_products_product_id_index` (`product_id`)
) ENGINE=InnoDB DEFAULT CHARSET=utf8mb4 COLLATE=utf8mb4_unicode_ci;

--
-- Dumping data for table `ec_product_label_products`
--

INSERT INTO `ec_product_label_products` VALUES (1,49),(1,70),(2,7),(2,14),(2,28),(2,35),(2,42),(2,56),(3,21),(3,63);

--
-- Table structure for table `ec_product_labels`
--

CREATE TABLE `ec_product_labels` (
  `id` bigint unsigned NOT NULL AUTO_INCREMENT,
  `name` varchar(191) COLLATE utf8mb4_unicode_ci NOT NULL,
  `color` varchar(120) COLLATE utf8mb4_unicode_ci DEFAULT NULL,
  `status` varchar(60) COLLATE utf8mb4_unicode_ci NOT NULL DEFAULT 'published',
  `created_at` timestamp NULL DEFAULT NULL,
  `updated_at` timestamp NULL DEFAULT NULL,
  `text_color` varchar(120) COLLATE utf8mb4_unicode_ci DEFAULT NULL,
  PRIMARY KEY (`id`)
) ENGINE=InnoDB AUTO_INCREMENT=4 DEFAULT CHARSET=utf8mb4 COLLATE=utf8mb4_unicode_ci;

--
-- Dumping data for table `ec_product_labels`
--

INSERT INTO `ec_product_labels` VALUES (1,'Hot','#d71e2d','published','2025-11-18 21:22:42','2025-11-18 21:22:42',NULL),(2,'New','#02856e','published','2025-11-18 21:22:42','2025-11-18 21:22:42',NULL),(3,'Sale','#fe9931','published','2025-11-18 21:22:42','2025-11-18 21:22:42',NULL);

--
-- Table structure for table `ec_product_labels_translations`
--

CREATE TABLE `ec_product_labels_translations` (
  `lang_code` varchar(191) COLLATE utf8mb4_unicode_ci NOT NULL,
  `ec_product_labels_id` bigint unsigned NOT NULL,
  `name` varchar(191) COLLATE utf8mb4_unicode_ci DEFAULT NULL,
  `description` varchar(400) COLLATE utf8mb4_unicode_ci DEFAULT NULL,
  PRIMARY KEY (`lang_code`,`ec_product_labels_id`)
) ENGINE=InnoDB DEFAULT CHARSET=utf8mb4 COLLATE=utf8mb4_unicode_ci;

--
-- Dumping data for table `ec_product_labels_translations`
--


--
-- Table structure for table `ec_product_license_codes`
--

CREATE TABLE `ec_product_license_codes` (
  `id` bigint unsigned NOT NULL AUTO_INCREMENT,
  `product_id` bigint unsigned NOT NULL,
  `license_code` text COLLATE utf8mb4_unicode_ci NOT NULL,
  `status` varchar(60) COLLATE utf8mb4_unicode_ci NOT NULL DEFAULT 'available',
  `assigned_order_product_id` bigint unsigned DEFAULT NULL,
  `assigned_at` timestamp NULL DEFAULT NULL,
  `created_at` timestamp NULL DEFAULT NULL,
  `updated_at` timestamp NULL DEFAULT NULL,
  PRIMARY KEY (`id`),
  KEY `ec_product_license_codes_product_id_status_index` (`product_id`,`status`)
) ENGINE=InnoDB DEFAULT CHARSET=utf8mb4 COLLATE=utf8mb4_unicode_ci;

--
-- Dumping data for table `ec_product_license_codes`
--


--
-- Table structure for table `ec_product_related_relations`
--

CREATE TABLE `ec_product_related_relations` (
  `from_product_id` bigint unsigned NOT NULL,
  `to_product_id` bigint unsigned NOT NULL,
  PRIMARY KEY (`from_product_id`,`to_product_id`),
  KEY `ec_product_related_relations_from_product_id_index` (`from_product_id`),
  KEY `ec_product_related_relations_to_product_id_index` (`to_product_id`)
) ENGINE=InnoDB DEFAULT CHARSET=utf8mb4 COLLATE=utf8mb4_unicode_ci;

--
-- Dumping data for table `ec_product_related_relations`
--


--
-- Table structure for table `ec_product_specification_attribute`
--

CREATE TABLE `ec_product_specification_attribute` (
  `product_id` bigint unsigned NOT NULL,
  `attribute_id` bigint unsigned NOT NULL,
  `value` text COLLATE utf8mb4_unicode_ci,
  `hidden` tinyint(1) NOT NULL DEFAULT '0',
  `order` tinyint NOT NULL DEFAULT '0',
  PRIMARY KEY (`product_id`,`attribute_id`)
) ENGINE=InnoDB DEFAULT CHARSET=utf8mb4 COLLATE=utf8mb4_unicode_ci;

--
-- Dumping data for table `ec_product_specification_attribute`
--

INSERT INTO `ec_product_specification_attribute` VALUES (1,1,'49.12 cm',0,0),(1,2,'61.98 cm',0,0),(1,3,'41.49 cm',0,0),(1,4,'34.35 cm',0,0),(1,5,'73.08 cm',0,0),(2,1,'24.61 cm',0,0),(2,2,'74.93 cm',0,0),(2,3,'60.38 cm',0,0),(2,4,'71.89 cm',0,0),(2,5,'59.26 cm',0,0),(3,1,'51.15 cm',0,0),(3,2,'19.66 cm',0,0),(3,3,'26.52 cm',0,0),(3,4,'12.04 cm',0,0),(3,5,'4.04 cm',0,0),(4,6,'25.84 cm',0,0),(4,7,'50.69 cm',0,0),(4,8,'3840x2160',0,0),(5,1,'10.28 cm',0,0),(5,2,'63.89 cm',0,0),(5,3,'81.31 cm',0,0),(5,4,'60.02 cm',0,0),(5,5,'40.02 cm',0,0),(6,1,'9.68 cm',0,0),(6,2,'60.82 cm',0,0),(6,3,'19.89 cm',0,0),(6,4,'81.55 cm',0,0),(6,5,'46.93 cm',0,0),(7,6,'27.57 cm',0,0),(7,7,'52.61 cm',0,0),(7,8,'1920x1080',0,0),(8,6,'64.99 cm',0,0),(8,7,'9.92 cm',0,0),(8,8,'3840x2160',0,0),(9,1,'22.23 cm',0,0),(9,2,'25.14 cm',0,0),(9,3,'78.88 cm',0,0),(9,4,'20.96 cm',0,0),(9,5,'54.9 cm',0,0),(10,6,'85.53 cm',0,0),(10,7,'46.71 cm',0,0),(10,8,'1920x1080',0,0),(11,6,'88.3 cm',0,0),(11,7,'36.08 cm',0,0),(11,8,'2560x1440',0,0),(12,1,'97.99 cm',0,0),(12,2,'26.83 cm',0,0),(12,3,'25.49 cm',0,0),(12,4,'95.04 cm',0,0),(12,5,'30.85 cm',0,0),(13,1,'33.8 cm',0,0),(13,2,'2.91 cm',0,0),(13,3,'24.24 cm',0,0),(13,4,'59.5 cm',0,0),(13,5,'98.37 cm',0,0),(14,1,'16.98 cm',0,0),(14,2,'70.26 cm',0,0),(14,3,'45.81 cm',0,0),(14,4,'12.89 cm',0,0),(14,5,'7.84 cm',0,0),(15,1,'54.9 cm',0,0),(15,2,'16.5 cm',0,0),(15,3,'71.05 cm',0,0),(15,4,'28.65 cm',0,0),(15,5,'98.55 cm',0,0),(16,1,'51.17 cm',0,0),(16,2,'66.24 cm',0,0),(16,3,'29.33 cm',0,0),(16,4,'65.33 cm',0,0),(16,5,'28.31 cm',0,0),(17,1,'17.87 cm',0,0),(17,2,'20.67 cm',0,0),(17,3,'75.66 cm',0,0),(17,4,'91.71 cm',0,0),(17,5,'15.82 cm',0,0),(18,6,'34.33 cm',0,0),(18,7,'14.09 cm',0,0),(18,8,'2560x1440',0,0),(19,6,'5.94 cm',0,0),(19,7,'37.36 cm',0,0),(19,8,'2560x1440',0,0),(20,1,'88.56 cm',0,0),(20,2,'52.44 cm',0,0),(20,3,'3.05 cm',0,0),(20,4,'10.04 cm',0,0),(20,5,'35.95 cm',0,0),(21,6,'6.93 cm',0,0),(21,7,'80.16 cm',0,0),(21,8,'2560x1440',0,0),(22,6,'44.47 cm',0,0),(22,7,'84.17 cm',0,0),(22,8,'3840x2160',0,0),(23,6,'91.23 cm',0,0),(23,7,'66.3 cm',0,0),(23,8,'1920x1080',0,0),(24,6,'38.81 cm',0,0),(24,7,'67.66 cm',0,0),(24,8,'1920x1080',0,0),(25,1,'79.08 cm',0,0),(25,2,'9.04 cm',0,0),(25,3,'17.25 cm',0,0),(25,4,'30.75 cm',0,0),(25,5,'50.51 cm',0,0),(26,6,'79.47 cm',0,0),(26,7,'27.45 cm',0,0),(26,8,'3840x2160',0,0),(27,6,'51.08 cm',0,0),(27,7,'38.17 cm',0,0),(27,8,'3840x2160',0,0),(28,6,'7.45 cm',0,0),(28,7,'13.06 cm',0,0),(28,8,'1920x1080',0,0),(29,1,'54.33 cm',0,0),(29,2,'11.49 cm',0,0),(29,3,'27.52 cm',0,0),(29,4,'73.79 cm',0,0),(29,5,'40.52 cm',0,0),(30,1,'34.07 cm',0,0),(30,2,'27.81 cm',0,0),(30,3,'7.19 cm',0,0),(30,4,'22.71 cm',0,0),(30,5,'36.22 cm',0,0),(31,6,'97.94 cm',0,0),(31,7,'39.95 cm',0,0),(31,8,'2560x1440',0,0),(32,6,'35.46 cm',0,0),(32,7,'44.95 cm',0,0),(32,8,'2560x1440',0,0),(33,1,'95.23 cm',0,0),(33,2,'87.14 cm',0,0),(33,3,'20.15 cm',0,0),(33,4,'67.6 cm',0,0),(33,5,'12.89 cm',0,0),(34,6,'68.42 cm',0,0),(34,7,'10.69 cm',0,0),(34,8,'2560x1440',0,0),(35,6,'56.9 cm',0,0),(35,7,'8.23 cm',0,0),(35,8,'2560x1440',0,0),(36,1,'3.35 cm',0,0),(36,2,'58.1 cm',0,0),(36,3,'17.91 cm',0,0),(36,4,'37.8 cm',0,0),(36,5,'85.63 cm',0,0),(37,1,'87.02 cm',0,0),(37,2,'27.81 cm',0,0),(37,3,'76.86 cm',0,0),(37,4,'7.99 cm',0,0),(37,5,'82.91 cm',0,0),(38,1,'63.66 cm',0,0),(38,2,'71.64 cm',0,0),(38,3,'83.57 cm',0,0),(38,4,'27.03 cm',0,0),(38,5,'51.96 cm',0,0),(39,1,'70.16 cm',0,0),(39,2,'43.14 cm',0,0),(39,3,'55.1 cm',0,0),(39,4,'65.52 cm',0,0),(39,5,'74.38 cm',0,0),(40,1,'9.23 cm',0,0),(40,2,'69.55 cm',0,0),(40,3,'47.23 cm',0,0),(40,4,'21.3 cm',0,0),(40,5,'1.84 cm',0,0),(41,6,'5.79 cm',0,0),(41,7,'1.25 cm',0,0),(41,8,'2560x1440',0,0),(42,6,'92.34 cm',0,0),(42,7,'4.73 cm',0,0),(42,8,'2560x1440',0,0),(43,6,'53.58 cm',0,0),(43,7,'75.46 cm',0,0),(43,8,'3840x2160',0,0),(44,1,'89.12 cm',0,0),(44,2,'53.03 cm',0,0),(44,3,'26.59 cm',0,0),(44,4,'49.69 cm',0,0),(44,5,'6.03 cm',0,0),(45,6,'42.32 cm',0,0),(45,7,'57.62 cm',0,0),(45,8,'3840x2160',0,0),(46,1,'24.76 cm',0,0),(46,2,'48.24 cm',0,0),(46,3,'46.96 cm',0,0),(46,4,'15.37 cm',0,0),(46,5,'45.02 cm',0,0),(47,1,'28.15 cm',0,0),(47,2,'44.9 cm',0,0),(47,3,'73.62 cm',0,0),(47,4,'67.82 cm',0,0),(47,5,'43.6 cm',0,0),(48,6,'22.02 cm',0,0),(48,7,'61.35 cm',0,0),(48,8,'3840x2160',0,0),(49,1,'35.57 cm',0,0),(49,2,'50.63 cm',0,0),(49,3,'78.78 cm',0,0),(49,4,'2.94 cm',0,0),(49,5,'56.63 cm',0,0),(50,1,'5.94 cm',0,0),(50,2,'53.92 cm',0,0),(50,3,'28.44 cm',0,0),(50,4,'54.59 cm',0,0),(50,5,'90.9 cm',0,0),(51,1,'85.51 cm',0,0),(51,2,'82.19 cm',0,0),(51,3,'64.67 cm',0,0),(51,4,'17.42 cm',0,0),(51,5,'22.25 cm',0,0),(52,6,'38.59 cm',0,0),(52,7,'42.28 cm',0,0),(52,8,'2560x1440',0,0),(53,6,'24.35 cm',0,0),(53,7,'69.38 cm',0,0),(53,8,'3840x2160',0,0),(54,1,'25.73 cm',0,0),(54,2,'5.09 cm',0,0),(54,3,'78.11 cm',0,0),(54,4,'78.11 cm',0,0),(54,5,'35.73 cm',0,0),(55,6,'14.36 cm',0,0),(55,7,'77.69 cm',0,0),(55,8,'2560x1440',0,0),(56,6,'33.35 cm',0,0),(56,7,'74.52 cm',0,0),(56,8,'1920x1080',0,0),(57,1,'76.14 cm',0,0),(57,2,'96.13 cm',0,0),(57,3,'69.6 cm',0,0),(57,4,'53.86 cm',0,0),(57,5,'59.43 cm',0,0),(58,1,'22.76 cm',0,0),(58,2,'29.69 cm',0,0),(58,3,'75.99 cm',0,0),(58,4,'59.86 cm',0,0),(58,5,'89.9 cm',0,0),(59,6,'60.28 cm',0,0),(59,7,'77.31 cm',0,0),(59,8,'3840x2160',0,0),(60,1,'91.73 cm',0,0),(60,2,'85.82 cm',0,0),(60,3,'90.87 cm',0,0),(60,4,'24.34 cm',0,0),(60,5,'79.75 cm',0,0),(61,6,'69.63 cm',0,0),(61,7,'61.79 cm',0,0),(61,8,'1920x1080',0,0),(62,6,'28.05 cm',0,0),(62,7,'7.29 cm',0,0),(62,8,'1920x1080',0,0),(63,1,'23.93 cm',0,0),(63,2,'26.16 cm',0,0),(63,3,'93.92 cm',0,0),(63,4,'18.48 cm',0,0),(63,5,'3.53 cm',0,0),(64,1,'15.62 cm',0,0),(64,2,'61.34 cm',0,0),(64,3,'7.27 cm',0,0),(64,4,'74.44 cm',0,0),(64,5,'64.23 cm',0,0),(65,1,'7.59 cm',0,0),(65,2,'35.68 cm',0,0),(65,3,'81.69 cm',0,0),(65,4,'81.41 cm',0,0),(65,5,'58.22 cm',0,0),(66,1,'86.12 cm',0,0),(66,2,'41.07 cm',0,0),(66,3,'88.68 cm',0,0),(66,4,'93.2 cm',0,0),(66,5,'26.79 cm',0,0),(67,6,'95.61 cm',0,0),(67,7,'20.1 cm',0,0),(67,8,'1920x1080',0,0),(68,1,'67.58 cm',0,0),(68,2,'96.91 cm',0,0),(68,3,'88.19 cm',0,0),(68,4,'87.51 cm',0,0),(68,5,'76.89 cm',0,0),(69,6,'8.61 cm',0,0),(69,7,'57.5 cm',0,0),(69,8,'2560x1440',0,0),(70,1,'72.54 cm',0,0),(70,2,'9.73 cm',0,0),(70,3,'25.98 cm',0,0),(70,4,'48.16 cm',0,0),(70,5,'16.38 cm',0,0),(71,6,'18.16 cm',0,0),(71,7,'11.47 cm',0,0),(71,8,'2560x1440',0,0),(72,1,'82.01 cm',0,0),(72,2,'28.59 cm',0,0),(72,3,'54.25 cm',0,0),(72,4,'84.59 cm',0,0),(72,5,'6.59 cm',0,0),(73,1,'51.68 cm',0,0),(73,2,'35.87 cm',0,0),(73,3,'2.07 cm',0,0),(73,4,'79.12 cm',0,0),(73,5,'43.2 cm',0,0),(74,1,'81.07 cm',0,0),(74,2,'57.76 cm',0,0),(74,3,'16.75 cm',0,0),(74,4,'67.38 cm',0,0),(74,5,'58.57 cm',0,0),(75,1,'44.54 cm',0,0),(75,2,'85.77 cm',0,0),(75,3,'24.24 cm',0,0),(75,4,'50.1 cm',0,0),(75,5,'98.49 cm',0,0);

--
-- Table structure for table `ec_product_specification_attribute_translations`
--

CREATE TABLE `ec_product_specification_attribute_translations` (
  `id` bigint unsigned NOT NULL AUTO_INCREMENT,
  `product_id` bigint unsigned NOT NULL,
  `attribute_id` bigint unsigned NOT NULL,
  `lang_code` varchar(20) COLLATE utf8mb4_unicode_ci NOT NULL,
  `value` text COLLATE utf8mb4_unicode_ci,
  `created_at` timestamp NULL DEFAULT NULL,
  `updated_at` timestamp NULL DEFAULT NULL,
  PRIMARY KEY (`id`),
  UNIQUE KEY `psat_unique` (`product_id`,`attribute_id`,`lang_code`),
  KEY `psat_product_attribute_index` (`product_id`,`attribute_id`),
  KEY `psat_product_id_index` (`product_id`),
  KEY `psat_attribute_id_index` (`attribute_id`)
) ENGINE=InnoDB DEFAULT CHARSET=utf8mb4 COLLATE=utf8mb4_unicode_ci;

--
-- Dumping data for table `ec_product_specification_attribute_translations`
--


--
-- Table structure for table `ec_product_tag_product`
--

CREATE TABLE `ec_product_tag_product` (
  `product_id` bigint unsigned NOT NULL,
  `tag_id` bigint unsigned NOT NULL,
  PRIMARY KEY (`product_id`,`tag_id`),
  KEY `ec_product_tag_product_product_id_index` (`product_id`),
  KEY `ec_product_tag_product_tag_id_index` (`tag_id`)
) ENGINE=InnoDB DEFAULT CHARSET=utf8mb4 COLLATE=utf8mb4_unicode_ci;

--
-- Dumping data for table `ec_product_tag_product`
--

INSERT INTO `ec_product_tag_product` VALUES (1,2),(1,4),(1,6),(2,5),(2,6),(3,2),(3,5),(4,5),(4,6),(5,3),(5,5),(6,1),(6,2),(6,4),(7,1),(7,4),(8,2),(8,5),(8,6),(9,3),(9,5),(10,1),(10,4),(10,5),(11,1),(11,2),(11,3),(12,1),(12,2),(13,2),(13,3),(13,6),(14,1),(14,2),(14,4),(15,2),(15,3),(15,4),(16,3),(16,4),(16,5),(17,3),(17,5),(17,6),(18,4),(19,1),(19,5),(20,2),(20,4),(20,6),(21,3),(21,6),(22,2),(22,4),(22,6),(23,2),(23,5),(24,2),(24,3),(24,4),(25,1),(25,4),(26,1),(26,2),(26,6),(27,1),(27,2),(27,6),(28,1),(28,3),(28,4),(29,2),(29,5),(30,2),(30,3),(30,5),(31,2),(31,5),(31,6),(32,1),(32,4),(32,5),(33,1),(33,2),(33,4),(34,2),(34,3),(35,2),(35,6),(36,2),(36,5),(37,3),(37,6),(38,1),(38,3),(38,4),(39,2),(39,3),(39,6),(40,3),(41,3),(41,6),(42,1),(42,3),(43,1),(43,2),(43,4),(44,4),(44,6),(45,2),(45,4),(46,1),(46,4),(46,6),(47,1),(47,3),(48,5),(48,6),(49,1),(49,3),(49,6),(50,1),(50,2),(50,5),(51,1),(51,2),(51,4),(52,2),(52,5),(53,2),(53,4),(53,5),(54,1),(54,6),(55,1),(55,3),(55,6),(56,1),(56,4),(57,3),(57,4),(58,4),(58,6),(59,2),(59,4),(59,6),(60,1),(61,2),(61,5),(61,6),(62,2),(62,4),(62,5),(63,3),(63,4),(63,5),(64,2),(64,3),(64,5),(65,1),(65,2),(65,6),(66,5),(66,6),(67,2),(67,4),(67,6),(68,2),(68,6),(69,1),(69,5),(69,6),(70,2),(70,6),(71,4),(71,5),(72,3),(72,4),(72,5),(73,1),(73,2),(73,3),(74,3),(74,5),(75,3),(75,5),(75,6);

--
-- Table structure for table `ec_product_tags`
--

CREATE TABLE `ec_product_tags` (
  `id` bigint unsigned NOT NULL AUTO_INCREMENT,
  `name` varchar(120) COLLATE utf8mb4_unicode_ci NOT NULL,
  `description` varchar(400) COLLATE utf8mb4_unicode_ci DEFAULT NULL,
  `status` varchar(60) COLLATE utf8mb4_unicode_ci NOT NULL DEFAULT 'published',
  `created_at` timestamp NULL DEFAULT NULL,
  `updated_at` timestamp NULL DEFAULT NULL,
  PRIMARY KEY (`id`)
) ENGINE=InnoDB AUTO_INCREMENT=7 DEFAULT CHARSET=utf8mb4 COLLATE=utf8mb4_unicode_ci;

--
-- Dumping data for table `ec_product_tags`
--

INSERT INTO `ec_product_tags` VALUES (1,'Electronic',NULL,'published','2025-11-18 21:22:42','2025-11-18 21:22:42'),(2,'Mobile',NULL,'published','2025-11-18 21:22:42','2025-11-18 21:22:42'),(3,'Iphone',NULL,'published','2025-11-18 21:22:42','2025-11-18 21:22:42'),(4,'Printer',NULL,'published','2025-11-18 21:22:42','2025-11-18 21:22:42'),(5,'Office',NULL,'published','2025-11-18 21:22:42','2025-11-18 21:22:42'),(6,'IT',NULL,'published','2025-11-18 21:22:42','2025-11-18 21:22:42');

--
-- Table structure for table `ec_product_tags_translations`
--

CREATE TABLE `ec_product_tags_translations` (
  `lang_code` varchar(191) COLLATE utf8mb4_unicode_ci NOT NULL,
  `ec_product_tags_id` bigint unsigned NOT NULL,
  `name` varchar(191) COLLATE utf8mb4_unicode_ci DEFAULT NULL,
  PRIMARY KEY (`lang_code`,`ec_product_tags_id`)
) ENGINE=InnoDB DEFAULT CHARSET=utf8mb4 COLLATE=utf8mb4_unicode_ci;

--
-- Dumping data for table `ec_product_tags_translations`
--


--
-- Table structure for table `ec_product_up_sale_relations`
--

CREATE TABLE `ec_product_up_sale_relations` (
  `from_product_id` bigint unsigned NOT NULL,
  `to_product_id` bigint unsigned NOT NULL,
  PRIMARY KEY (`from_product_id`,`to_product_id`),
  KEY `ec_product_up_sale_relations_from_product_id_index` (`from_product_id`),
  KEY `ec_product_up_sale_relations_to_product_id_index` (`to_product_id`)
) ENGINE=InnoDB DEFAULT CHARSET=utf8mb4 COLLATE=utf8mb4_unicode_ci;

--
-- Dumping data for table `ec_product_up_sale_relations`
--


--
-- Table structure for table `ec_product_variation_items`
--

CREATE TABLE `ec_product_variation_items` (
  `id` bigint unsigned NOT NULL AUTO_INCREMENT,
  `attribute_id` bigint unsigned NOT NULL,
  `variation_id` bigint unsigned NOT NULL,
  PRIMARY KEY (`id`),
  UNIQUE KEY `ec_product_variation_items_attribute_id_variation_id_unique` (`attribute_id`,`variation_id`),
  KEY `attribute_variation_index` (`attribute_id`,`variation_id`),
  KEY `idx_variation_id` (`variation_id`),
  KEY `idx_variation_attribute_covering` (`variation_id`,`attribute_id`),
  KEY `ec_product_variation_items_variation_id_attribute_id_index` (`variation_id`,`attribute_id`)
) ENGINE=InnoDB AUTO_INCREMENT=379 DEFAULT CHARSET=utf8mb4 COLLATE=utf8mb4_unicode_ci;

--
-- Dumping data for table `ec_product_variation_items`
--

INSERT INTO `ec_product_variation_items` VALUES (1,1,1),(3,1,2),(11,1,6),(25,1,13),(29,1,15),(47,1,24),(53,1,27),(77,1,39),(87,1,44),(91,1,46),(93,1,47),(95,1,48),(115,1,58),(123,1,62),(139,1,70),(169,1,85),(183,1,92),(187,1,94),(195,1,98),(211,1,106),(225,1,113),(227,1,114),(231,1,116),(235,1,118),(241,1,121),(245,1,123),(249,1,125),(259,1,130),(261,1,131),(265,1,133),(273,1,137),(283,1,142),(299,1,150),(301,1,151),(307,1,154),(311,1,156),(315,1,158),(329,1,165),(343,1,172),(359,1,180),(15,2,8),(27,2,14),(33,2,17),(45,2,23),(59,2,30),(63,2,32),(71,2,36),(73,2,37),(75,2,38),(81,2,41),(89,2,45),(103,2,52),(105,2,53),(113,2,57),(117,2,59),(129,2,65),(133,2,67),(145,2,73),(149,2,75),(151,2,76),(155,2,78),(157,2,79),(159,2,80),(167,2,84),(175,2,88),(191,2,96),(203,2,102),(209,2,105),(213,2,107),(219,2,110),(229,2,115),(239,2,120),(263,2,132),(277,2,139),(285,2,143),(287,2,144),(295,2,148),(297,2,149),(305,2,153),(309,2,155),(313,2,157),(325,2,163),(331,2,166),(347,2,174),(371,2,186),(373,2,187),(377,2,189),(5,3,3),(7,3,4),(9,3,5),(43,3,22),(67,3,34),(69,3,35),(107,3,54),(109,3,55),(121,3,61),(163,3,82),(171,3,86),(185,3,93),(215,3,108),(223,3,112),(243,3,122),(255,3,128),(267,3,134),(323,3,162),(327,3,164),(337,3,169),(17,4,9),(35,4,18),(37,4,19),(39,4,20),(41,4,21),(49,4,25),(51,4,26),(55,4,28),(85,4,43),(97,4,49),(99,4,50),(101,4,51),(119,4,60),(131,4,66),(137,4,69),(141,4,71),(165,4,83),(173,4,87),(177,4,89),(179,4,90),(199,4,100),(205,4,103),(217,4,109),(237,4,119),(253,4,127),(269,4,135),(271,4,136),(275,4,138),(291,4,146),(303,4,152),(341,4,171),(351,4,176),(357,4,179),(361,4,181),(363,4,182),(375,4,188),(13,5,7),(19,5,10),(21,5,11),(23,5,12),(31,5,16),(57,5,29),(61,5,31),(65,5,33),(79,5,40),(83,5,42),(111,5,56),(125,5,63),(127,5,64),(135,5,68),(143,5,72),(147,5,74),(153,5,77),(161,5,81),(181,5,91),(189,5,95),(193,5,97),(197,5,99),(201,5,101),(207,5,104),(221,5,111),(233,5,117),(247,5,124),(251,5,126),(257,5,129),(279,5,140),(281,5,141),(289,5,145),(293,5,147),(317,5,159),(319,5,160),(321,5,161),(333,5,167),(335,5,168),(339,5,170),(345,5,173),(349,5,175),(353,5,177),(355,5,178),(365,5,183),(367,5,184),(369,5,185),(20,6,10),(32,6,16),(36,6,18),(68,6,34),(76,6,38),(80,6,40),(84,6,42),(88,6,44),(104,6,52),(112,6,56),(122,6,61),(140,6,70),(160,6,80),(162,6,81),(170,6,85),(172,6,86),(190,6,95),(196,6,98),(200,6,100),(210,6,105),(220,6,110),(320,6,160),(326,6,163),(336,6,168),(342,6,171),(344,6,172),(8,7,4),(16,7,8),(22,7,11),(26,7,13),(34,7,17),(44,7,22),(50,7,25),(54,7,27),(90,7,45),(92,7,46),(96,7,48),(98,7,49),(100,7,50),(106,7,53),(110,7,55),(116,7,58),(124,7,62),(128,7,64),(142,7,71),(188,7,94),(198,7,99),(212,7,106),(216,7,108),(218,7,109),(236,7,118),(256,7,128),(258,7,129),(260,7,130),(264,7,132),(272,7,136),(282,7,141),(288,7,144),(290,7,145),(296,7,148),(298,7,149),(306,7,153),(310,7,155),(348,7,174),(350,7,175),(2,8,1),(4,8,2),(6,8,3),(10,8,5),(40,8,20),(42,8,21),(46,8,23),(48,8,24),(52,8,26),(56,8,28),(58,8,29),(62,8,31),(70,8,35),(72,8,36),(74,8,37),(102,8,51),(120,8,60),(134,8,67),(146,8,73),(150,8,75),(154,8,77),(158,8,79),(176,8,88),(182,8,91),(186,8,93),(192,8,96),(194,8,97),(202,8,101),(206,8,103),(226,8,113),(228,8,114),(230,8,115),(238,8,119),(240,8,120),(246,8,123),(248,8,124),(250,8,125),(252,8,126),(262,8,131),(266,8,133),(284,8,142),(286,8,143),(294,8,147),(302,8,151),(312,8,156),(316,8,158),(330,8,165),(340,8,170),(362,8,181),(364,8,182),(368,8,184),(372,8,186),(378,8,189),(14,9,7),(18,9,9),(66,9,33),(78,9,39),(86,9,43),(94,9,47),(108,9,54),(118,9,59),(130,9,65),(136,9,68),(148,9,74),(156,9,78),(164,9,82),(174,9,87),(180,9,90),(184,9,92),(204,9,102),(214,9,107),(222,9,111),(224,9,112),(232,9,116),(234,9,117),(244,9,122),(270,9,135),(274,9,137),(276,9,138),(278,9,139),(280,9,140),(300,9,150),(304,9,152),(322,9,161),(332,9,166),(338,9,169),(352,9,176),(356,9,178),(358,9,179),(370,9,185),(374,9,187),(12,10,6),(24,10,12),(28,10,14),(30,10,15),(38,10,19),(60,10,30),(64,10,32),(82,10,41),(114,10,57),(126,10,63),(132,10,66),(138,10,69),(144,10,72),(152,10,76),(166,10,83),(168,10,84),(178,10,89),(208,10,104),(242,10,121),(254,10,127),(268,10,134),(292,10,146),(308,10,154),(314,10,157),(318,10,159),(324,10,162),(328,10,164),(334,10,167),(346,10,173),(354,10,177),(360,10,180),(366,10,183),(376,10,188);

--
